(4359,16491,0,1615,6,0,-92,'2013-08-11 22:08:33','2013-08-11 22:08:33'),(4360,16492,0,1615,6,0,-92,'2013-08-11 22:08:33','2013-08-11 22:08:33'),(4361,16494,0,1616,3,0,-1,'2013-08-11 23:11:18','2013-08-11 23:11:18'),(4362,16494,0,1616,6,0,-92,'2013-08-11 23:11:20','2013-08-11 23:11:20'),(4363,16495,0,1617,3,0,-1,'2013-08-11 23:18:19','2013-08-11 23:18:19'),(4364,16495,0,1617,6,0,-92,'2013-08-11 23:18:21','2013-08-11 23:18:21'),(4365,16508,0,1618,3,0,-1,'2013-08-12 15:23:02','2013-08-12 15:23:02'),(4366,16508,0,1618,6,0,-92,'2013-08-12 15:23:04','2013-08-12 15:23:04'),(4367,16512,0,1619,3,0,-1,'2013-08-12 22:31:00','2013-08-12 22:31:00'),(4368,16512,0,1619,6,0,-92,'2013-08-12 22:31:03','2013-08-12 22:31:03'),(4369,16517,0,1620,3,0,-1,'2013-08-13 12:10:03','2013-08-13 12:10:03'),(4370,15,0,1620,3,0,-1,'2013-08-13 12:10:04','2013-08-13 12:10:04'),(4371,12,0,1620,3,0,-1,'2013-08-13 12:10:04','2013-08-13 12:10:04'),(4372,16517,0,1620,6,0,-95,'2013-08-13 12:10:06','2013-08-13 12:10:06'),(4373,16522,0,1621,3,0,-1,'2013-08-13 18:56:41','2013-08-13 18:56:41'),(4374,16522,0,1621,6,0,-92,'2013-08-13 18:56:43','2013-08-13 18:56:43'),(4375,16528,0,1622,3,0,-1,'2013-08-14 12:01:28','2013-08-14 12:01:28'),(4376,16528,0,1622,6,0,-92,'2013-08-14 12:01:32','2013-08-14 12:01:32'),(4377,16542,0,1623,3,0,-1,'2013-08-15 11:11:59','2013-08-15 11:11:59'),(4378,12,0,1623,3,0,-1,'2013-08-15 11:11:59','2013-08-15 11:11:59'),(4379,16542,0,1623,6,0,-95,'2013-08-15 11:12:02','2013-08-15 11:12:02'),(4380,16565,0,1624,3,0,-1,'2013-08-18 07:06:29','2013-08-18 07:06:29'),(4381,16565,0,1624,6,0,-92,'2013-08-18 07:06:32','2013-08-18 07:06:32'),(4382,16573,0,1625,3,0,-1,'2013-08-18 14:36:52','2013-08-18 14:36:52'),(4383,16574,0,1625,3,0,-1,'2013-08-18 14:36:52','2013-08-18 14:36:52'),(4384,16573,0,1625,6,0,-92,'2013-08-18 14:36:54','2013-08-18 14:36:54'),(4385,16574,0,1625,6,0,-92,'2013-08-18 14:36:54','2013-08-18 14:36:54'),(4386,16585,0,1626,3,0,-1,'2013-08-20 14:35:37','2013-08-20 14:35:37'),(4387,15,0,1626,3,0,-1,'2013-08-20 14:35:37','2013-08-20 14:35:37'),(4388,16591,0,1627,3,0,-1,'2013-08-20 17:16:27','2013-08-20 17:16:27'),(4389,16591,0,1627,6,0,-92,'2013-08-20 17:16:29','2013-08-20 17:16:29'),(4390,16600,0,1628,3,0,-1,'2013-08-21 15:14:33','2013-08-21 15:14:33'),(4391,16600,0,1628,6,0,-92,'2013-08-21 15:14:36','2013-08-21 15:14:36'),(4392,16606,0,1629,3,0,-1,'2013-08-22 09:35:07','2013-08-22 09:35:07'),(4393,16606,0,1629,6,0,-92,'2013-08-22 09:35:10','2013-08-22 09:35:10'),(4394,16616,0,1630,3,0,-1,'2013-08-23 11:18:21','2013-08-23 11:18:21'),(4395,16616,0,1630,6,0,-92,'2013-08-23 11:18:23','2013-08-23 11:18:23'),(4396,16619,0,1631,3,0,-1,'2013-08-23 16:09:53','2013-08-23 16:09:53'),(4397,16619,0,1631,6,0,-92,'2013-08-23 16:09:55','2013-08-23 16:09:55'),(4398,16629,0,1632,3,0,-1,'2013-08-24 19:14:57','2013-08-24 19:14:57'),(4399,16630,0,1632,3,0,-1,'2013-08-24 19:14:57','2013-08-24 19:14:57'),(4400,16629,0,1632,6,0,-92,'2013-08-24 19:15:00','2013-08-24 19:15:00'),(4401,16630,0,1632,6,0,-92,'2013-08-24 19:15:00','2013-08-24 19:15:00'),(4402,16644,0,1633,3,0,-1,'2013-08-25 21:55:49','2013-08-25 21:55:49'),(4403,16645,0,1633,3,0,-1,'2013-08-25 21:55:50','2013-08-25 21:55:50'),(4404,14,0,1633,3,0,-2,'2013-08-25 21:55:50','2013-08-25 21:55:50'),(4405,16644,0,1633,6,0,-92,'2013-08-25 21:55:52','2013-08-25 21:55:52'),(4406,16645,0,1633,6,0,-92,'2013-08-25 21:55:52','2013-08-25 21:55:52'),(4407,16648,0,1634,3,0,-1,'2013-08-25 23:13:30','2013-08-25 23:13:30'),(4408,16648,0,1634,6,0,-92,'2013-08-25 23:13:32','2013-08-25 23:13:32'),(4409,16650,0,1635,3,0,-1,'2013-08-26 01:45:07','2013-08-26 01:45:07'),(4410,15,0,1635,3,0,-1,'2013-08-26 01:45:07','2013-08-26 01:45:07'),(4411,16650,0,1635,6,0,-92,'2013-08-26 01:45:10','2013-08-26 01:45:10'),(4412,16654,0,1636,3,0,-1,'2013-08-26 15:27:30','2013-08-26 15:27:30'),(4413,16654,0,1636,6,0,-92,'2013-08-26 15:27:32','2013-08-26 15:27:32'),(4414,16657,0,1637,3,0,-1,'2013-08-26 21:28:59','2013-08-26 21:28:59'),(4415,16657,0,1637,6,0,-92,'2013-08-26 21:29:01','2013-08-26 21:29:01'),(4416,16660,0,1638,3,0,-1,'2013-08-26 23:28:43','2013-08-26 23:28:43'),(4417,16660,0,1638,6,0,-92,'2013-08-26 23:28:46','2013-08-26 23:28:46'),(4418,16661,0,1639,3,0,-1,'2013-08-27 01:20:01','2013-08-27 01:20:01'),(4419,16661,0,1639,6,0,-92,'2013-08-27 01:20:03','2013-08-27 01:20:03'),(4420,16680,0,1640,3,0,-1,'2013-08-28 03:37:29','2013-08-28 03:37:29'),(4421,16680,0,1640,6,0,-92,'2013-08-28 03:37:31','2013-08-28 03:37:31'),(4422,16689,0,1641,3,0,-1,'2013-08-28 18:22:05','2013-08-28 18:22:05'),(4423,16689,0,1641,6,0,-100,'2013-08-28 18:22:07','2013-08-28 18:22:07'),(4424,16690,0,1642,3,0,-1,'2013-08-28 19:58:03','2013-08-28 19:58:03'),(4425,16691,0,1642,3,0,-1,'2013-08-28 19:58:03','2013-08-28 19:58:03'),(4426,16690,0,1642,6,0,-92,'2013-08-28 19:58:05','2013-08-28 19:58:05'),(4427,16691,0,1642,6,0,-92,'2013-08-28 19:58:05','2013-08-28 19:58:05'),(4428,16726,0,1643,3,0,-1,'2013-08-31 19:05:34','2013-08-31 19:05:34'),(4429,16727,0,1643,3,0,-1,'2013-08-31 19:05:34','2013-08-31 19:05:34'),(4430,16726,0,1643,6,0,-92,'2013-08-31 19:05:36','2013-08-31 19:05:36'),(4431,16727,0,1643,6,0,-92,'2013-08-31 19:05:36','2013-08-31 19:05:36'),(4432,16731,0,1644,3,0,-1,'2013-08-31 22:19:00','2013-08-31 22:19:00'),(4433,14,0,1644,3,0,-2,'2013-08-31 22:19:00','2013-08-31 22:19:00'),(4434,16731,0,1644,6,0,-92,'2013-08-31 22:19:04','2013-08-31 22:19:04'),(4435,16734,0,1645,3,0,-1,'2013-09-01 00:31:38','2013-09-01 00:31:38'),(4436,16734,0,1645,6,0,-92,'2013-09-01 00:31:40','2013-09-01 00:31:40'),(4437,16735,0,1646,3,0,-1,'2013-09-01 00:37:49','2013-09-01 00:37:49'),(4438,16735,0,1646,6,0,-92,'2013-09-01 00:37:51','2013-09-01 00:37:51'),(4439,16754,0,1647,3,0,-1,'2013-09-02 21:49:18','2013-09-02 21:49:18'),(4440,16754,0,1647,6,0,-92,'2013-09-02 21:49:21','2013-09-02 21:49:21'),(4441,16759,0,1648,3,0,-1,'2013-09-03 09:50:03','2013-09-03 09:50:03'),(4442,16759,0,1648,6,0,-92,'2013-09-03 09:50:05','2013-09-03 09:50:05'),(4443,16768,0,1649,3,0,-1,'2013-09-04 15:18:40','2013-09-04 15:18:40'),(4444,16769,0,1649,3,0,-1,'2013-09-04 15:18:40','2013-09-04 15:18:40'),(4445,16768,0,1649,6,0,-92,'2013-09-04 15:18:42','2013-09-04 15:18:42'),(4446,16769,0,1649,6,0,-92,'2013-09-04 15:18:42','2013-09-04 15:18:42'),(4447,16770,0,1650,3,0,-1,'2013-09-04 16:10:53','2013-09-04 16:10:53'),(4448,16771,0,1650,3,0,-1,'2013-09-04 16:10:53','2013-09-04 16:10:53'),(4449,16770,0,1650,6,0,-92,'2013-09-04 16:10:55','2013-09-04 16:10:55'),(4450,16771,0,1650,6,0,-92,'2013-09-04 16:10:55','2013-09-04 16:10:55'),(4451,16773,0,1651,3,0,-1,'2013-09-04 22:08:51','2013-09-04 22:08:51'),(4452,16778,0,1652,3,0,-1,'2013-09-05 14:09:35','2013-09-05 14:09:35'),(4453,16778,0,1652,6,0,-92,'2013-09-05 14:09:37','2013-09-05 14:09:37'),(4454,16782,0,1653,3,0,-1,'2013-09-06 04:50:26','2013-09-06 04:50:26'),(4455,16782,0,1653,6,0,-92,'2013-09-06 04:50:28','2013-09-06 04:50:28'),(4456,16785,0,1654,3,0,-1,'2013-09-06 12:09:42','2013-09-06 12:09:42'),(4457,16785,0,1654,6,0,-92,'2013-09-06 12:09:45','2013-09-06 12:09:45'),(4458,16802,0,1655,3,0,-1,'2013-09-08 00:20:06','2013-09-08 00:20:06'),(4459,16803,0,1655,3,0,-1,'2013-09-08 00:20:06','2013-09-08 00:20:06'),(4460,16802,0,1655,6,0,-92,'2013-09-08 00:20:17','2013-09-08 00:20:17'),(4461,16803,0,1655,6,0,-92,'2013-09-08 00:20:17','2013-09-08 00:20:17'),(4462,16843,0,1656,3,0,-1,'2013-09-12 11:40:49','2013-09-12 11:40:49'),(4463,16843,0,1656,6,0,-92,'2013-09-12 11:40:51','2013-09-12 11:40:51'),(4464,16848,0,1657,3,0,-1,'2013-09-12 18:09:05','2013-09-12 18:09:05'),(4465,16848,0,1657,6,0,-92,'2013-09-12 18:09:07','2013-09-12 18:09:07'),(4466,16860,0,1658,3,0,-1,'2013-09-13 21:50:23','2013-09-13 21:50:23'),(4467,14,0,1658,3,0,-2,'2013-09-13 21:50:23','2013-09-13 21:50:23'),(4468,16860,0,1658,6,0,-92,'2013-09-13 21:50:25','2013-09-13 21:50:25'),(4469,16861,0,1659,3,0,-1,'2013-09-13 21:57:48','2013-09-13 21:57:48'),(4470,14,0,1659,3,0,-2,'2013-09-13 21:57:48','2013-09-13 21:57:48'),(4471,16861,0,1659,6,0,-92,'2013-09-13 21:57:50','2013-09-13 21:57:50'),(4472,16868,0,1660,3,0,-1,'2013-09-15 13:31:56','2013-09-15 13:31:56'),(4473,12,0,1660,3,0,-1,'2013-09-15 13:31:56','2013-09-15 13:31:56'),(4474,16868,0,1660,6,0,-95,'2013-09-15 13:31:59','2013-09-15 13:31:59'),(4475,16881,0,1661,3,0,-1,'2013-09-16 05:29:24','2013-09-16 05:29:24'),(4476,14,0,1661,3,0,-1,'2013-09-16 05:29:24','2013-09-16 05:29:24'),(4477,16881,0,1661,6,0,-92,'2013-09-16 05:29:27','2013-09-16 05:29:27'),(4478,16890,0,1662,3,0,-1,'2013-09-16 13:44:47','2013-09-16 13:44:47'),(4479,16890,0,1662,6,0,-92,'2013-09-16 13:44:50','2013-09-16 13:44:50'),(4480,16894,0,1663,3,0,-1,'2013-09-16 16:55:29','2013-09-16 16:55:29'),(4481,16894,0,1663,6,0,-92,'2013-09-16 16:55:31','2013-09-16 16:55:31'),(4482,16896,0,1664,3,0,-1,'2013-09-16 17:07:15','2013-09-16 17:07:15'),(4483,16896,0,1664,6,0,-92,'2013-09-16 17:07:17','2013-09-16 17:07:17'),(4484,16900,0,1665,3,0,-1,'2013-09-17 10:47:47','2013-09-17 10:47:47'),(4485,16919,0,1666,3,0,-1,'2013-09-19 19:40:26','2013-09-19 19:40:26'),(4486,16919,0,1666,6,0,-92,'2013-09-19 19:40:28','2013-09-19 19:40:28'),(4487,16941,0,1667,3,0,-1,'2013-09-24 20:48:17','2013-09-24 20:48:17'),(4488,16941,0,1667,6,0,-92,'2013-09-24 20:48:20','2013-09-24 20:48:20'),(4489,16945,0,1668,3,0,-1,'2013-09-25 15:36:08','2013-09-25 15:36:08'),(4490,16945,0,1668,6,0,-92,'2013-09-25 15:36:10','2013-09-25 15:36:10'),(4491,16947,0,1669,3,0,-1,'2013-09-25 15:46:10','2013-09-25 15:46:10'),(4492,16947,0,1669,6,0,-92,'2013-09-25 15:46:12','2013-09-25 15:46:12'),(4493,16948,0,1670,3,0,-1,'2013-09-25 15:54:04','2013-09-25 15:54:04'),(4494,16948,0,1670,6,0,-92,'2013-09-25 15:54:06','2013-09-25 15:54:06'),(4495,16954,0,1671,3,0,-1,'2013-09-25 18:39:33','2013-09-25 18:39:33'),(4496,16954,0,1671,6,0,-92,'2013-09-25 18:39:36','2013-09-25 18:39:36'),(4497,16963,0,1672,3,0,-1,'2013-09-26 17:12:30','2013-09-26 17:12:30'),(4498,16963,0,1672,6,0,-92,'2013-09-26 17:12:32','2013-09-26 17:12:32'),(4499,16971,0,1673,3,0,-1,'2013-09-27 03:25:45','2013-09-27 03:25:45'),(4500,16971,0,1673,6,0,-92,'2013-09-27 03:25:47','2013-09-27 03:25:47'),(4501,16975,0,1674,3,0,-1,'2013-09-27 18:13:59','2013-09-27 18:13:59'),(4502,16975,0,1674,6,0,-92,'2013-09-27 18:14:01','2013-09-27 18:14:01'),(4503,17008,0,1675,3,0,-1,'2013-09-30 17:44:30','2013-09-30 17:44:30'),(4504,14,0,1675,3,0,-2,'2013-09-30 17:44:30','2013-09-30 17:44:30'),(4505,17008,0,1675,6,0,-92,'2013-09-30 17:44:33','2013-09-30 17:44:33'),(4506,17046,0,1676,3,0,-1,'2013-10-04 05:33:24','2013-10-04 05:33:24'),(4507,17046,0,1676,6,0,-92,'2013-10-04 05:33:26','2013-10-04 05:33:26'),(4508,17061,0,1677,3,0,-1,'2013-10-05 08:37:05','2013-10-05 08:37:05'),(4509,17061,0,1677,6,0,-92,'2013-10-05 08:37:07','2013-10-05 08:37:07'),(4510,17063,0,1678,3,0,-1,'2013-10-05 09:14:26','2013-10-05 09:14:26'),(4511,14,0,1678,3,0,-1,'2013-10-05 09:14:26','2013-10-05 09:14:26'),(4512,17063,0,1678,6,0,-92,'2013-10-05 09:14:28','2013-10-05 09:14:28'),(4513,17084,0,1679,3,0,-1,'2013-10-06 16:20:52','2013-10-06 16:20:52'),(4514,17084,0,1679,6,0,-92,'2013-10-06 16:20:54','2013-10-06 16:20:54'),(4515,17093,0,1680,3,0,-1,'2013-10-06 17:22:56','2013-10-06 17:22:56'),(4516,17094,0,1680,3,0,-1,'2013-10-06 17:22:56','2013-10-06 17:22:56'),(4517,14,0,1680,3,0,-4,'2013-10-06 17:22:57','2013-10-06 17:22:57'),(4518,17093,0,1680,6,0,-92,'2013-10-06 17:22:59','2013-10-06 17:22:59'),(4519,17094,0,1680,6,0,-92,'2013-10-06 17:22:59','2013-10-06 17:22:59'),(4520,17096,0,1681,3,0,-1,'2013-10-06 19:41:37','2013-10-06 19:41:37'),(4521,17097,0,1681,3,0,-1,'2013-10-06 19:41:37','2013-10-06 19:41:37'),(4522,17096,0,1681,6,0,-92,'2013-10-06 19:41:40','2013-10-06 19:41:40'),(4523,17097,0,1681,6,0,-92,'2013-10-06 19:41:40','2013-10-06 19:41:40'),(4524,17114,0,1682,3,0,-1,'2013-10-08 08:32:13','2013-10-08 08:32:13'),(4525,17114,0,1682,6,0,-92,'2013-10-08 08:32:15','2013-10-08 08:32:15'),(4526,17119,0,1683,3,0,-1,'2013-10-08 12:04:32','2013-10-08 12:04:32'),(4527,17119,0,1683,6,0,-92,'2013-10-08 12:04:34','2013-10-08 12:04:34'),(4528,17133,0,1684,3,0,-1,'2013-10-09 15:59:53','2013-10-09 15:59:53'),(4529,17151,0,1685,3,0,-1,'2013-10-10 14:50:17','2013-10-10 14:50:17'),(4530,17151,0,1685,6,0,-92,'2013-10-10 14:50:20','2013-10-10 14:50:20'),(4531,17163,0,1686,3,0,-1,'2013-10-11 08:32:03','2013-10-11 08:32:03'),(4532,14,0,1686,3,0,-7,'2013-10-11 08:32:03','2013-10-11 08:32:03'),(4533,17163,0,1686,6,0,-92,'2013-10-11 08:32:06','2013-10-11 08:32:06'),(4534,17164,0,1687,3,0,-1,'2013-10-11 08:45:34','2013-10-11 08:45:34'),(4535,14,0,1687,3,0,-7,'2013-10-11 08:45:34','2013-10-11 08:45:34'),(4536,17164,0,1687,6,0,-92,'2013-10-11 08:45:37','2013-10-11 08:45:37'),(4537,17177,0,1688,3,0,-1,'2013-10-12 13:56:22','2013-10-12 13:56:22'),(4538,17177,0,1688,6,0,-92,'2013-10-12 13:56:24','2013-10-12 13:56:24'),(4539,17179,0,1689,3,0,-1,'2013-10-12 19:15:44','2013-10-12 19:15:44'),(4540,14,0,1689,3,0,-1,'2013-10-12 19:15:44','2013-10-12 19:15:44'),(4541,17179,0,1689,6,0,-92,'2013-10-12 19:15:47','2013-10-12 19:15:47'),(4542,17197,0,1690,3,0,-1,'2013-10-14 10:43:01','2013-10-14 10:43:01'),(4543,17197,0,1690,6,0,-92,'2013-10-14 10:43:04','2013-10-14 10:43:04'),(4544,17202,0,1691,3,0,-1,'2013-10-14 14:43:26','2013-10-14 14:43:26'),(4545,17202,0,1691,6,0,-92,'2013-10-14 14:43:29','2013-10-14 14:43:29'),(4546,17204,0,1692,3,0,-1,'2013-10-14 16:15:23','2013-10-14 16:15:23'),(4547,17204,0,1692,6,0,-92,'2013-10-14 16:15:25','2013-10-14 16:15:25'),(4548,17212,0,1693,3,0,-1,'2013-10-14 19:17:30','2013-10-14 19:17:30'),(4549,16,0,1693,3,0,-1,'2013-10-14 19:17:30','2013-10-14 19:17:30'),(4550,17212,0,1693,6,0,-92,'2013-10-14 19:17:33','2013-10-14 19:17:33'),(4551,17217,0,1694,3,0,-1,'2013-10-15 12:03:10','2013-10-15 12:03:10'),(4552,17217,0,1694,6,0,-92,'2013-10-15 12:03:13','2013-10-15 12:03:13'),(4553,17223,0,1695,3,0,-1,'2013-10-15 18:47:13','2013-10-15 18:47:13'),(4554,17223,0,1695,6,0,-92,'2013-10-15 18:47:15','2013-10-15 18:47:15'),(4555,17231,0,1696,3,0,-1,'2013-10-15 19:49:08','2013-10-15 19:49:08'),(4556,17231,0,1696,6,0,-92,'2013-10-15 19:49:10','2013-10-15 19:49:10'),(4557,17245,0,1697,3,0,-1,'2013-10-16 16:33:22','2013-10-16 16:33:22'),(4558,17245,0,1697,6,0,-92,'2013-10-16 16:33:24','2013-10-16 16:33:24'),(4559,17249,0,1698,3,0,-1,'2013-10-17 12:42:21','2013-10-17 12:42:21'),(4560,17250,0,1698,3,0,-1,'2013-10-17 12:42:21','2013-10-17 12:42:21'),(4561,17249,0,1698,6,0,-92,'2013-10-17 12:42:23','2013-10-17 12:42:23'),(4562,17250,0,1698,6,0,-92,'2013-10-17 12:42:23','2013-10-17 12:42:23'),(4563,17269,0,1699,3,0,-1,'2013-10-18 22:08:34','2013-10-18 22:08:34'),(4564,17269,0,1699,6,0,-92,'2013-10-18 22:08:37','2013-10-18 22:08:37'),(4565,17280,0,1700,3,0,-1,'2013-10-19 19:24:17','2013-10-19 19:24:17'),(4566,17280,0,1700,6,0,-92,'2013-10-19 19:24:19','2013-10-19 19:24:19'),(4567,17282,0,1701,3,0,-1,'2013-10-19 23:38:42','2013-10-19 23:38:42'),(4568,17282,0,1701,6,0,-92,'2013-10-19 23:38:44','2013-10-19 23:38:44'),(4569,17292,0,1702,3,0,-1,'2013-10-20 13:26:37','2013-10-20 13:26:37'),(4570,17292,0,1702,6,0,-92,'2013-10-20 13:26:39','2013-10-20 13:26:39'),(4571,17302,0,1703,3,0,-1,'2013-10-20 22:50:01','2013-10-20 22:50:01'),(4572,17302,0,1703,6,0,-92,'2013-10-20 22:50:03','2013-10-20 22:50:03'),(4573,17310,0,1704,3,0,-1,'2013-10-21 11:43:44','2013-10-21 11:43:44'),(4574,17311,0,1704,3,0,-1,'2013-10-21 11:43:44','2013-10-21 11:43:44'),(4575,14,0,1704,3,0,-4,'2013-10-21 11:43:44','2013-10-21 11:43:44'),(4576,17310,0,1704,6,0,-92,'2013-10-21 11:43:47','2013-10-21 11:43:47'),(4577,17311,0,1704,6,0,-92,'2013-10-21 11:43:47','2013-10-21 11:43:47'),(4578,17317,0,1705,3,0,-1,'2013-10-21 15:15:43','2013-10-21 15:15:43'),(4579,17318,0,1705,3,0,-1,'2013-10-21 15:15:43','2013-10-21 15:15:43'),(4580,17317,0,1705,6,0,-92,'2013-10-21 15:15:45','2013-10-21 15:15:45'),(4581,17318,0,1705,6,0,-92,'2013-10-21 15:15:45','2013-10-21 15:15:45'),(4582,17331,0,1706,3,0,-1,'2013-10-21 22:07:11','2013-10-21 22:07:11'),(4583,17339,0,1707,3,0,-1,'2013-10-22 13:32:20','2013-10-22 13:32:20'),(4584,17340,0,1707,3,0,-1,'2013-10-22 13:32:20','2013-10-22 13:32:20'),(4585,12,0,1707,3,0,-2,'2013-10-22 13:32:20','2013-10-22 13:32:20'),(4586,17339,0,1707,6,0,-95,'2013-10-22 13:32:23','2013-10-22 13:32:23'),(4587,17340,0,1707,6,0,-95,'2013-10-22 13:32:23','2013-10-22 13:32:23'),(4588,17377,0,1708,3,0,-1,'2013-10-25 09:24:48','2013-10-25 09:24:48'),(4589,17378,0,1708,3,0,-1,'2013-10-25 09:24:48','2013-10-25 09:24:48'),(4590,17377,0,1708,6,0,-92,'2013-10-25 09:24:50','2013-10-25 09:24:50'),(4591,17378,0,1708,6,0,-92,'2013-10-25 09:24:50','2013-10-25 09:24:50'),(4592,17404,0,1709,3,0,-1,'2013-10-27 15:35:14','2013-10-27 15:35:14'),(4593,14,0,1709,3,0,-2,'2013-10-27 15:35:14','2013-10-27 15:35:14'),(4594,17404,0,1709,6,0,-92,'2013-10-27 15:35:16','2013-10-27 15:35:16'),(4595,17407,0,1710,3,0,-1,'2013-10-27 18:56:42','2013-10-27 18:56:42'),(4596,17407,0,1710,6,0,-92,'2013-10-27 18:56:44','2013-10-27 18:56:44'),(4597,17410,0,1711,3,0,-1,'2013-10-27 21:17:07','2013-10-27 21:17:07'),(4598,17410,0,1711,6,0,-92,'2013-10-27 21:17:09','2013-10-27 21:17:09'),(4599,17415,0,1712,3,0,-1,'2013-10-28 15:41:14','2013-10-28 15:41:14'),(4600,17415,0,1712,6,0,-92,'2013-10-28 15:41:16','2013-10-28 15:41:16'),(4601,17431,0,1713,3,0,-1,'2013-10-29 14:28:34','2013-10-29 14:28:34'),(4602,17432,0,1713,3,0,-1,'2013-10-29 14:28:34','2013-10-29 14:28:34'),(4603,17431,0,1713,6,0,-92,'2013-10-29 14:28:36','2013-10-29 14:28:36'),(4604,17432,0,1713,6,0,-92,'2013-10-29 14:28:36','2013-10-29 14:28:36'),(4605,17439,0,1714,3,0,-1,'2013-10-30 08:23:28','2013-10-30 08:23:28'),(4606,17439,0,1714,6,0,-92,'2013-10-30 08:23:30','2013-10-30 08:23:30'),(4607,17448,0,1715,3,0,-1,'2013-10-30 22:54:02','2013-10-30 22:54:02'),(4608,17448,0,1715,6,0,-92,'2013-10-30 22:54:04','2013-10-30 22:54:04'),(4609,17464,0,1716,3,0,-1,'2013-11-02 03:47:53','2013-11-02 03:47:53'),(4610,17464,0,1716,6,0,-92,'2013-11-02 03:47:58','2013-11-02 03:47:58'),(4611,17467,0,1717,3,0,-1,'2013-11-02 10:24:05','2013-11-02 10:24:05'),(4612,17467,0,1717,6,0,-92,'2013-11-02 10:24:08','2013-11-02 10:24:08'),(4613,17477,0,1718,3,0,-1,'2013-11-03 09:37:25','2013-11-03 09:37:25'),(4614,17477,0,1718,6,0,-92,'2013-11-03 09:37:27','2013-11-03 09:37:27'),(4615,17486,0,1719,3,0,-1,'2013-11-04 00:24:00','2013-11-04 00:24:00'),(4616,17487,0,1719,3,0,-1,'2013-11-04 00:24:00','2013-11-04 00:24:00'),(4617,17486,0,1719,6,0,-92,'2013-11-04 00:24:02','2013-11-04 00:24:02'),(4618,17487,0,1719,6,0,-92,'2013-11-04 00:24:02','2013-11-04 00:24:02'),(4619,17507,0,1720,3,0,-1,'2013-11-04 15:07:26','2013-11-04 15:07:26'),(4620,17507,0,1720,6,0,-92,'2013-11-04 15:07:29','2013-11-04 15:07:29'),(4621,17519,0,1721,3,0,-1,'2013-11-05 09:45:12','2013-11-05 09:45:12'),(4622,17520,0,1721,3,0,-1,'2013-11-05 09:45:12','2013-11-05 09:45:12'),(4623,17519,0,1721,6,0,-92,'2013-11-05 09:45:14','2013-11-05 09:45:14'),(4624,17520,0,1721,6,0,-92,'2013-11-05 09:45:15','2013-11-05 09:45:15'),(4625,17524,0,1722,3,0,-1,'2013-11-05 12:47:31','2013-11-05 12:47:31'),(4626,17524,0,1722,6,0,-92,'2013-11-05 12:47:33','2013-11-05 12:47:33'),(4627,17526,0,1723,3,0,-1,'2013-11-05 19:12:17','2013-11-05 19:12:17'),(4628,17526,0,1723,6,0,-92,'2013-11-05 19:12:19','2013-11-05 19:12:19'),(4629,17532,0,1724,3,0,-1,'2013-11-05 22:25:03','2013-11-05 22:25:03'),(4630,17533,0,1724,3,0,-1,'2013-11-05 22:25:04','2013-11-05 22:25:04'),(4631,17537,0,1725,3,0,-1,'2013-11-06 09:15:11','2013-11-06 09:15:11'),(4632,17537,0,1725,6,0,-92,'2013-11-06 09:15:13','2013-11-06 09:15:13'),(4633,17539,0,1726,3,0,-1,'2013-11-06 10:06:38','2013-11-06 10:06:38'),(4634,17539,0,1726,6,0,-92,'2013-11-06 10:06:40','2013-11-06 10:06:40'),(4635,17542,0,1727,3,0,-1,'2013-11-06 10:26:18','2013-11-06 10:26:18'),(4636,17542,0,1727,6,0,-92,'2013-11-06 10:26:20','2013-11-06 10:26:20'),(4637,17559,0,1728,3,0,-1,'2013-11-07 01:12:57','2013-11-07 01:12:57'),(4638,17559,0,1728,6,0,-92,'2013-11-07 01:12:59','2013-11-07 01:12:59'),(4639,17572,0,1729,3,0,-1,'2013-11-08 22:20:07','2013-11-08 22:20:07'),(4640,17573,0,1729,3,0,-1,'2013-11-08 22:20:07','2013-11-08 22:20:07'),(4641,17572,0,1729,6,0,-92,'2013-11-08 22:20:09','2013-11-08 22:20:09'),(4642,17573,0,1729,6,0,-92,'2013-11-08 22:20:09','2013-11-08 22:20:09'),(4643,17579,0,1730,3,0,-1,'2013-11-09 15:53:57','2013-11-09 15:53:57'),(4644,17580,0,1730,3,0,-1,'2013-11-09 15:53:57','2013-11-09 15:53:57'),(4645,15,0,1730,3,0,-1,'2013-11-09 15:53:57','2013-11-09 15:53:57'),(4646,17579,0,1730,6,0,-92,'2013-11-09 15:54:00','2013-11-09 15:54:00'),(4647,17580,0,1730,6,0,-92,'2013-11-09 15:54:00','2013-11-09 15:54:00'),(4648,17593,0,1731,3,0,-1,'2013-11-10 13:56:28','2013-11-10 13:56:28'),(4649,17593,0,1731,6,0,-92,'2013-11-10 13:56:30','2013-11-10 13:56:30'),(4650,17597,0,1732,3,0,-1,'2013-11-10 15:13:56','2013-11-10 15:13:56'),(4651,17598,0,1732,3,0,-1,'2013-11-10 15:13:57','2013-11-10 15:13:57'),(4652,15,0,1732,3,0,-2,'2013-11-10 15:13:57','2013-11-10 15:13:57'),(4653,17597,0,1732,6,0,-92,'2013-11-10 15:13:59','2013-11-10 15:13:59'),(4654,17598,0,1732,6,0,-92,'2013-11-10 15:13:59','2013-11-10 15:13:59'),(4655,17604,0,1733,3,0,-1,'2013-11-11 00:54:45','2013-11-11 00:54:45'),(4656,17604,0,1733,6,0,-92,'2013-11-11 00:54:47','2013-11-11 00:54:47'),(4657,17607,0,1734,3,0,-1,'2013-11-11 11:35:19','2013-11-11 11:35:19'),(4658,17607,0,1734,6,0,-92,'2013-11-11 11:35:21','2013-11-11 11:35:21'),(4659,17613,0,1735,3,0,-1,'2013-11-12 03:49:34','2013-11-12 03:49:34'),(4660,17613,0,1735,6,0,-92,'2013-11-12 03:49:36','2013-11-12 03:49:36'),(4661,17629,0,1736,3,0,-1,'2013-11-13 14:46:45','2013-11-13 14:46:45'),(4662,17630,0,1736,3,0,-1,'2013-11-13 14:46:45','2013-11-13 14:46:45'),(4663,14,0,1736,3,0,-1,'2013-11-13 14:46:45','2013-11-13 14:46:45'),(4664,17629,0,1736,6,0,-92,'2013-11-13 14:46:47','2013-11-13 14:46:47'),(4665,17630,0,1736,6,0,-92,'2013-11-13 14:46:47','2013-11-13 14:46:47'),(4666,17632,0,1737,3,0,-1,'2013-11-13 14:48:50','2013-11-13 14:48:50'),(4667,17641,0,1738,3,0,-1,'2013-11-14 11:16:34','2013-11-14 11:16:34'),(4668,17642,0,1738,3,0,-1,'2013-11-14 11:16:34','2013-11-14 11:16:34'),(4669,17641,0,1738,6,0,-92,'2013-11-14 11:16:36','2013-11-14 11:16:36'),(4670,17642,0,1738,6,0,-92,'2013-11-14 11:16:36','2013-11-14 11:16:36'),(4671,17672,0,1739,3,0,-1,'2013-11-17 10:04:11','2013-11-17 10:04:11'),(4672,17673,0,1739,3,0,-1,'2013-11-17 10:04:11','2013-11-17 10:04:11'),(4673,17672,0,1739,6,0,-92,'2013-11-17 10:04:14','2013-11-17 10:04:14'),(4674,17673,0,1739,6,0,-92,'2013-11-17 10:04:14','2013-11-17 10:04:14'),(4675,17679,0,1740,3,0,-1,'2013-11-17 11:07:30','2013-11-17 11:07:30'),(4676,17680,0,1740,3,0,-1,'2013-11-17 11:07:30','2013-11-17 11:07:30'),(4677,17679,0,1740,6,0,-92,'2013-11-17 11:07:33','2013-11-17 11:07:33'),(4678,17680,0,1740,6,0,-92,'2013-11-17 11:07:33','2013-11-17 11:07:33'),(4679,17695,0,1741,3,0,-1,'2013-11-18 17:41:28','2013-11-18 17:41:28'),(4680,17695,0,1741,6,0,-92,'2013-11-18 17:41:31','2013-11-18 17:41:31'),(4681,17696,0,1742,3,0,-1,'2013-11-18 17:53:42','2013-11-18 17:53:42'),(4682,17696,0,1742,6,0,-92,'2013-11-18 17:53:44','2013-11-18 17:53:44'),(4683,17697,0,1743,3,0,-1,'2013-11-18 19:08:36','2013-11-18 19:08:36'),(4684,17697,0,1743,6,0,-92,'2013-11-18 19:08:38','2013-11-18 19:08:38'),(4685,17702,0,1744,3,0,-1,'2013-11-19 09:05:41','2013-11-19 09:05:41'),(4686,17702,0,1744,6,0,-92,'2013-11-19 09:05:43','2013-11-19 09:05:43'),(4687,17703,0,1745,3,0,-1,'2013-11-19 09:16:36','2013-11-19 09:16:36'),(4688,17703,0,1745,6,0,-92,'2013-11-19 09:16:38','2013-11-19 09:16:38'),(4689,17708,0,1746,3,0,-1,'2013-11-19 15:04:26','2013-11-19 15:04:26'),(4690,17708,0,1746,6,0,-92,'2013-11-19 15:04:28','2013-11-19 15:04:28'),(4691,17720,0,1747,3,0,-1,'2013-11-20 16:17:15','2013-11-20 16:17:15'),(4692,17721,0,1747,3,0,-1,'2013-11-20 16:17:15','2013-11-20 16:17:15'),(4693,17720,0,1747,6,0,-92,'2013-11-20 16:17:17','2013-11-20 16:17:17'),(4694,17721,0,1747,6,0,-92,'2013-11-20 16:17:17','2013-11-20 16:17:17'),(4695,17727,0,1748,3,0,-1,'2013-11-20 18:53:48','2013-11-20 18:53:48'),(4696,17728,0,1748,3,0,-1,'2013-11-20 18:53:48','2013-11-20 18:53:48'),(4697,17727,0,1748,6,0,-92,'2013-11-20 18:53:51','2013-11-20 18:53:51'),(4698,17728,0,1748,6,0,-92,'2013-11-20 18:53:51','2013-11-20 18:53:51'),(4699,17733,0,1749,3,0,-1,'2013-11-21 11:38:38','2013-11-21 11:38:38'),(4700,17733,0,1749,6,0,-92,'2013-11-21 11:38:40','2013-11-21 11:38:40'),(4701,17736,0,1750,3,0,-1,'2013-11-21 14:29:42','2013-11-21 14:29:42'),(4702,17736,0,1750,6,0,-92,'2013-11-21 14:29:45','2013-11-21 14:29:45'),(4703,17798,0,1751,3,0,-1,'2013-11-26 23:27:55','2013-11-26 23:27:55'),(4704,17798,0,1751,6,0,-92,'2013-11-26 23:27:57','2013-11-26 23:27:57'),(4705,17819,0,1752,3,0,-1,'2013-11-28 18:18:43','2013-11-28 18:18:43'),(4706,17819,0,1752,6,0,-92,'2013-11-28 18:18:46','2013-11-28 18:18:46'),(4707,17826,0,1753,3,0,-1,'2013-11-29 11:51:22','2013-11-29 11:51:22'),(4708,14,0,1753,3,0,-1,'2013-11-29 11:51:22','2013-11-29 11:51:22'),(4709,17826,0,1753,6,0,-92,'2013-11-29 11:51:24','2013-11-29 11:51:24'),(4710,17829,0,1754,3,0,-1,'2013-11-29 15:45:51','2013-11-29 15:45:51'),(4711,17829,0,1754,6,0,-92,'2013-11-29 15:45:54','2013-11-29 15:45:54'),(4712,17830,0,1755,3,0,-1,'2013-11-29 15:54:56','2013-11-29 15:54:56'),(4713,17830,0,1755,6,0,-92,'2013-11-29 15:54:58','2013-11-29 15:54:58'),(4714,17835,0,1756,3,0,-1,'2013-11-29 18:23:31','2013-11-29 18:23:31'),(4715,17835,0,1756,6,0,-92,'2013-11-29 18:23:34','2013-11-29 18:23:34'),(4716,17857,0,1757,3,0,-1,'2013-12-03 13:39:05','2013-12-03 13:39:05'),(4717,17857,0,1757,6,0,-92,'2013-12-03 13:39:08','2013-12-03 13:39:08'),(4718,17872,0,1758,3,0,-1,'2013-12-04 12:59:56','2013-12-04 12:59:56'),(4719,17872,0,1758,6,0,-92,'2013-12-04 12:59:58','2013-12-04 12:59:58'),(4720,17874,0,1759,3,0,-1,'2013-12-04 13:31:40','2013-12-04 13:31:40'),(4721,17875,0,1759,3,0,-1,'2013-12-04 13:31:41','2013-12-04 13:31:41'),(4722,17874,0,1759,6,0,-92,'2013-12-04 13:31:43','2013-12-04 13:31:43'),(4723,17875,0,1759,6,0,-92,'2013-12-04 13:31:43','2013-12-04 13:31:43'),(4724,17878,0,1760,3,0,-1,'2013-12-04 18:18:34','2013-12-04 18:18:34'),(4725,17878,0,1760,6,0,-92,'2013-12-04 18:18:37','2013-12-04 18:18:37'),(4726,17879,0,1761,3,0,-1,'2013-12-04 19:01:08','2013-12-04 19:01:08'),(4727,17879,0,1761,6,0,-92,'2013-12-04 19:01:10','2013-12-04 19:01:10'),(4728,17880,0,1762,3,0,-1,'2013-12-04 19:10:48','2013-12-04 19:10:48'),(4729,17880,0,1762,6,0,-92,'2013-12-04 19:10:50','2013-12-04 19:10:50'),(4730,17881,0,1763,3,0,-1,'2013-12-04 19:25:55','2013-12-04 19:25:55'),(4731,12,0,1763,3,0,-1,'2013-12-04 19:25:55','2013-12-04 19:25:55'),(4732,17881,0,1763,6,0,-95,'2013-12-04 19:25:58','2013-12-04 19:25:58'),(4733,17884,0,1764,3,0,-1,'2013-12-04 22:12:07','2013-12-04 22:12:07'),(4734,17884,0,1764,6,0,-92,'2013-12-04 22:12:10','2013-12-04 22:12:10'),(4735,17885,0,1765,3,0,-1,'2013-12-04 23:37:56','2013-12-04 23:37:56'),(4736,17885,0,1765,6,0,-92,'2013-12-04 23:37:59','2013-12-04 23:37:59'),(4737,17893,0,1766,3,0,-1,'2013-12-06 13:26:33','2013-12-06 13:26:33'),(4738,17893,0,1766,6,0,-92,'2013-12-06 13:26:36','2013-12-06 13:26:36'),(4739,17895,0,1767,3,0,-1,'2013-12-06 17:14:00','2013-12-06 17:14:00'),(4740,17895,0,1767,6,0,-92,'2013-12-06 17:14:02','2013-12-06 17:14:02'),(4741,17928,0,1768,3,0,-1,'2013-12-09 09:40:26','2013-12-09 09:40:26'),(4742,17928,0,1768,6,0,-92,'2013-12-09 09:40:28','2013-12-09 09:40:28'),(4743,17929,0,1769,3,0,-1,'2013-12-09 10:05:27','2013-12-09 10:05:27'),(4744,17930,0,1769,3,0,-1,'2013-12-09 10:05:27','2013-12-09 10:05:27'),(4745,17929,0,1769,6,0,-92,'2013-12-09 10:05:30','2013-12-09 10:05:30'),(4746,17930,0,1769,6,0,-92,'2013-12-09 10:05:30','2013-12-09 10:05:30'),(4747,17931,0,1770,3,0,-1,'2013-12-09 10:24:45','2013-12-09 10:24:45'),(4748,15,0,1770,3,0,-1,'2013-12-09 10:24:45','2013-12-09 10:24:45'),(4749,17931,0,1770,6,0,-92,'2013-12-09 10:24:48','2013-12-09 10:24:48'),(4750,17936,0,1771,3,0,-1,'2013-12-09 10:52:54','2013-12-09 10:52:54'),(4751,17937,0,1771,3,0,-1,'2013-12-09 10:52:54','2013-12-09 10:52:54'),(4752,17936,0,1771,6,0,-92,'2013-12-09 10:52:57','2013-12-09 10:52:57'),(4753,17937,0,1771,6,0,-92,'2013-12-09 10:52:57','2013-12-09 10:52:57'),(4754,17943,0,1772,3,0,-1,'2013-12-09 12:41:38','2013-12-09 12:41:38'),(4755,17943,0,1772,6,0,-92,'2013-12-09 12:41:41','2013-12-09 12:41:41'),(4756,17947,0,1773,3,0,-1,'2013-12-09 19:33:16','2013-12-09 19:33:16'),(4757,17947,0,1773,6,0,-92,'2013-12-09 19:33:19','2013-12-09 19:33:19'),(4758,17982,0,1774,3,0,-1,'2013-12-12 14:13:14','2013-12-12 14:13:14'),(4759,17983,0,1774,3,0,-1,'2013-12-12 14:13:14','2013-12-12 14:13:14'),(4760,17982,0,1774,6,0,-92,'2013-12-12 14:13:16','2013-12-12 14:13:16'),(4761,17983,0,1774,6,0,-92,'2013-12-12 14:13:16','2013-12-12 14:13:16'),(4762,18011,0,1775,3,0,-1,'2013-12-13 17:46:44','2013-12-13 17:46:44'),(4763,18011,0,1775,6,0,-92,'2013-12-13 17:46:46','2013-12-13 17:46:46'),(4764,18015,0,1776,3,0,-1,'2013-12-14 00:39:56','2013-12-14 00:39:56'),(4765,18015,0,1776,6,0,-92,'2013-12-14 00:39:58','2013-12-14 00:39:58'),(4766,18022,0,1777,3,0,-1,'2013-12-14 13:17:25','2013-12-14 13:17:25'),(4767,18022,0,1777,6,0,-92,'2013-12-14 13:17:27','2013-12-14 13:17:27'),(4768,18038,0,1778,3,0,-1,'2013-12-15 15:21:06','2013-12-15 15:21:06'),(4769,18038,0,1778,6,0,-92,'2013-12-15 15:21:09','2013-12-15 15:21:09'),(4770,18041,0,1779,3,0,-1,'2013-12-15 16:21:57','2013-12-15 16:21:57'),(4771,18041,0,1779,6,0,-92,'2013-12-15 16:21:59','2013-12-15 16:21:59'),(4772,18060,0,1780,3,0,-1,'2013-12-16 10:59:37','2013-12-16 10:59:37'),(4773,18060,0,1780,6,0,-92,'2013-12-16 10:59:40','2013-12-16 10:59:40'),(4774,18070,0,1781,3,0,-1,'2013-12-16 14:33:23','2013-12-16 14:33:23'),(4775,18070,0,1781,6,0,-92,'2013-12-16 14:33:25','2013-12-16 14:33:25'),(4776,18086,0,1782,3,0,-1,'2013-12-16 21:20:01','2013-12-16 21:20:01'),(4777,18087,0,1782,3,0,-1,'2013-12-16 21:20:02','2013-12-16 21:20:02'),(4778,18086,0,1782,6,0,-92,'2013-12-16 21:20:04','2013-12-16 21:20:04'),(4779,18087,0,1782,6,0,-92,'2013-12-16 21:20:04','2013-12-16 21:20:04'),(4780,18093,0,1783,3,0,-1,'2013-12-17 10:39:41','2013-12-17 10:39:41'),(4781,15,0,1783,3,0,-1,'2013-12-17 10:39:41','2013-12-17 10:39:41'),(4782,13,0,1783,3,0,-1,'2013-12-17 10:39:41','2013-12-17 10:39:41'),(4783,18093,0,1783,6,0,-92,'2013-12-17 10:39:44','2013-12-17 10:39:44'),(4784,18099,0,1784,3,0,-1,'2013-12-17 14:07:05','2013-12-17 14:07:05'),(4785,14,0,1784,3,0,-3,'2013-12-17 14:07:05','2013-12-17 14:07:05'),(4786,18099,0,1784,6,0,-92,'2013-12-17 14:07:10','2013-12-17 14:07:10'),(4787,18104,0,1785,3,0,-1,'2013-12-17 16:00:06','2013-12-17 16:00:06'),(4788,18104,0,1785,6,0,-92,'2013-12-17 16:00:08','2013-12-17 16:00:08'),(4789,18109,0,1786,3,0,-1,'2013-12-17 18:03:45','2013-12-17 18:03:45'),(4790,18109,0,1786,6,0,-92,'2013-12-17 18:03:47','2013-12-17 18:03:47'),(4791,18110,0,1787,3,0,-1,'2013-12-17 18:21:07','2013-12-17 18:21:07'),(4792,18110,0,1787,6,0,-92,'2013-12-17 18:21:10','2013-12-17 18:21:10'),(4793,18118,0,1788,3,0,-1,'2013-12-18 09:17:12','2013-12-18 09:17:12'),(4794,18119,0,1788,3,0,-1,'2013-12-18 09:17:12','2013-12-18 09:17:12'),(4795,18118,0,1788,6,0,-92,'2013-12-18 09:17:14','2013-12-18 09:17:14'),(4796,18119,0,1788,6,0,-92,'2013-12-18 09:17:14','2013-12-18 09:17:14'),(4797,18123,0,1789,3,0,-1,'2013-12-18 11:39:57','2013-12-18 11:39:57'),(4798,18123,0,1789,6,0,-92,'2013-12-18 11:39:59','2013-12-18 11:39:59'),(4799,18125,0,1790,3,0,-1,'2013-12-18 12:39:58','2013-12-18 12:39:58'),(4800,18125,0,1790,6,0,-92,'2013-12-18 12:40:00','2013-12-18 12:40:00'),(4801,18130,0,1791,3,0,-1,'2013-12-18 16:16:00','2013-12-18 16:16:00'),(4802,18130,0,1791,6,0,-92,'2013-12-18 16:16:02','2013-12-18 16:16:02'),(4803,18134,0,1792,3,0,-1,'2013-12-18 23:31:13','2013-12-18 23:31:13'),(4804,18134,0,1792,6,0,-92,'2013-12-18 23:31:15','2013-12-18 23:31:15'),(4805,18149,0,1793,3,0,-1,'2013-12-19 15:38:10','2013-12-19 15:38:10'),(4806,18149,0,1793,6,0,-92,'2013-12-19 15:38:12','2013-12-19 15:38:12'),(4807,18159,0,1794,3,0,-1,'2013-12-20 16:56:56','2013-12-20 16:56:56'),(4808,14,0,1794,3,0,-1,'2013-12-20 16:56:56','2013-12-20 16:56:56'),(4809,18159,0,1794,6,0,-92,'2013-12-20 16:56:58','2013-12-20 16:56:58'),(4810,18182,0,1795,3,0,-1,'2013-12-22 19:05:51','2013-12-22 19:05:51'),(4811,18182,0,1795,6,0,-92,'2013-12-22 19:05:53','2013-12-22 19:05:53'),(4812,18184,0,1796,3,0,-1,'2013-12-23 14:54:46','2013-12-23 14:54:46'),(4813,15,0,1796,3,0,-1,'2013-12-23 14:54:47','2013-12-23 14:54:47'),(4814,18184,0,1796,6,0,-92,'2013-12-23 14:54:49','2013-12-23 14:54:49'),(4815,18205,0,1797,3,0,-1,'2013-12-24 14:49:31','2013-12-24 14:49:31'),(4816,18205,0,1797,6,0,-92,'2013-12-24 14:49:33','2013-12-24 14:49:33'),(4817,18214,0,1798,3,0,-1,'2013-12-25 16:47:23','2013-12-25 16:47:23'),(4818,18215,0,1798,3,0,-1,'2013-12-25 16:47:23','2013-12-25 16:47:23'),(4819,18214,0,1798,6,0,-92,'2013-12-25 16:47:25','2013-12-25 16:47:25'),(4820,18215,0,1798,6,0,-92,'2013-12-25 16:47:25','2013-12-25 16:47:25'),(4821,18216,0,1799,3,0,-1,'2013-12-25 16:56:09','2013-12-25 16:56:09'),(4822,18216,0,1799,6,0,-92,'2013-12-25 16:56:11','2013-12-25 16:56:11'),(4823,18218,0,1800,3,0,-1,'2013-12-25 20:44:26','2013-12-25 20:44:26'),(4824,18218,0,1800,6,0,-92,'2013-12-25 20:44:28','2013-12-25 20:44:28'),(4825,18237,0,1801,3,0,-1,'2013-12-27 18:40:47','2013-12-27 18:40:47'),(4826,18237,0,1801,6,0,-92,'2013-12-27 18:40:49','2013-12-27 18:40:49'),(4827,18249,0,1802,3,0,-1,'2013-12-28 14:48:02','2013-12-28 14:48:02'),(4828,18249,0,1802,6,0,-92,'2013-12-28 14:48:04','2013-12-28 14:48:04'),(4829,18253,0,1803,3,0,-1,'2013-12-28 15:25:00','2013-12-28 15:25:00'),(4830,18253,0,1803,6,0,-92,'2013-12-28 15:25:02','2013-12-28 15:25:02'),(4831,18269,0,1804,3,0,-1,'2013-12-29 20:58:36','2013-12-29 20:58:36'),(4832,15,0,1804,3,0,-1,'2013-12-29 20:58:36','2013-12-29 20:58:36'),(4833,18269,0,1804,6,0,-92,'2013-12-29 20:58:38','2013-12-29 20:58:38'),(4834,18275,0,1805,3,0,-1,'2013-12-30 14:59:27','2013-12-30 14:59:27'),(4835,18275,0,1805,6,0,-92,'2013-12-30 14:59:32','2013-12-30 14:59:32'),(4836,18284,0,1806,3,0,-1,'2013-12-30 17:34:39','2013-12-30 17:34:39'),(4837,18284,0,1806,6,0,-92,'2013-12-30 17:34:42','2013-12-30 17:34:42'),(4838,18285,0,1807,3,0,-1,'2013-12-30 19:31:52','2013-12-30 19:31:52'),(4839,18285,0,1807,6,0,-92,'2013-12-30 19:31:54','2013-12-30 19:31:54'),(4840,18289,0,1808,3,0,-1,'2013-12-30 20:43:38','2013-12-30 20:43:38'),(4841,18289,0,1808,6,0,-92,'2013-12-30 20:43:41','2013-12-30 20:43:41'),(4842,18295,0,1809,3,0,-1,'2013-12-31 19:10:44','2013-12-31 19:10:44'),(4843,18295,0,1809,6,0,-92,'2013-12-31 19:10:46','2013-12-31 19:10:46'),(4844,18303,0,1810,3,0,-1,'2014-01-02 11:17:38','2014-01-02 11:17:38'),(4845,12,0,1810,3,0,-1,'2014-01-02 11:17:38','2014-01-02 11:17:38'),(4846,18303,0,1810,6,0,-95,'2014-01-02 11:17:41','2014-01-02 11:17:41'),(4847,18310,0,1811,3,0,-1,'2014-01-02 16:08:34','2014-01-02 16:08:34'),(4848,12,0,1811,3,0,-1,'2014-01-02 16:08:34','2014-01-02 16:08:34'),(4849,18310,0,1811,6,0,-95,'2014-01-02 16:08:37','2014-01-02 16:08:37'),(4850,18326,0,1812,3,0,-1,'2014-01-03 12:05:25','2014-01-03 12:05:25'),(4851,18326,0,1812,6,0,-92,'2014-01-03 12:05:27','2014-01-03 12:05:27'),(4852,18343,0,1813,3,0,-1,'2014-01-05 01:53:38','2014-01-05 01:53:38'),(4853,18343,0,1813,6,0,-92,'2014-01-05 01:53:41','2014-01-05 01:53:41'),(4854,18345,0,1814,3,0,-1,'2014-01-05 07:05:05','2014-01-05 07:05:05'),(4855,18345,0,1814,6,0,-92,'2014-01-05 07:05:08','2014-01-05 07:05:08'),(4856,18361,0,1815,3,0,-1,'2014-01-06 15:20:57','2014-01-06 15:20:57'),(4857,18361,0,1815,6,0,-92,'2014-01-06 15:20:59','2014-01-06 15:20:59'),(4858,18364,0,1816,3,0,-1,'2014-01-06 18:39:43','2014-01-06 18:39:43'),(4859,18365,0,1816,3,0,-1,'2014-01-06 18:39:43','2014-01-06 18:39:43'),(4860,15,0,1816,3,0,-2,'2014-01-06 18:39:43','2014-01-06 18:39:43'),(4861,18364,0,1816,6,0,-92,'2014-01-06 18:39:46','2014-01-06 18:39:46'),(4862,18365,0,1816,6,0,-92,'2014-01-06 18:39:46','2014-01-06 18:39:46'),(4863,18368,0,1817,3,0,-1,'2014-01-06 18:49:53','2014-01-06 18:49:53'),(4864,18368,0,1817,6,0,-92,'2014-01-06 18:49:55','2014-01-06 18:49:55'),(4865,18375,0,1818,3,0,-1,'2014-01-07 11:32:33','2014-01-07 11:32:33'),(4866,18376,0,1818,3,0,-1,'2014-01-07 11:32:34','2014-01-07 11:32:34'),(4867,18375,0,1818,6,0,-92,'2014-01-07 11:32:36','2014-01-07 11:32:36'),(4868,18376,0,1818,6,0,-92,'2014-01-07 11:32:36','2014-01-07 11:32:36'),(4869,18384,0,1819,3,0,-1,'2014-01-07 14:17:35','2014-01-07 14:17:35'),(4870,18385,0,1819,3,0,-1,'2014-01-07 14:17:35','2014-01-07 14:17:35'),(4871,18384,0,1819,6,0,-92,'2014-01-07 14:17:37','2014-01-07 14:17:37'),(4872,18385,0,1819,6,0,-92,'2014-01-07 14:17:37','2014-01-07 14:17:37'),(4873,18402,0,1820,3,0,-1,'2014-01-08 16:27:41','2014-01-08 16:27:41'),(4874,18402,0,1820,6,0,-92,'2014-01-08 16:27:43','2014-01-08 16:27:43'),(4875,18422,0,1821,3,0,-1,'2014-01-10 11:56:31','2014-01-10 11:56:31'),(4876,18423,0,1821,3,0,-1,'2014-01-10 11:56:31','2014-01-10 11:56:31'),(4877,18422,0,1821,6,0,-92,'2014-01-10 11:56:34','2014-01-10 11:56:34'),(4878,18423,0,1821,6,0,-92,'2014-01-10 11:56:34','2014-01-10 11:56:34'),(4879,18427,0,1822,3,0,-1,'2014-01-10 18:55:09','2014-01-10 18:55:09'),(4880,18427,0,1822,6,0,-92,'2014-01-10 18:55:11','2014-01-10 18:55:11'),(4881,18435,0,1823,3,0,-1,'2014-01-11 12:15:42','2014-01-11 12:15:42'),(4882,13,0,1823,3,0,-1,'2014-01-11 12:15:42','2014-01-11 12:15:42'),(4883,18435,0,1823,6,0,-92,'2014-01-11 12:15:45','2014-01-11 12:15:45'),(4884,18436,0,1824,3,0,-1,'2014-01-11 12:31:51','2014-01-11 12:31:51'),(4885,13,0,1824,3,0,-1,'2014-01-11 12:31:51','2014-01-11 12:31:51'),(4886,18436,0,1824,6,0,-92,'2014-01-11 12:31:53','2014-01-11 12:31:53'),(4887,18446,0,1825,3,0,-1,'2014-01-12 02:48:43','2014-01-12 02:48:43'),(4888,18446,0,1825,6,0,-92,'2014-01-12 02:48:45','2014-01-12 02:48:45'),(4889,18452,0,1826,3,0,-1,'2014-01-12 12:02:05','2014-01-12 12:02:05'),(4890,18452,0,1826,6,0,-92,'2014-01-12 12:02:07','2014-01-12 12:02:07'),(4891,18457,0,1827,3,0,-1,'2014-01-12 19:49:55','2014-01-12 19:49:55'),(4892,15,0,1827,3,0,-1,'2014-01-12 19:49:55','2014-01-12 19:49:55'),(4893,18457,0,1827,6,0,-92,'2014-01-12 19:49:57','2014-01-12 19:49:57'),(4894,18490,0,1828,3,0,-1,'2014-01-15 00:54:38','2014-01-15 00:54:38'),(4895,18490,0,1828,6,0,-92,'2014-01-15 00:54:40','2014-01-15 00:54:40'),(4896,18515,0,1829,3,0,-1,'2014-01-18 19:48:30','2014-01-18 19:48:30'),(4897,18515,0,1829,6,0,-92,'2014-01-18 19:48:32','2014-01-18 19:48:32'),(4898,18534,0,1830,3,0,-1,'2014-01-20 13:33:01','2014-01-20 13:33:01'),(4899,14,0,1830,3,0,-3,'2014-01-20 13:33:01','2014-01-20 13:33:01'),(4900,18534,0,1830,6,0,-92,'2014-01-20 13:33:04','2014-01-20 13:33:04'),(4901,18556,0,1831,3,0,-1,'2014-01-21 16:37:21','2014-01-21 16:37:21'),(4902,18557,0,1831,3,0,-1,'2014-01-21 16:37:21','2014-01-21 16:37:21'),(4903,18556,0,1831,6,0,-92,'2014-01-21 16:37:23','2014-01-21 16:37:23'),(4904,18557,0,1831,6,0,-92,'2014-01-21 16:37:23','2014-01-21 16:37:23'),(4905,18572,0,1832,3,0,-1,'2014-01-22 14:23:20','2014-01-22 14:23:20'),(4906,18572,0,1832,6,0,-92,'2014-01-22 14:23:22','2014-01-22 14:23:22'),(4907,18595,0,1833,3,0,-1,'2014-01-25 10:28:26','2014-01-25 10:28:26'),(4908,18595,0,1833,6,0,-92,'2014-01-25 10:28:28','2014-01-25 10:28:28'),(4909,18605,0,1834,3,0,-1,'2014-01-26 23:46:08','2014-01-26 23:46:08'),(4910,18605,0,1834,6,0,-92,'2014-01-26 23:46:11','2014-01-26 23:46:11'),(4911,18613,0,1835,3,0,-1,'2014-01-27 11:48:06','2014-01-27 11:48:06'),(4912,18614,0,1835,3,0,-1,'2014-01-27 11:48:06','2014-01-27 11:48:06'),(4913,18613,0,1835,6,0,-92,'2014-01-27 11:48:09','2014-01-27 11:48:09'),(4914,18614,0,1835,6,0,-92,'2014-01-27 11:48:09','2014-01-27 11:48:09'),(4915,18617,0,1836,3,0,-1,'2014-01-27 13:21:35','2014-01-27 13:21:35'),(4916,14,0,1836,3,0,-3,'2014-01-27 13:21:35','2014-01-27 13:21:35'),(4917,18617,0,1836,6,0,-92,'2014-01-27 13:21:37','2014-01-27 13:21:37'),(4918,18625,0,1837,3,0,-1,'2014-01-27 18:07:24','2014-01-27 18:07:24'),(4919,18626,0,1837,3,0,-1,'2014-01-27 18:07:25','2014-01-27 18:07:25'),(4920,14,0,1837,3,0,-6,'2014-01-27 18:07:25','2014-01-27 18:07:25'),(4921,18625,0,1837,6,0,-92,'2014-01-27 18:07:27','2014-01-27 18:07:27'),(4922,18626,0,1837,6,0,-92,'2014-01-27 18:07:27','2014-01-27 18:07:27'),(4923,18637,0,1838,3,0,-1,'2014-01-28 12:37:01','2014-01-28 12:37:01'),(4924,18637,0,1838,6,0,-92,'2014-01-28 12:37:05','2014-01-28 12:37:05'),(4925,18670,0,1839,3,0,-1,'2014-01-30 13:58:43','2014-01-30 13:58:43'),(4926,18671,0,1839,3,0,-1,'2014-01-30 13:58:43','2014-01-30 13:58:43'),(4927,18670,0,1839,6,0,-92,'2014-01-30 13:58:45','2014-01-30 13:58:45'),(4928,18671,0,1839,6,0,-92,'2014-01-30 13:58:46','2014-01-30 13:58:46'),(4929,18674,0,1840,3,0,-1,'2014-01-30 16:48:25','2014-01-30 16:48:25'),(4930,18674,0,1840,6,0,-92,'2014-01-30 16:48:27','2014-01-30 16:48:27'),(4931,18680,0,1841,3,0,-1,'2014-01-31 09:32:01','2014-01-31 09:32:01'),(4932,18680,0,1841,6,0,-92,'2014-01-31 09:32:03','2014-01-31 09:32:03'),(4933,18683,0,1842,3,0,-1,'2014-01-31 15:08:00','2014-01-31 15:08:00'),(4934,18683,0,1842,6,0,-92,'2014-01-31 15:08:02','2014-01-31 15:08:02'),(4935,18692,0,1843,3,0,-1,'2014-02-01 14:30:50','2014-02-01 14:30:50'),(4936,18692,0,1843,6,0,-92,'2014-02-01 14:30:53','2014-02-01 14:30:53'),(4937,18745,0,1844,3,0,-1,'2014-02-03 22:25:40','2014-02-03 22:25:40'),(4938,18745,0,1844,6,0,-92,'2014-02-03 22:25:42','2014-02-03 22:25:42'),(4939,18786,0,1845,3,0,-1,'2014-02-07 13:21:52','2014-02-07 13:21:52'),(4940,18786,0,1845,6,0,-92,'2014-02-07 13:21:54','2014-02-07 13:21:54'),(4941,18787,0,1846,3,0,-1,'2014-02-07 16:57:55','2014-02-07 16:57:55'),(4942,18788,0,1846,3,0,-1,'2014-02-07 16:57:56','2014-02-07 16:57:56'),(4943,18787,0,1846,6,0,-92,'2014-02-07 16:57:58','2014-02-07 16:57:58'),(4944,18788,0,1846,6,0,-92,'2014-02-07 16:57:58','2014-02-07 16:57:58'),(4945,18847,0,1847,3,0,-1,'2014-02-10 15:03:17','2014-02-10 15:03:17'),(4946,18848,0,1847,3,0,-1,'2014-02-10 15:03:17','2014-02-10 15:03:17'),(4947,18847,0,1847,6,0,-92,'2014-02-10 15:03:19','2014-02-10 15:03:19'),(4948,18848,0,1847,6,0,-92,'2014-02-10 15:03:19','2014-02-10 15:03:19'),(4949,18855,0,1848,3,0,-1,'2014-02-10 16:22:23','2014-02-10 16:22:23'),(4950,18855,0,1848,6,0,-92,'2014-02-10 16:22:25','2014-02-10 16:22:25'),(4951,18856,0,1849,3,0,-1,'2014-02-10 16:39:18','2014-02-10 16:39:18'),(4952,18857,0,1849,3,0,-1,'2014-02-10 16:39:18','2014-02-10 16:39:18'),(4953,18856,0,1849,6,0,-92,'2014-02-10 16:39:21','2014-02-10 16:39:21'),(4954,18857,0,1849,6,0,-92,'2014-02-10 16:39:21','2014-02-10 16:39:21'),(4955,18860,0,1850,3,0,-1,'2014-02-10 17:20:32','2014-02-10 17:20:32'),(4956,18860,0,1850,6,0,-92,'2014-02-10 17:20:34','2014-02-10 17:20:34'),(4957,18876,0,1851,3,0,-1,'2014-02-11 13:10:02','2014-02-11 13:10:02'),(4958,18876,0,1851,6,0,-92,'2014-02-11 13:10:05','2014-02-11 13:10:05'),(4959,18891,0,1852,3,0,-1,'2014-02-11 22:51:30','2014-02-11 22:51:30'),(4960,18891,0,1852,6,0,-92,'2014-02-11 22:51:32','2014-02-11 22:51:32'),(4961,18911,0,1853,3,0,-1,'2014-02-13 09:08:48','2014-02-13 09:08:48'),(4962,18912,0,1853,3,0,-1,'2014-02-13 09:08:48','2014-02-13 09:08:48'),(4963,18911,0,1853,6,0,-92,'2014-02-13 09:08:50','2014-02-13 09:08:50'),(4964,18912,0,1853,6,0,-92,'2014-02-13 09:08:50','2014-02-13 09:08:50'),(4965,18914,0,1854,3,0,-1,'2014-02-13 12:02:38','2014-02-13 12:02:38'),(4966,18914,0,1854,6,0,-92,'2014-02-13 12:02:40','2014-02-13 12:02:40'),(4967,18930,0,1855,3,0,-1,'2014-02-13 23:36:03','2014-02-13 23:36:03'),(4968,18930,0,1855,6,0,-92,'2014-02-13 23:36:05','2014-02-13 23:36:05'),(4969,18952,0,1856,3,0,-1,'2014-02-15 21:43:23','2014-02-15 21:43:23'),(4970,18953,0,1856,3,0,-1,'2014-02-15 21:43:23','2014-02-15 21:43:23'),(4971,18952,0,1856,6,0,-92,'2014-02-15 21:43:25','2014-02-15 21:43:25'),(4972,18953,0,1856,6,0,-92,'2014-02-15 21:43:25','2014-02-15 21:43:25'),(4973,18961,0,1857,3,0,-1,'2014-02-16 12:05:48','2014-02-16 12:05:48'),(4974,18961,0,1857,6,0,-92,'2014-02-16 12:05:50','2014-02-16 12:05:50'),(4975,18976,0,1858,3,0,-1,'2014-02-17 11:46:23','2014-02-17 11:46:23'),(4976,18976,0,1858,6,0,-92,'2014-02-17 11:46:25','2014-02-17 11:46:25'),(4977,18999,0,1859,3,0,-1,'2014-02-18 04:42:41','2014-02-18 04:42:41'),(4978,18999,0,1859,6,0,-92,'2014-02-18 04:42:43','2014-02-18 04:42:43'),(4979,19004,0,1860,3,0,-1,'2014-02-18 10:51:45','2014-02-18 10:51:45'),(4980,19004,0,1860,6,0,-92,'2014-02-18 10:51:48','2014-02-18 10:51:48'),(4981,19013,0,1861,3,0,-1,'2014-02-18 16:23:44','2014-02-18 16:23:44'),(4982,19013,0,1861,6,0,-92,'2014-02-18 16:23:46','2014-02-18 16:23:46'),(4983,19027,0,1862,3,0,-1,'2014-02-19 12:28:49','2014-02-19 12:28:49'),(4984,19027,0,1862,6,0,-92,'2014-02-19 12:28:51','2014-02-19 12:28:51'),(4985,19031,0,1863,3,0,-1,'2014-02-19 20:59:14','2014-02-19 20:59:14'),(4986,19032,0,1863,3,0,-1,'2014-02-19 20:59:14','2014-02-19 20:59:14'),(4987,19031,0,1863,6,0,-92,'2014-02-19 20:59:17','2014-02-19 20:59:17'),(4988,19032,0,1863,6,0,-92,'2014-02-19 20:59:17','2014-02-19 20:59:17'),(4989,19033,0,1864,3,0,-1,'2014-02-19 22:04:12','2014-02-19 22:04:12'),(4990,19033,0,1864,6,0,-92,'2014-02-19 22:04:15','2014-02-19 22:04:15'),(4991,19044,0,1865,3,0,-1,'2014-02-20 14:55:07','2014-02-20 14:55:07'),(4992,19045,0,1865,3,0,-1,'2014-02-20 14:55:07','2014-02-20 14:55:07'),(4993,14,0,1865,3,0,-4,'2014-02-20 14:55:07','2014-02-20 14:55:07'),(4994,19044,0,1865,6,0,-92,'2014-02-20 14:55:10','2014-02-20 14:55:10'),(4995,19045,0,1865,6,0,-92,'2014-02-20 14:55:10','2014-02-20 14:55:10'),(4996,19106,0,1866,3,0,-1,'2014-02-24 20:50:08','2014-02-24 20:50:08'),(4997,19106,0,1866,6,0,-92,'2014-02-24 20:50:10','2014-02-24 20:50:10'),(4998,19109,0,1867,3,0,-1,'2014-02-24 21:39:16','2014-02-24 21:39:16'),(4999,19110,0,1867,3,0,-1,'2014-02-24 21:39:16','2014-02-24 21:39:16'),(5000,19109,0,1867,6,0,-92,'2014-02-24 21:39:18','2014-02-24 21:39:18'),(5001,19110,0,1867,6,0,-92,'2014-02-24 21:39:19','2014-02-24 21:39:19'),(5002,19117,0,1868,3,0,-1,'2014-02-25 11:14:10','2014-02-25 11:14:10'),(5003,19117,0,1868,6,0,-92,'2014-02-25 11:14:12','2014-02-25 11:14:12'),(5004,19148,0,1869,3,0,-1,'2014-02-26 11:53:23','2014-02-26 11:53:23'),(5005,19148,0,1869,6,0,-92,'2014-02-26 11:53:26','2014-02-26 11:53:26'),(5006,19155,0,1870,3,0,-1,'2014-02-26 18:47:28','2014-02-26 18:47:28'),(5007,19160,0,1870,3,0,-1,'2014-02-26 18:47:28','2014-02-26 18:47:28'),(5008,19155,0,1870,6,0,-92,'2014-02-26 18:47:30','2014-02-26 18:47:30'),(5009,19160,0,1870,6,0,-92,'2014-02-26 18:47:31','2014-02-26 18:47:31'),(5010,19171,0,1871,3,0,-1,'2014-02-26 19:36:41','2014-02-26 19:36:41'),(5011,14,0,1871,3,0,-1,'2014-02-26 19:36:41','2014-02-26 19:36:41'),(5012,19171,0,1871,6,0,-92,'2014-02-26 19:36:43','2014-02-26 19:36:43'),(5013,19174,0,1872,3,0,-1,'2014-02-26 20:25:43','2014-02-26 20:25:43'),(5014,19175,0,1872,3,0,-1,'2014-02-26 20:25:43','2014-02-26 20:25:43'),(5015,14,0,1872,3,0,-1,'2014-02-26 20:25:43','2014-02-26 20:25:43'),(5016,19174,0,1872,6,0,-92,'2014-02-26 20:25:46','2014-02-26 20:25:46'),(5017,19175,0,1872,6,0,-92,'2014-02-26 20:25:46','2014-02-26 20:25:46'),(5018,19195,0,1873,3,0,-1,'2014-02-28 14:42:17','2014-02-28 14:42:17'),(5019,19196,0,1873,3,0,-1,'2014-02-28 14:42:17','2014-02-28 14:42:17'),(5020,19195,0,1873,6,0,-92,'2014-02-28 14:42:19','2014-02-28 14:42:19'),(5021,19196,0,1873,6,0,-92,'2014-02-28 14:42:19','2014-02-28 14:42:19'),(5022,19202,0,1874,3,0,-1,'2014-02-28 21:34:47','2014-02-28 21:34:47'),(5023,19202,0,1874,6,0,-92,'2014-02-28 21:34:49','2014-02-28 21:34:49'),(5024,19205,0,1875,3,0,-1,'2014-03-01 11:13:24','2014-03-01 11:13:24'),(5025,19205,0,1875,6,0,-92,'2014-03-01 11:13:26','2014-03-01 11:13:26'),(5026,19211,0,1876,3,0,-1,'2014-03-01 14:08:11','2014-03-01 14:08:11'),(5027,19211,0,1876,6,0,-92,'2014-03-01 14:08:13','2014-03-01 14:08:13'),(5028,19227,0,1877,3,0,-1,'2014-03-02 16:38:46','2014-03-02 16:38:46'),(5029,19228,0,1877,3,0,-1,'2014-03-02 16:38:46','2014-03-02 16:38:46'),(5030,14,0,1877,3,0,-2,'2014-03-02 16:38:46','2014-03-02 16:38:46'),(5031,19227,0,1877,6,0,-92,'2014-03-02 16:38:48','2014-03-02 16:38:48'),(5032,19228,0,1877,6,0,-92,'2014-03-02 16:38:49','2014-03-02 16:38:49'),(5033,19240,0,1878,3,0,-1,'2014-03-03 18:24:22','2014-03-03 18:24:22'),(5034,19241,0,1878,3,0,-1,'2014-03-03 18:24:22','2014-03-03 18:24:22'),(5035,19240,0,1878,6,0,-92,'2014-03-03 18:24:24','2014-03-03 18:24:24'),(5036,19241,0,1878,6,0,-92,'2014-03-03 18:24:24','2014-03-03 18:24:24'),(5037,19261,0,1879,3,0,-1,'2014-03-05 10:54:12','2014-03-05 10:54:12'),(5038,19261,0,1879,6,0,-92,'2014-03-05 10:54:14','2014-03-05 10:54:14'),(5039,19267,0,1880,3,0,-1,'2014-03-05 13:55:10','2014-03-05 13:55:10'),(5040,19267,0,1880,6,0,-92,'2014-03-05 13:55:12','2014-03-05 13:55:12'),(5041,19277,0,1881,3,0,-1,'2014-03-05 22:21:33','2014-03-05 22:21:33'),(5042,14,0,1881,3,0,-2,'2014-03-05 22:21:33','2014-03-05 22:21:33'),(5043,19277,0,1881,6,0,-92,'2014-03-05 22:21:35','2014-03-05 22:21:35'),(5044,19281,0,1882,3,0,-1,'2014-03-06 12:05:46','2014-03-06 12:05:46'),(5045,19282,0,1882,3,0,-1,'2014-03-06 12:05:46','2014-03-06 12:05:46'),(5046,19281,0,1882,6,0,-92,'2014-03-06 12:05:49','2014-03-06 12:05:49'),(5047,19282,0,1882,6,0,-92,'2014-03-06 12:05:49','2014-03-06 12:05:49'),(5048,19291,0,1883,3,0,-1,'2014-03-07 06:26:45','2014-03-07 06:26:45'),(5049,15,0,1883,3,0,-1,'2014-03-07 06:26:45','2014-03-07 06:26:45'),(5050,19291,0,1883,6,0,-92,'2014-03-07 06:26:47','2014-03-07 06:26:47'),(5051,19302,0,1884,3,0,-1,'2014-03-07 16:57:31','2014-03-07 16:57:31'),(5052,19302,0,1884,6,0,-92,'2014-03-07 16:57:33','2014-03-07 16:57:33'),(5053,19322,0,1885,3,0,-1,'2014-03-08 11:52:13','2014-03-08 11:52:13'),(5054,19322,0,1885,6,0,-92,'2014-03-08 11:52:15','2014-03-08 11:52:15'),(5055,19326,0,1886,3,0,-1,'2014-03-08 13:44:24','2014-03-08 13:44:24'),(5056,19326,0,1886,6,0,-92,'2014-03-08 13:44:26','2014-03-08 13:44:26'),(5057,19329,0,1887,3,0,-1,'2014-03-08 18:04:33','2014-03-08 18:04:33'),(5058,19329,0,1887,6,0,-92,'2014-03-08 18:04:36','2014-03-08 18:04:36'),(5059,19336,0,1888,3,0,-1,'2014-03-10 09:32:12','2014-03-10 09:32:12'),(5060,19336,0,1888,6,0,-100,'2014-03-10 09:32:14','2014-03-10 09:32:14'),(5061,19370,0,1889,3,0,-1,'2014-03-11 12:16:25','2014-03-11 12:16:25'),(5062,19370,0,1889,6,0,-92,'2014-03-11 12:16:27','2014-03-11 12:16:27'),(5063,19376,0,1890,3,0,-1,'2014-03-11 22:42:38','2014-03-11 22:42:38'),(5064,19377,0,1890,3,0,-1,'2014-03-11 22:42:38','2014-03-11 22:42:38'),(5065,14,0,1890,3,0,-4,'2014-03-11 22:42:38','2014-03-11 22:42:38'),(5066,19376,0,1890,6,0,-92,'2014-03-11 22:42:40','2014-03-11 22:42:40'),(5067,19377,0,1890,6,0,-92,'2014-03-11 22:42:40','2014-03-11 22:42:40'),(5068,19378,0,1891,3,0,-1,'2014-03-11 23:15:54','2014-03-11 23:15:54'),(5069,19378,0,1891,6,0,-92,'2014-03-11 23:15:56','2014-03-11 23:15:56'),(5070,19389,0,1892,3,0,-1,'2014-03-13 11:23:39','2014-03-13 11:23:39'),(5071,19390,0,1892,3,0,-1,'2014-03-13 11:23:39','2014-03-13 11:23:39'),(5072,19389,0,1892,6,0,-92,'2014-03-13 11:23:42','2014-03-13 11:23:42'),(5073,19390,0,1892,6,0,-92,'2014-03-13 11:23:42','2014-03-13 11:23:42'),(5074,19395,0,1893,3,0,-1,'2014-03-13 18:32:13','2014-03-13 18:32:13'),(5075,19395,0,1893,6,0,-92,'2014-03-13 18:32:15','2014-03-13 18:32:15'),(5076,19399,0,1894,3,0,-1,'2014-03-13 19:53:51','2014-03-13 19:53:51'),(5077,19400,0,1894,3,0,-1,'2014-03-13 19:53:51','2014-03-13 19:53:51'),(5078,19399,0,1894,6,0,-92,'2014-03-13 19:53:57','2014-03-13 19:53:57'),(5079,19400,0,1894,6,0,-92,'2014-03-13 19:53:57','2014-03-13 19:53:57'),(5080,19406,0,1895,3,0,-1,'2014-03-14 13:57:11','2014-03-14 13:57:11'),(5081,19406,0,1895,6,0,-92,'2014-03-14 13:57:13','2014-03-14 13:57:13'),(5082,19407,0,1896,3,0,-1,'2014-03-14 14:08:35','2014-03-14 14:08:35'),(5083,19407,0,1896,6,0,-92,'2014-03-14 14:08:38','2014-03-14 14:08:38'),(5084,19421,0,1897,3,0,-1,'2014-03-15 17:46:01','2014-03-15 17:46:01'),(5085,14,0,1897,3,0,-1,'2014-03-15 17:46:01','2014-03-15 17:46:01'),(5086,19421,0,1897,6,0,-92,'2014-03-15 17:46:03','2014-03-15 17:46:03'),(5087,19433,0,1898,3,0,-1,'2014-03-16 12:02:53','2014-03-16 12:02:53'),(5088,19434,0,1898,3,0,-1,'2014-03-16 12:02:53','2014-03-16 12:02:53'),(5089,19433,0,1898,6,0,-92,'2014-03-16 12:02:58','2014-03-16 12:02:58'),(5090,19434,0,1898,6,0,-92,'2014-03-16 12:02:58','2014-03-16 12:02:58'),(5091,19441,0,1899,3,0,-1,'2014-03-16 18:09:42','2014-03-16 18:09:42'),(5092,19441,0,1899,6,0,-92,'2014-03-16 18:09:45','2014-03-16 18:09:45'),(5093,19444,0,1900,3,0,-1,'2014-03-16 20:52:44','2014-03-16 20:52:44'),(5094,19444,0,1900,6,0,-92,'2014-03-16 20:52:46','2014-03-16 20:52:46'),(5095,19448,0,1901,3,0,-1,'2014-03-17 06:46:03','2014-03-17 06:46:03'),(5096,19448,0,1901,6,0,-92,'2014-03-17 06:46:05','2014-03-17 06:46:05'),(5097,19453,0,1902,3,0,-1,'2014-03-17 14:49:19','2014-03-17 14:49:19'),(5098,19453,0,1902,6,0,-92,'2014-03-17 14:49:21','2014-03-17 14:49:21'),(5099,19456,0,1903,3,0,-1,'2014-03-17 17:13:13','2014-03-17 17:13:13'),(5100,19456,0,1903,6,0,-92,'2014-03-17 17:13:16','2014-03-17 17:13:16'),(5101,19461,0,1904,3,0,-1,'2014-03-17 23:50:47','2014-03-17 23:50:47'),(5102,19461,0,1904,6,0,-92,'2014-03-17 23:50:49','2014-03-17 23:50:49'),(5103,19469,0,1905,3,0,-1,'2014-03-18 15:28:59','2014-03-18 15:28:59'),(5104,19469,0,1905,6,0,-92,'2014-03-18 15:29:01','2014-03-18 15:29:01'),(5105,19479,0,1906,3,0,-1,'2014-03-19 09:39:27','2014-03-19 09:39:27'),(5106,19479,0,1906,6,0,-92,'2014-03-19 09:39:33','2014-03-19 09:39:33'),(5107,19483,0,1907,3,0,-1,'2014-03-19 11:14:01','2014-03-19 11:14:01'),(5108,19483,0,1907,6,0,-92,'2014-03-19 11:14:04','2014-03-19 11:14:04'),(5109,19485,0,1908,3,0,-1,'2014-03-19 12:05:10','2014-03-19 12:05:10'),(5110,14,0,1908,3,0,-2,'2014-03-19 12:05:10','2014-03-19 12:05:10'),(5111,19485,0,1908,6,0,-92,'2014-03-19 12:05:12','2014-03-19 12:05:12'),(5112,19497,0,1909,3,0,-1,'2014-03-19 23:58:11','2014-03-19 23:58:11'),(5113,19497,0,1909,6,0,-92,'2014-03-19 23:58:13','2014-03-19 23:58:13'),(5114,19505,0,1910,3,0,-1,'2014-03-21 09:45:57','2014-03-21 09:45:57'),(5115,19505,0,1910,6,0,-92,'2014-03-21 09:45:59','2014-03-21 09:45:59'),(5116,19517,0,1911,3,0,-1,'2014-03-22 15:36:55','2014-03-22 15:36:55'),(5117,19517,0,1911,6,0,-92,'2014-03-22 15:36:57','2014-03-22 15:36:57'),(5118,19520,0,1912,3,0,-1,'2014-03-23 10:27:16','2014-03-23 10:27:16'),(5119,19520,0,1912,6,0,-92,'2014-03-23 10:27:18','2014-03-23 10:27:18'),(5120,19534,0,1913,3,0,-1,'2014-03-24 15:53:12','2014-03-24 15:53:12'),(5121,19534,0,1913,6,0,-92,'2014-03-24 15:53:14','2014-03-24 15:53:14'),(5122,19539,0,1914,3,0,-1,'2014-03-24 21:18:40','2014-03-24 21:18:40'),(5123,14,0,1914,3,0,-1,'2014-03-24 21:18:40','2014-03-24 21:18:40'),(5124,19539,0,1914,6,0,-92,'2014-03-24 21:18:43','2014-03-24 21:18:43'),(5125,19564,0,1915,3,0,-1,'2014-03-26 19:12:50','2014-03-26 19:12:50'),(5126,19564,0,1915,6,0,-92,'2014-03-26 19:12:53','2014-03-26 19:12:53'),(5127,19599,0,1916,3,0,-1,'2014-03-28 23:36:39','2014-03-28 23:36:39'),(5128,19600,0,1916,3,0,-1,'2014-03-28 23:36:39','2014-03-28 23:36:39'),(5129,14,0,1916,3,0,-1,'2014-03-28 23:36:39','2014-03-28 23:36:39'),(5130,19599,0,1916,6,0,-92,'2014-03-28 23:36:41','2014-03-28 23:36:41'),(5131,19600,0,1916,6,0,-92,'2014-03-28 23:36:41','2014-03-28 23:36:41'),(5132,19601,0,1917,3,0,-1,'2014-03-29 17:12:27','2014-03-29 17:12:27'),(5133,19602,0,1917,3,0,-1,'2014-03-29 17:12:27','2014-03-29 17:12:27'),(5134,19601,0,1917,6,0,-92,'2014-03-29 17:12:29','2014-03-29 17:12:29'),(5135,19602,0,1917,6,0,-92,'2014-03-29 17:12:29','2014-03-29 17:12:29'),(5136,19604,0,1918,3,0,-1,'2014-03-30 07:02:15','2014-03-30 07:02:15'),(5137,19604,0,1918,6,0,-92,'2014-03-30 07:02:17','2014-03-30 07:02:17'),(5138,19620,0,1919,3,0,-1,'2014-03-31 16:27:50','2014-03-31 16:27:50'),(5139,19621,0,1919,3,0,-1,'2014-03-31 16:27:50','2014-03-31 16:27:50'),(5140,19620,0,1919,6,0,-92,'2014-03-31 16:27:52','2014-03-31 16:27:52'),(5141,19621,0,1919,6,0,-92,'2014-03-31 16:27:52','2014-03-31 16:27:52'),(5142,19629,0,1920,3,0,-1,'2014-03-31 21:38:12','2014-03-31 21:38:12'),(5143,16,0,1920,3,0,-1,'2014-03-31 21:38:12','2014-03-31 21:38:12'),(5144,19629,0,1920,6,0,-92,'2014-03-31 21:38:15','2014-03-31 21:38:15'),(5145,19639,0,1921,3,0,-1,'2014-04-01 13:05:43','2014-04-01 13:05:43'),(5146,19639,0,1921,6,0,-92,'2014-04-01 13:05:45','2014-04-01 13:05:45'),(5147,19645,0,1922,3,0,-1,'2014-04-02 09:44:29','2014-04-02 09:44:29'),(5148,19645,0,1922,6,0,-100,'2014-04-02 09:44:31','2014-04-02 09:44:31'),(5149,19652,0,1923,3,0,-1,'2014-04-02 15:37:43','2014-04-02 15:37:43'),(5150,19652,0,1923,6,0,-92,'2014-04-02 15:37:45','2014-04-02 15:37:45'),(5151,19657,0,1924,3,0,-1,'2014-04-03 11:23:48','2014-04-03 11:23:48'),(5152,19657,0,1924,6,0,-92,'2014-04-03 11:23:50','2014-04-03 11:23:50'),(5153,19658,0,1925,3,0,-1,'2014-04-03 11:37:28','2014-04-03 11:37:28'),(5154,19658,0,1925,6,0,-92,'2014-04-03 11:37:30','2014-04-03 11:37:30'),(5155,19702,0,1926,3,0,-1,'2014-04-05 11:03:43','2014-04-05 11:03:43'),(5156,19702,0,1926,6,0,-92,'2014-04-05 11:03:45','2014-04-05 11:03:45'),(5157,19703,0,1927,3,0,-1,'2014-04-05 11:09:51','2014-04-05 11:09:51'),(5158,19703,0,1927,6,0,-92,'2014-04-05 11:09:53','2014-04-05 11:09:53'),(5159,19721,0,1928,3,0,-1,'2014-04-06 19:06:18','2014-04-06 19:06:18'),(5160,14,0,1928,3,0,-1,'2014-04-06 19:06:18','2014-04-06 19:06:18'),(5161,19721,0,1928,6,0,-92,'2014-04-06 19:06:21','2014-04-06 19:06:21'),(5162,19733,0,1929,3,0,-1,'2014-04-08 10:11:48','2014-04-08 10:11:48'),(5163,19734,0,1929,3,0,-1,'2014-04-08 10:11:48','2014-04-08 10:11:48'),(5164,19733,0,1929,6,0,-92,'2014-04-08 10:11:51','2014-04-08 10:11:51'),(5165,19734,0,1929,6,0,-92,'2014-04-08 10:11:51','2014-04-08 10:11:51'),(5166,19735,0,1930,3,0,-1,'2014-04-08 11:17:00','2014-04-08 11:17:00'),(5167,19735,0,1930,6,0,-92,'2014-04-08 11:17:03','2014-04-08 11:17:03'),(5168,19753,0,1931,3,0,-1,'2014-04-08 21:10:58','2014-04-08 21:10:58'),(5169,19753,0,1931,6,0,-92,'2014-04-08 21:11:01','2014-04-08 21:11:01'),(5170,19757,0,1932,3,0,-1,'2014-04-09 11:07:56','2014-04-09 11:07:56'),(5171,19758,0,1932,3,0,-1,'2014-04-09 11:07:56','2014-04-09 11:07:56'),(5172,19757,0,1932,6,0,-92,'2014-04-09 11:07:58','2014-04-09 11:07:58'),(5173,19758,0,1932,6,0,-92,'2014-04-09 11:07:58','2014-04-09 11:07:58'),(5174,19763,0,1933,3,0,-1,'2014-04-09 15:22:47','2014-04-09 15:22:47'),(5175,19763,0,1933,6,0,-92,'2014-04-09 15:22:49','2014-04-09 15:22:49'),(5176,19766,0,1934,3,0,-1,'2014-04-09 17:53:50','2014-04-09 17:53:50'),(5177,19767,0,1934,3,0,-1,'2014-04-09 17:53:50','2014-04-09 17:53:50'),(5178,19766,0,1934,6,0,-92,'2014-04-09 17:53:53','2014-04-09 17:53:53'),(5179,19767,0,1934,6,0,-92,'2014-04-09 17:53:53','2014-04-09 17:53:53'),(5180,19771,0,1935,3,0,-1,'2014-04-09 20:39:03','2014-04-09 20:39:03'),(5181,13,0,1935,3,0,-1,'2014-04-09 20:39:03','2014-04-09 20:39:03'),(5182,19771,0,1935,6,0,-92,'2014-04-09 20:39:06','2014-04-09 20:39:06'),(5183,19775,0,1936,3,0,-1,'2014-04-09 21:40:41','2014-04-09 21:40:41'),(5184,19775,0,1936,6,0,-92,'2014-04-09 21:40:43','2014-04-09 21:40:43'),(5185,19782,0,1937,3,0,-1,'2014-04-10 09:23:38','2014-04-10 09:23:38'),(5186,19782,0,1937,6,0,-92,'2014-04-10 09:23:41','2014-04-10 09:23:41'),(5187,19794,0,1938,3,0,-1,'2014-04-10 21:32:57','2014-04-10 21:32:57'),(5188,19795,0,1938,3,0,-1,'2014-04-10 21:32:57','2014-04-10 21:32:57'),(5189,19794,0,1938,6,0,-92,'2014-04-10 21:32:59','2014-04-10 21:32:59'),(5190,19795,0,1938,6,0,-92,'2014-04-10 21:32:59','2014-04-10 21:32:59'),(5191,19805,0,1939,3,0,-1,'2014-04-10 22:25:40','2014-04-10 22:25:40'),(5192,19806,0,1939,3,0,-1,'2014-04-10 22:25:40','2014-04-10 22:25:40'),(5193,14,0,1939,3,0,-2,'2014-04-10 22:25:40','2014-04-10 22:25:40'),(5194,19805,0,1939,6,0,-92,'2014-04-10 22:25:42','2014-04-10 22:25:42'),(5195,19806,0,1939,6,0,-92,'2014-04-10 22:25:43','2014-04-10 22:25:43'),(5196,19808,0,1940,3,0,-1,'2014-04-11 11:50:23','2014-04-11 11:50:23'),(5197,19808,0,1940,6,0,-92,'2014-04-11 11:50:25','2014-04-11 11:50:25'),(5198,19810,0,1941,3,0,-1,'2014-04-11 15:27:19','2014-04-11 15:27:19'),(5199,19810,0,1941,6,0,-92,'2014-04-11 15:27:22','2014-04-11 15:27:22'),(5200,19829,0,1942,3,0,-1,'2014-04-12 14:04:33','2014-04-12 14:04:33'),(5201,19829,0,1942,6,0,-92,'2014-04-12 14:04:36','2014-04-12 14:04:36'),(5202,19833,0,1943,3,0,-1,'2014-04-12 16:11:53','2014-04-12 16:11:53'),(5203,19833,0,1943,6,0,-92,'2014-04-12 16:11:55','2014-04-12 16:11:55'),(5204,19836,0,1944,3,0,-1,'2014-04-12 20:26:41','2014-04-12 20:26:41'),(5205,19842,0,1945,3,0,-1,'2014-04-13 11:34:14','2014-04-13 11:34:14'),(5206,19842,0,1945,6,0,-92,'2014-04-13 11:34:17','2014-04-13 11:34:17'),(5207,19844,0,1946,3,0,-1,'2014-04-13 11:42:31','2014-04-13 11:42:31'),(5208,19844,0,1946,6,0,-92,'2014-04-13 11:42:37','2014-04-13 11:42:37'),(5209,19845,0,1947,3,0,-1,'2014-04-13 11:46:36','2014-04-13 11:46:36'),(5210,19845,0,1947,6,0,-92,'2014-04-13 11:46:38','2014-04-13 11:46:38'),(5211,19859,0,1948,3,0,-1,'2014-04-14 12:22:05','2014-04-14 12:22:05'),(5212,19859,0,1948,6,0,-92,'2014-04-14 12:22:07','2014-04-14 12:22:07'),(5213,19866,0,1949,3,0,-1,'2014-04-14 20:43:17','2014-04-14 20:43:17'),(5214,19866,0,1949,6,0,-92,'2014-04-14 20:43:19','2014-04-14 20:43:19'),(5215,19869,0,1950,3,0,-1,'2014-04-14 21:26:06','2014-04-14 21:26:06'),(5216,19869,0,1950,6,0,-92,'2014-04-14 21:26:08','2014-04-14 21:26:08'),(5217,19871,0,1951,3,0,-1,'2014-04-15 05:55:47','2014-04-15 05:55:47'),(5218,19872,0,1951,3,0,-1,'2014-04-15 05:55:47','2014-04-15 05:55:47'),(5219,19871,0,1951,6,0,-92,'2014-04-15 05:55:50','2014-04-15 05:55:50'),(5220,19872,0,1951,6,0,-92,'2014-04-15 05:55:50','2014-04-15 05:55:50'),(5221,19874,0,1952,3,0,-1,'2014-04-15 08:50:56','2014-04-15 08:50:56'),(5222,19874,0,1952,6,0,-92,'2014-04-15 08:50:58','2014-04-15 08:50:58'),(5223,19883,0,1953,3,0,-1,'2014-04-15 16:52:40','2014-04-15 16:52:40'),(5224,19883,0,1953,6,0,-92,'2014-04-15 16:52:43','2014-04-15 16:52:43'),(5225,19884,0,1954,3,0,-1,'2014-04-15 18:59:52','2014-04-15 18:59:52'),(5226,19885,0,1954,3,0,-1,'2014-04-15 18:59:52','2014-04-15 18:59:52'),(5227,19884,0,1954,6,0,-92,'2014-04-15 18:59:55','2014-04-15 18:59:55'),(5228,19885,0,1954,6,0,-92,'2014-04-15 18:59:55','2014-04-15 18:59:55'),(5229,19886,0,1955,3,0,-1,'2014-04-15 21:57:17','2014-04-15 21:57:17'),(5230,19886,0,1955,6,0,-92,'2014-04-15 21:57:19','2014-04-15 21:57:19'),(5231,19887,0,1956,3,0,-1,'2014-04-15 21:58:24','2014-04-15 21:58:24'),(5232,19887,0,1956,6,0,-92,'2014-04-15 21:58:27','2014-04-15 21:58:27'),(5233,19908,0,1957,3,0,-1,'2014-04-16 20:36:33','2014-04-16 20:36:33'),(5234,19908,0,1957,6,0,-92,'2014-04-16 20:36:36','2014-04-16 20:36:36'),(5235,19910,0,1958,3,0,-1,'2014-04-16 21:18:27','2014-04-16 21:18:27'),(5236,14,0,1958,3,0,-1,'2014-04-16 21:18:27','2014-04-16 21:18:27'),(5237,19910,0,1958,6,0,-92,'2014-04-16 21:18:33','2014-04-16 21:18:33'),(5238,19911,0,1959,3,0,-1,'2014-04-16 22:58:26','2014-04-16 22:58:26'),(5239,19911,0,1959,6,0,-92,'2014-04-16 22:58:28','2014-04-16 22:58:28'),(5240,19912,0,1960,3,0,-1,'2014-04-17 01:09:00','2014-04-17 01:09:00'),(5241,19912,0,1960,6,0,-92,'2014-04-17 01:09:02','2014-04-17 01:09:02'),(5242,19917,0,1961,3,0,-1,'2014-04-17 13:32:30','2014-04-17 13:32:30'),(5243,19918,0,1961,3,0,-1,'2014-04-17 13:32:30','2014-04-17 13:32:30'),(5244,19917,0,1961,6,0,-92,'2014-04-17 13:32:33','2014-04-17 13:32:33'),(5245,19918,0,1961,6,0,-92,'2014-04-17 13:32:33','2014-04-17 13:32:33'),(5246,19923,0,1962,3,0,-1,'2014-04-17 16:17:13','2014-04-17 16:17:13'),(5247,13,0,1962,3,0,-1,'2014-04-17 16:17:13','2014-04-17 16:17:13'),(5248,19923,0,1962,6,0,-92,'2014-04-17 16:17:16','2014-04-17 16:17:16'),(5249,19946,0,1963,3,0,-1,'2014-04-18 23:01:50','2014-04-18 23:01:50'),(5250,19946,0,1963,6,0,-92,'2014-04-18 23:01:53','2014-04-18 23:01:53'),(5251,19952,0,1964,3,0,-1,'2014-04-19 15:55:58','2014-04-19 15:55:58'),(5252,19953,0,1964,3,0,-1,'2014-04-19 15:55:58','2014-04-19 15:55:58'),(5253,15,0,1964,3,0,-2,'2014-04-19 15:55:58','2014-04-19 15:55:58'),(5254,19952,0,1964,6,0,-92,'2014-04-19 15:56:36','2014-04-19 15:56:36'),(5255,19953,0,1964,6,0,-92,'2014-04-19 15:56:36','2014-04-19 15:56:36'),(5256,19963,0,1965,3,0,-1,'2014-04-21 08:39:46','2014-04-21 08:39:46'),(5257,19964,0,1965,3,0,-1,'2014-04-21 08:39:46','2014-04-21 08:39:46'),(5258,19963,0,1965,6,0,-92,'2014-04-21 08:39:48','2014-04-21 08:39:48'),(5259,19964,0,1965,6,0,-92,'2014-04-21 08:39:48','2014-04-21 08:39:48'),(5260,19980,0,1966,3,0,-1,'2014-04-23 10:32:26','2014-04-23 10:32:26'),(5261,19981,0,1966,3,0,-1,'2014-04-23 10:32:26','2014-04-23 10:32:26'),(5262,19980,0,1966,6,0,-92,'2014-04-23 10:32:29','2014-04-23 10:32:29'),(5263,19981,0,1966,6,0,-92,'2014-04-23 10:32:29','2014-04-23 10:32:29'),(5264,19985,0,1967,3,0,-1,'2014-04-23 18:31:13','2014-04-23 18:31:13'),(5265,19985,0,1967,6,0,-92,'2014-04-23 18:31:15','2014-04-23 18:31:15'),(5266,19986,0,1968,3,0,-1,'2014-04-23 23:52:13','2014-04-23 23:52:13'),(5267,19986,0,1968,6,0,-92,'2014-04-23 23:52:16','2014-04-23 23:52:16'),(5268,19987,0,1969,3,0,-1,'2014-04-24 00:01:00','2014-04-24 00:01:00'),(5269,19987,0,1969,6,0,-92,'2014-04-24 00:01:05','2014-04-24 00:01:05'),(5270,19997,0,1970,3,0,-1,'2014-04-24 22:40:47','2014-04-24 22:40:47'),(5271,13,0,1970,3,0,-1,'2014-04-24 22:40:47','2014-04-24 22:40:47'),(5272,19997,0,1970,6,0,-92,'2014-04-24 22:40:50','2014-04-24 22:40:50'),(5273,20001,0,1971,3,0,-1,'2014-04-25 00:27:45','2014-04-25 00:27:45'),(5274,20001,0,1971,6,0,-92,'2014-04-25 00:27:48','2014-04-25 00:27:48'),(5275,20026,0,1972,3,0,-1,'2014-04-27 23:58:12','2014-04-27 23:58:12'),(5276,20026,0,1972,6,0,-92,'2014-04-27 23:58:15','2014-04-27 23:58:15'),(5277,20036,0,1973,3,0,-1,'2014-04-28 18:57:07','2014-04-28 18:57:07'),(5278,20036,0,1973,6,0,-92,'2014-04-28 18:57:10','2014-04-28 18:57:10'),(5279,20046,0,1974,3,0,-1,'2014-04-29 21:57:27','2014-04-29 21:57:27'),(5280,20046,0,1974,6,0,-92,'2014-04-29 21:57:29','2014-04-29 21:57:29'),(5281,20058,0,1975,3,0,-1,'2014-04-30 17:12:46','2014-04-30 17:12:46'),(5282,20058,0,1975,6,0,-92,'2014-04-30 17:12:48','2014-04-30 17:12:48'),(5283,20080,0,1976,3,0,-1,'2014-05-02 16:37:10','2014-05-02 16:37:10'),(5284,20081,0,1976,3,0,-1,'2014-05-02 16:37:10','2014-05-02 16:37:10'),(5285,20080,0,1976,6,0,-92,'2014-05-02 16:37:12','2014-05-02 16:37:12'),(5286,20081,0,1976,6,0,-92,'2014-05-02 16:37:12','2014-05-02 16:37:12'),(5287,20079,0,1977,3,0,-1,'2014-05-02 16:40:11','2014-05-02 16:40:11'),(5288,20079,0,1977,6,0,-92,'2014-05-02 16:40:15','2014-05-02 16:40:15'),(5289,20082,0,1978,3,0,-1,'2014-05-02 16:49:32','2014-05-02 16:49:32'),(5290,20082,0,1978,6,0,-92,'2014-05-02 16:49:36','2014-05-02 16:49:36'),(5291,20083,0,1979,3,0,-1,'2014-05-02 16:54:40','2014-05-02 16:54:40'),(5292,20083,0,1979,6,0,-92,'2014-05-02 16:54:44','2014-05-02 16:54:44'),(5293,20084,0,1980,3,0,-1,'2014-05-02 17:00:53','2014-05-02 17:00:53'),(5294,20084,0,1980,6,0,-92,'2014-05-02 17:00:58','2014-05-02 17:00:58'),(5295,20088,0,1981,3,0,-1,'2014-05-02 18:54:45','2014-05-02 18:54:45'),(5296,20088,0,1981,6,0,-92,'2014-05-02 18:54:47','2014-05-02 18:54:47'),(5297,20093,0,1982,3,0,-1,'2014-05-02 22:17:07','2014-05-02 22:17:07'),(5298,14,0,1982,3,0,-1,'2014-05-02 22:17:07','2014-05-02 22:17:07'),(5299,20093,0,1982,6,0,-92,'2014-05-02 22:17:09','2014-05-02 22:17:09'),(5300,20099,0,1983,3,0,-1,'2014-05-03 16:18:19','2014-05-03 16:18:19'),(5301,20099,0,1983,6,0,-92,'2014-05-03 16:18:22','2014-05-03 16:18:22'),(5302,20103,0,1984,3,0,-1,'2014-05-03 19:10:45','2014-05-03 19:10:45'),(5303,20112,0,1985,3,0,-1,'2014-05-04 16:10:35','2014-05-04 16:10:35'),(5304,20113,0,1985,3,0,-1,'2014-05-04 16:10:35','2014-05-04 16:10:35'),(5305,20112,0,1985,6,0,-92,'2014-05-04 16:10:38','2014-05-04 16:10:38'),(5306,20113,0,1985,6,0,-92,'2014-05-04 16:10:38','2014-05-04 16:10:38'),(5307,20117,0,1986,3,0,-1,'2014-05-04 18:26:09','2014-05-04 18:26:09'),(5308,20117,0,1986,6,0,-92,'2014-05-04 18:26:11','2014-05-04 18:26:11'),(5309,20118,0,1987,3,0,-1,'2014-05-04 22:20:26','2014-05-04 22:20:26'),(5310,20118,0,1987,6,0,-92,'2014-05-04 22:20:29','2014-05-04 22:20:29'),(5311,20123,0,1988,3,0,-1,'2014-05-05 11:27:47','2014-05-05 11:27:47'),(5312,20123,0,1988,6,0,-92,'2014-05-05 11:27:49','2014-05-05 11:27:49'),(5313,20134,0,1989,3,0,-1,'2014-05-05 18:23:43','2014-05-05 18:23:43'),(5314,20134,0,1989,6,0,-92,'2014-05-05 18:23:45','2014-05-05 18:23:45'),(5315,20139,0,1990,3,0,-1,'2014-05-05 21:56:52','2014-05-05 21:56:52'),(5316,20140,0,1990,3,0,-1,'2014-05-05 21:56:52','2014-05-05 21:56:52'),(5317,20139,0,1990,6,0,-92,'2014-05-05 21:56:54','2014-05-05 21:56:54'),(5318,20140,0,1990,6,0,-92,'2014-05-05 21:56:54','2014-05-05 21:56:54'),(5319,20144,0,1991,3,0,-1,'2014-05-06 10:13:33','2014-05-06 10:13:33'),(5320,14,0,1991,3,0,-2,'2014-05-06 10:13:33','2014-05-06 10:13:33'),(5321,20144,0,1991,6,0,-92,'2014-05-06 10:13:35','2014-05-06 10:13:35'),(5322,20149,0,1992,3,0,-1,'2014-05-06 15:26:31','2014-05-06 15:26:31'),(5323,20149,0,1992,6,0,-92,'2014-05-06 15:26:34','2014-05-06 15:26:34'),(5324,20151,0,1993,3,0,-1,'2014-05-06 17:33:18','2014-05-06 17:33:18'),(5325,20151,0,1993,6,0,-92,'2014-05-06 17:33:20','2014-05-06 17:33:20'),(5326,20153,0,1994,3,0,-1,'2014-05-07 16:43:46','2014-05-07 16:43:46'),(5327,20153,0,1994,6,0,-92,'2014-05-07 16:43:48','2014-05-07 16:43:48'),(5328,20170,0,1995,3,0,-1,'2014-05-09 14:47:12','2014-05-09 14:47:12'),(5329,14,0,1995,3,0,-2,'2014-05-09 14:47:12','2014-05-09 14:47:12'),(5330,20170,0,1995,6,0,-92,'2014-05-09 14:47:14','2014-05-09 14:47:14'),(5331,20185,0,1996,3,0,-1,'2014-05-10 19:12:59','2014-05-10 19:12:59'),(5332,20186,0,1996,3,0,-1,'2014-05-10 19:13:00','2014-05-10 19:13:00'),(5333,20185,0,1996,6,0,-92,'2014-05-10 19:13:02','2014-05-10 19:13:02'),(5334,20186,0,1996,6,0,-92,'2014-05-10 19:13:02','2014-05-10 19:13:02'),(5335,20191,0,1997,3,0,-1,'2014-05-11 14:50:49','2014-05-11 14:50:49'),(5336,20191,0,1997,6,0,-92,'2014-05-11 14:50:51','2014-05-11 14:50:51'),(5337,20209,0,1998,3,0,-1,'2014-05-12 23:04:55','2014-05-12 23:04:55'),(5338,20209,0,1998,6,0,-92,'2014-05-12 23:04:57','2014-05-12 23:04:57'),(5339,20220,0,1999,3,0,-1,'2014-05-13 23:19:01','2014-05-13 23:19:01'),(5340,14,0,1999,3,0,-1,'2014-05-13 23:19:01','2014-05-13 23:19:01'),(5341,20220,0,1999,6,0,-92,'2014-05-13 23:19:03','2014-05-13 23:19:03'),(5342,20228,0,2000,3,0,-1,'2014-05-15 09:47:19','2014-05-15 09:47:19'),(5343,20228,0,2000,6,0,-92,'2014-05-15 09:47:21','2014-05-15 09:47:21'),(5344,20237,0,2001,3,0,-1,'2014-05-16 11:35:04','2014-05-16 11:35:04'),(5345,14,0,2001,3,0,-2,'2014-05-16 11:35:04','2014-05-16 11:35:04'),(5346,20237,0,2001,6,0,-92,'2014-05-16 11:35:06','2014-05-16 11:35:06'),(5347,20242,0,2002,3,0,-1,'2014-05-16 20:48:26','2014-05-16 20:48:26'),(5348,20242,0,2002,6,0,-92,'2014-05-16 20:48:28','2014-05-16 20:48:28'),(5349,20250,0,2003,3,0,-1,'2014-05-18 14:16:37','2014-05-18 14:16:37'),(5350,14,0,2003,3,0,-1,'2014-05-18 14:16:37','2014-05-18 14:16:37'),(5351,20250,0,2003,6,0,-92,'2014-05-18 14:16:40','2014-05-18 14:16:40'),(5352,20251,0,2004,3,0,-1,'2014-05-19 14:15:29','2014-05-19 14:15:29'),(5353,20251,0,2004,6,0,-92,'2014-05-19 14:15:36','2014-05-19 14:15:36'),(5354,20253,0,2005,3,0,-1,'2014-05-19 15:15:15','2014-05-19 15:15:15'),(5355,20253,0,2005,6,0,-92,'2014-05-19 15:15:17','2014-05-19 15:15:17'),(5356,20255,0,2006,3,0,-1,'2014-05-19 15:31:57','2014-05-19 15:31:57'),(5357,20255,0,2006,6,0,-92,'2014-05-19 15:31:59','2014-05-19 15:31:59'),(5358,20256,0,2007,3,0,-1,'2014-05-19 20:54:42','2014-05-19 20:54:42'),(5359,14,0,2007,3,0,-1,'2014-05-19 20:54:42','2014-05-19 20:54:42'),(5360,20256,0,2007,6,0,-92,'2014-05-19 20:54:45','2014-05-19 20:54:45'),(5361,20259,0,2008,3,0,-1,'2014-05-20 08:39:28','2014-05-20 08:39:28'),(5362,20259,0,2008,6,0,-92,'2014-05-20 08:39:30','2014-05-20 08:39:30'),(5363,20277,0,2009,3,0,-1,'2014-05-21 08:13:13','2014-05-21 08:13:13'),(5364,20277,0,2009,6,0,-92,'2014-05-21 08:13:15','2014-05-21 08:13:15'),(5365,20282,0,2010,3,0,-1,'2014-05-21 16:15:06','2014-05-21 16:15:06'),(5366,20283,0,2010,3,0,-1,'2014-05-21 16:15:06','2014-05-21 16:15:06'),(5367,14,0,2010,3,0,-1,'2014-05-21 16:15:06','2014-05-21 16:15:06'),(5368,20282,0,2010,6,0,-92,'2014-05-21 16:15:08','2014-05-21 16:15:08'),(5369,20283,0,2010,6,0,-92,'2014-05-21 16:15:08','2014-05-21 16:15:08'),(5370,20298,0,2011,3,0,-1,'2014-05-22 17:58:23','2014-05-22 17:58:23'),(5371,20298,0,2011,6,0,-92,'2014-05-22 17:58:25','2014-05-22 17:58:25'),(5372,20302,0,2012,3,0,-1,'2014-05-22 21:36:30','2014-05-22 21:36:30'),(5373,20302,0,2012,6,0,-92,'2014-05-22 21:36:32','2014-05-22 21:36:32'),(5374,20304,0,2013,3,0,-1,'2014-05-23 00:01:54','2014-05-23 00:01:54'),(5375,20304,0,2013,6,0,-92,'2014-05-23 00:01:56','2014-05-23 00:01:56'),(5376,20326,0,2014,3,0,-1,'2014-05-25 09:27:52','2014-05-25 09:27:52'),(5377,20326,0,2014,6,0,-92,'2014-05-25 09:27:57','2014-05-25 09:27:57'),(5378,20329,0,2015,3,0,-1,'2014-05-25 17:31:18','2014-05-25 17:31:18'),(5379,20329,0,2015,6,0,-92,'2014-05-25 17:31:21','2014-05-25 17:31:21'),(5380,20333,0,2016,3,0,-1,'2014-05-25 21:56:43','2014-05-25 21:56:43'),(5381,14,0,2016,3,0,-1,'2014-05-25 21:56:43','2014-05-25 21:56:43'),(5382,20333,0,2016,6,0,-92,'2014-05-25 21:56:46','2014-05-25 21:56:46'),(5383,20340,0,2017,3,0,-1,'2014-05-26 11:14:49','2014-05-26 11:14:49'),(5384,20340,0,2017,6,0,-92,'2014-05-26 11:14:51','2014-05-26 11:14:51'),(5385,20374,0,2018,3,0,-1,'2014-05-27 16:58:57','2014-05-27 16:58:57'),(5386,20375,0,2018,3,0,-1,'2014-05-27 16:58:57','2014-05-27 16:58:57'),(5387,14,0,2018,3,0,-4,'2014-05-27 16:58:57','2014-05-27 16:58:57'),(5388,20374,0,2018,6,0,-92,'2014-05-27 16:59:00','2014-05-27 16:59:00'),(5389,20375,0,2018,6,0,-92,'2014-05-27 16:59:00','2014-05-27 16:59:00'),(5390,20383,0,2019,3,0,-1,'2014-05-28 14:18:33','2014-05-28 14:18:33'),(5391,20383,0,2019,6,0,-92,'2014-05-28 14:18:35','2014-05-28 14:18:35'),(5392,20400,0,2020,3,0,-1,'2014-05-30 23:59:02','2014-05-30 23:59:02'),(5393,20400,0,2020,6,0,-92,'2014-05-30 23:59:06','2014-05-30 23:59:06'),(5394,20407,0,2021,3,0,-1,'2014-06-02 11:11:27','2014-06-02 11:11:27'),(5395,15,0,2021,3,0,-1,'2014-06-02 11:11:27','2014-06-02 11:11:27'),(5396,20407,0,2021,6,0,-92,'2014-06-02 11:11:29','2014-06-02 11:11:29'),(5397,20434,0,2022,3,0,-1,'2014-06-04 12:43:16','2014-06-04 12:43:16'),(5398,14,0,2022,3,0,-2,'2014-06-04 12:43:16','2014-06-04 12:43:16'),(5399,20434,0,2022,6,0,-92,'2014-06-04 12:43:18','2014-06-04 12:43:18'),(5400,20435,0,2023,3,0,-1,'2014-06-04 13:30:49','2014-06-04 13:30:49'),(5401,14,0,2023,3,0,-2,'2014-06-04 13:30:49','2014-06-04 13:30:49'),(5402,20435,0,2023,6,0,-92,'2014-06-04 13:30:51','2014-06-04 13:30:51'),(5403,20451,0,2024,3,0,-1,'2014-06-05 11:41:19','2014-06-05 11:41:19'),(5404,20451,0,2024,6,0,-92,'2014-06-05 11:41:22','2014-06-05 11:41:22'),(5405,20467,0,2025,3,0,-1,'2014-06-06 18:39:12','2014-06-06 18:39:12'),(5406,20468,0,2025,3,0,-1,'2014-06-06 18:39:12','2014-06-06 18:39:12'),(5407,20467,0,2025,6,0,-92,'2014-06-06 18:39:14','2014-06-06 18:39:14'),(5408,20468,0,2025,6,0,-92,'2014-06-06 18:39:14','2014-06-06 18:39:14'),(5409,20476,0,2026,3,0,-1,'2014-06-09 10:28:43','2014-06-09 10:28:43'),(5410,20476,0,2026,6,0,-92,'2014-06-09 10:28:45','2014-06-09 10:28:45'),(5411,20481,0,2027,3,0,-1,'2014-06-09 16:49:41','2014-06-09 16:49:41'),(5412,20481,0,2027,6,0,-92,'2014-06-09 16:49:43','2014-06-09 16:49:43'),(5413,20514,0,2028,3,0,-1,'2014-06-15 14:31:21','2014-06-15 14:31:21'),(5414,20514,0,2028,6,0,-92,'2014-06-15 14:31:23','2014-06-15 14:31:23'),(5415,20525,0,2029,3,0,-1,'2014-06-16 19:08:39','2014-06-16 19:08:39'),(5416,14,0,2029,3,0,-4,'2014-06-16 19:08:39','2014-06-16 19:08:39'),(5417,15,0,2029,3,0,-1,'2014-06-16 19:08:39','2014-06-16 19:08:39'),(5418,20525,0,2029,6,0,-92,'2014-06-16 19:08:42','2014-06-16 19:08:42'),(5419,20541,0,2030,3,0,-1,'2014-06-17 15:16:36','2014-06-17 15:16:36'),(5420,14,0,2030,3,0,-4,'2014-06-17 15:16:36','2014-06-17 15:16:36'),(5421,15,0,2030,3,0,-1,'2014-06-17 15:16:36','2014-06-17 15:16:36'),(5422,20541,0,2030,6,0,-92,'2014-06-17 15:16:39','2014-06-17 15:16:39'),(5423,20555,0,2031,3,0,-1,'2014-06-18 20:45:18','2014-06-18 20:45:18'),(5424,20555,0,2031,6,0,-92,'2014-06-18 20:45:21','2014-06-18 20:45:21'),(5425,20557,0,2032,3,0,-1,'2014-06-18 23:12:37','2014-06-18 23:12:37'),(5426,20557,0,2032,6,0,-92,'2014-06-18 23:12:39','2014-06-18 23:12:39'),(5427,20577,0,2033,3,0,-1,'2014-06-21 10:36:40','2014-06-21 10:36:40'),(5428,20577,0,2033,6,0,-92,'2014-06-21 10:36:42','2014-06-21 10:36:42'),(5429,20594,0,2034,3,0,-1,'2014-06-23 12:03:15','2014-06-23 12:03:15'),(5430,20594,0,2034,6,0,-92,'2014-06-23 12:03:17','2014-06-23 12:03:17'),(5431,20607,0,2035,3,0,-1,'2014-06-23 17:09:49','2014-06-23 17:09:49'),(5432,14,0,2035,3,0,-3,'2014-06-23 17:09:49','2014-06-23 17:09:49'),(5433,20607,0,2035,6,0,-92,'2014-06-23 17:09:52','2014-06-23 17:09:52'),(5434,20617,0,2036,3,0,-1,'2014-06-24 00:00:01','2014-06-24 00:00:01'),(5435,20617,0,2036,6,0,-92,'2014-06-24 00:00:08','2014-06-24 00:00:08'),(5436,20626,0,2037,3,0,-1,'2014-06-24 15:45:07','2014-06-24 15:45:07'),(5437,14,0,2037,3,0,-1,'2014-06-24 15:45:07','2014-06-24 15:45:07'),(5438,20626,0,2037,6,0,-92,'2014-06-24 15:45:09','2014-06-24 15:45:09'),(5439,20646,0,2038,3,0,-1,'2014-06-26 08:58:42','2014-06-26 08:58:42'),(5440,20647,0,2038,3,0,-1,'2014-06-26 08:58:42','2014-06-26 08:58:42'),(5441,14,0,2038,3,0,-4,'2014-06-26 08:58:42','2014-06-26 08:58:42'),(5442,20646,0,2038,6,0,-92,'2014-06-26 08:58:45','2014-06-26 08:58:45'),(5443,20647,0,2038,6,0,-92,'2014-06-26 08:58:45','2014-06-26 08:58:45'),(5444,20651,0,2039,3,0,-1,'2014-06-26 17:24:26','2014-06-26 17:24:26'),(5445,20652,0,2039,3,0,-1,'2014-06-26 17:24:26','2014-06-26 17:24:26'),(5446,20651,0,2039,6,0,-92,'2014-06-26 17:24:29','2014-06-26 17:24:29'),(5447,20652,0,2039,6,0,-92,'2014-06-26 17:24:29','2014-06-26 17:24:29'),(5448,20663,0,2040,3,0,-1,'2014-06-26 23:17:15','2014-06-26 23:17:15'),(5449,20664,0,2040,3,0,-1,'2014-06-26 23:17:15','2014-06-26 23:17:15'),(5450,20663,0,2040,6,0,-92,'2014-06-26 23:17:18','2014-06-26 23:17:18'),(5451,20664,0,2040,6,0,-92,'2014-06-26 23:17:18','2014-06-26 23:17:18'),(5452,20669,0,2041,3,0,-1,'2014-06-28 10:05:35','2014-06-28 10:05:35'),(5453,20669,0,2041,6,0,-92,'2014-06-28 10:05:37','2014-06-28 10:05:37'),(5454,20687,0,2042,3,0,-1,'2014-06-30 09:20:31','2014-06-30 09:20:31'),(5455,20687,0,2042,6,0,-92,'2014-06-30 09:20:33','2014-06-30 09:20:33'),(5456,20704,0,2043,3,0,-1,'2014-06-30 17:05:28','2014-06-30 17:05:28'),(5457,20706,0,2043,3,0,-1,'2014-06-30 17:05:28','2014-06-30 17:05:28'),(5458,20704,0,2043,6,0,-92,'2014-06-30 17:05:31','2014-06-30 17:05:31'),(5459,20706,0,2043,6,0,-92,'2014-06-30 17:05:31','2014-06-30 17:05:31'),(5460,20708,0,2044,3,0,-1,'2014-06-30 19:10:02','2014-06-30 19:10:02'),(5461,20708,0,2044,6,0,-92,'2014-06-30 19:10:04','2014-06-30 19:10:04'),(5462,20710,0,2045,3,0,-1,'2014-06-30 21:15:53','2014-06-30 21:15:53'),(5463,20711,0,2045,3,0,-1,'2014-06-30 21:15:53','2014-06-30 21:15:53'),(5464,13,0,2045,3,0,-2,'2014-06-30 21:15:53','2014-06-30 21:15:53'),(5465,20710,0,2045,6,0,-92,'2014-06-30 21:15:56','2014-06-30 21:15:56'),(5466,20711,0,2045,6,0,-92,'2014-06-30 21:15:56','2014-06-30 21:15:56'),(5467,20712,0,2046,3,0,-1,'2014-06-30 21:33:22','2014-06-30 21:33:22'),(5468,20712,0,2046,6,0,-92,'2014-06-30 21:33:25','2014-06-30 21:33:25'),(5469,20725,0,2047,3,0,-1,'2014-07-01 17:32:59','2014-07-01 17:32:59'),(5470,20725,0,2047,6,0,-92,'2014-07-01 17:33:02','2014-07-01 17:33:02'),(5471,20727,0,2048,3,0,-1,'2014-07-01 19:13:31','2014-07-01 19:13:31'),(5472,20727,0,2048,6,0,-92,'2014-07-01 19:13:33','2014-07-01 19:13:33'),(5473,20728,0,2049,3,0,-1,'2014-07-01 21:15:21','2014-07-01 21:15:21'),(5474,20729,0,2049,3,0,-1,'2014-07-01 21:15:21','2014-07-01 21:15:21'),(5475,20728,0,2049,6,0,-92,'2014-07-01 21:15:23','2014-07-01 21:15:23'),(5476,20729,0,2049,6,0,-92,'2014-07-01 21:15:23','2014-07-01 21:15:23'),(5477,20730,0,2050,3,0,-1,'2014-07-01 21:29:11','2014-07-01 21:29:11'),(5478,20731,0,2050,3,0,-1,'2014-07-01 21:29:12','2014-07-01 21:29:12'),(5479,20730,0,2050,6,0,-92,'2014-07-01 21:29:14','2014-07-01 21:29:14'),(5480,20731,0,2050,6,0,-92,'2014-07-01 21:29:14','2014-07-01 21:29:14'),(5481,20732,0,2051,3,0,-1,'2014-07-01 22:35:27','2014-07-01 22:35:27'),(5482,20733,0,2051,3,0,-1,'2014-07-01 22:35:27','2014-07-01 22:35:27'),(5483,12,0,2051,3,0,-2,'2014-07-01 22:35:27','2014-07-01 22:35:27'),(5484,20732,0,2051,6,0,-95,'2014-07-01 22:35:30','2014-07-01 22:35:30'),(5485,20733,0,2051,6,0,-95,'2014-07-01 22:35:31','2014-07-01 22:35:31'),(5486,20735,0,2052,3,0,-1,'2014-07-01 23:20:01','2014-07-01 23:20:01'),(5487,14,0,2052,3,0,-1,'2014-07-01 23:20:01','2014-07-01 23:20:01'),(5488,20735,0,2052,6,0,-92,'2014-07-01 23:20:03','2014-07-01 23:20:03'),(5489,20736,0,2053,3,0,-1,'2014-07-01 23:28:30','2014-07-01 23:28:30'),(5490,14,0,2053,3,0,-1,'2014-07-01 23:28:31','2014-07-01 23:28:31'),(5491,20736,0,2053,6,0,-92,'2014-07-01 23:28:35','2014-07-01 23:28:35'),(5492,20748,0,2054,3,0,-1,'2014-07-03 14:55:19','2014-07-03 14:55:19'),(5493,20749,0,2054,3,0,-1,'2014-07-03 14:55:19','2014-07-03 14:55:19'),(5494,20748,0,2054,6,0,-92,'2014-07-03 14:55:22','2014-07-03 14:55:22'),(5495,20749,0,2054,6,0,-92,'2014-07-03 14:55:22','2014-07-03 14:55:22'),(5496,20751,0,2055,3,0,-1,'2014-07-03 15:40:38','2014-07-03 15:40:38'),(5497,20752,0,2055,3,0,-1,'2014-07-03 15:40:38','2014-07-03 15:40:38'),(5498,20751,0,2055,6,0,-92,'2014-07-03 15:40:40','2014-07-03 15:40:40'),(5499,20752,0,2055,6,0,-92,'2014-07-03 15:40:40','2014-07-03 15:40:40'),(5500,20774,0,2056,3,0,-1,'2014-07-06 05:35:10','2014-07-06 05:35:10'),(5501,20775,0,2056,3,0,-1,'2014-07-06 05:35:11','2014-07-06 05:35:11'),(5502,20774,0,2056,6,0,-92,'2014-07-06 05:35:13','2014-07-06 05:35:13'),(5503,20775,0,2056,6,0,-92,'2014-07-06 05:35:13','2014-07-06 05:35:13'),(5504,20777,0,2057,3,0,-1,'2014-07-06 10:17:48','2014-07-06 10:17:48'),(5505,20777,0,2057,6,0,-92,'2014-07-06 10:17:50','2014-07-06 10:17:50'),(5506,20798,0,2058,3,0,-1,'2014-07-07 14:59:06','2014-07-07 14:59:06'),(5507,20799,0,2058,3,0,-1,'2014-07-07 14:59:06','2014-07-07 14:59:06'),(5508,20798,0,2058,6,0,-92,'2014-07-07 14:59:08','2014-07-07 14:59:08'),(5509,20799,0,2058,6,0,-92,'2014-07-07 14:59:08','2014-07-07 14:59:08'),(5510,20810,0,2059,3,0,-1,'2014-07-08 09:51:55','2014-07-08 09:51:55'),(5511,20810,0,2059,6,0,-92,'2014-07-08 09:51:57','2014-07-08 09:51:57'),(5512,20794,0,2060,3,0,-1,'2014-07-08 10:01:49','2014-07-08 10:01:49'),(5513,20794,0,2060,6,0,-100,'2014-07-08 10:01:52','2014-07-08 10:01:52'),(5514,20813,0,2061,3,0,-1,'2014-07-08 15:51:14','2014-07-08 15:51:14'),(5515,20813,0,2061,6,0,-92,'2014-07-08 15:51:17','2014-07-08 15:51:17'),(5516,20819,0,2062,3,0,-1,'2014-07-08 21:38:46','2014-07-08 21:38:46'),(5517,20819,0,2062,6,0,-92,'2014-07-08 21:38:48','2014-07-08 21:38:48'),(5518,20829,0,2063,3,0,-1,'2014-07-09 17:05:35','2014-07-09 17:05:35'),(5519,20829,0,2063,6,0,-92,'2014-07-09 17:05:37','2014-07-09 17:05:37'),(5520,20850,0,2064,3,0,-1,'2014-07-11 23:26:26','2014-07-11 23:26:26'),(5521,20850,0,2064,6,0,-92,'2014-07-11 23:26:28','2014-07-11 23:26:28'),(5522,20861,0,2065,3,0,-1,'2014-07-13 11:23:21','2014-07-13 11:23:21'),(5523,20861,0,2065,6,0,-92,'2014-07-13 11:23:24','2014-07-13 11:23:24'),(5524,20865,0,2066,3,0,-1,'2014-07-13 16:42:18','2014-07-13 16:42:18'),(5525,20865,0,2066,6,0,-92,'2014-07-13 16:42:20','2014-07-13 16:42:20'),(5526,20868,0,2067,3,0,-1,'2014-07-13 17:08:02','2014-07-13 17:08:02'),(5527,20868,0,2067,6,0,-92,'2014-07-13 17:08:04','2014-07-13 17:08:04'),(5528,20870,0,2068,3,0,-1,'2014-07-14 11:27:32','2014-07-14 11:27:32'),(5529,20870,0,2068,6,0,-92,'2014-07-14 11:27:35','2014-07-14 11:27:35'),(5530,20889,0,2069,3,0,-1,'2014-07-14 13:58:14','2014-07-14 13:58:14'),(5531,20889,0,2069,6,0,-92,'2014-07-14 13:58:16','2014-07-14 13:58:16'),(5532,20892,0,2070,3,0,-1,'2014-07-14 17:44:34','2014-07-14 17:44:34'),(5533,20892,0,2070,6,0,-92,'2014-07-14 17:44:36','2014-07-14 17:44:36'),(5534,20908,0,2071,3,0,-1,'2014-07-15 16:30:41','2014-07-15 16:30:41'),(5535,20908,0,2071,6,0,-92,'2014-07-15 16:30:43','2014-07-15 16:30:43'),(5536,20852,0,2072,3,0,-1,'2014-07-16 22:23:16','2014-07-16 22:23:16'),(5537,20853,0,2072,3,0,-1,'2014-07-16 22:23:16','2014-07-16 22:23:16'),(5538,20852,0,2072,6,0,-92,'2014-07-16 22:23:19','2014-07-16 22:23:19'),(5539,20853,0,2072,6,0,-92,'2014-07-16 22:23:19','2014-07-16 22:23:19'),(5540,20945,0,2073,3,0,-1,'2014-07-16 23:54:05','2014-07-16 23:54:05'),(5541,20946,0,2073,3,0,-1,'2014-07-16 23:54:06','2014-07-16 23:54:06'),(5542,14,0,2073,3,0,-4,'2014-07-16 23:54:06','2014-07-16 23:54:06'),(5543,20945,0,2073,6,0,-92,'2014-07-16 23:54:08','2014-07-16 23:54:08'),(5544,20946,0,2073,6,0,-92,'2014-07-16 23:54:08','2014-07-16 23:54:08'),(5545,20965,0,2074,3,0,-1,'2014-07-18 17:03:00','2014-07-18 17:03:00'),(5546,20965,0,2074,6,0,-92,'2014-07-18 17:03:05','2014-07-18 17:03:05'),(5547,20968,0,2075,3,0,-1,'2014-07-19 09:10:31','2014-07-19 09:10:31'),(5548,20968,0,2075,6,0,-92,'2014-07-19 09:10:33','2014-07-19 09:10:33'),(5549,20972,0,2076,3,0,-1,'2014-07-19 11:42:40','2014-07-19 11:42:40'),(5550,20973,0,2076,3,0,-1,'2014-07-19 11:42:40','2014-07-19 11:42:40'),(5551,20972,0,2076,6,0,-92,'2014-07-19 11:42:43','2014-07-19 11:42:43'),(5552,20973,0,2076,6,0,-92,'2014-07-19 11:42:43','2014-07-19 11:42:43'),(5553,20984,0,2077,3,0,-1,'2014-07-20 12:56:25','2014-07-20 12:56:25'),(5554,20984,0,2077,6,0,-92,'2014-07-20 12:56:27','2014-07-20 12:56:27'),(5555,20994,0,2078,3,0,-1,'2014-07-20 19:03:35','2014-07-20 19:03:35'),(5556,20994,0,2078,6,0,-92,'2014-07-20 19:03:39','2014-07-20 19:03:39'),(5557,21002,0,2079,3,0,-1,'2014-07-20 23:41:04','2014-07-20 23:41:04'),(5558,21002,0,2079,6,0,-92,'2014-07-20 23:41:07','2014-07-20 23:41:07'),(5559,21014,0,2080,3,0,-1,'2014-07-21 12:34:21','2014-07-21 12:34:21'),(5560,21014,0,2080,6,0,-92,'2014-07-21 12:34:23','2014-07-21 12:34:23'),(5561,21036,0,2081,3,0,-1,'2014-07-22 11:52:15','2014-07-22 11:52:15'),(5562,21036,0,2081,6,0,-92,'2014-07-22 11:52:17','2014-07-22 11:52:17'),(5563,21037,0,2082,3,0,-1,'2014-07-22 11:55:30','2014-07-22 11:55:30'),(5564,21038,0,2082,3,0,-1,'2014-07-22 11:55:30','2014-07-22 11:55:30'),(5565,21037,0,2082,6,0,-92,'2014-07-22 11:55:33','2014-07-22 11:55:33'),(5566,21038,0,2082,6,0,-92,'2014-07-22 11:55:33','2014-07-22 11:55:33'),(5567,21046,0,2083,3,0,-1,'2014-07-22 15:42:39','2014-07-22 15:42:39'),(5568,21046,0,2083,6,0,-92,'2014-07-22 15:42:42','2014-07-22 15:42:42'),(5569,21055,0,2084,3,0,-1,'2014-07-23 10:43:52','2014-07-23 10:43:52'),(5570,21055,0,2084,6,0,-92,'2014-07-23 10:43:54','2014-07-23 10:43:54'),(5571,21059,0,2085,3,0,-1,'2014-07-23 14:53:21','2014-07-23 14:53:21'),(5572,21059,0,2085,6,0,-92,'2014-07-23 14:53:23','2014-07-23 14:53:23'),(5573,21096,0,2086,3,0,-1,'2014-07-26 01:20:02','2014-07-26 01:20:02'),(5574,21096,0,2086,6,0,-92,'2014-07-26 01:20:05','2014-07-26 01:20:05'),(5575,21099,0,2087,3,0,-1,'2014-07-26 11:47:52','2014-07-26 11:47:52'),(5576,21099,0,2087,6,0,-92,'2014-07-26 11:47:54','2014-07-26 11:47:54'),(5577,21104,0,2088,3,0,-1,'2014-07-26 16:33:38','2014-07-26 16:33:38'),(5578,21104,0,2088,6,0,-92,'2014-07-26 16:33:41','2014-07-26 16:33:41'),(5579,21118,0,2089,3,0,-1,'2014-07-27 22:22:43','2014-07-27 22:22:43'),(5580,21118,0,2089,6,0,-92,'2014-07-27 22:22:46','2014-07-27 22:22:46'),(5581,21122,0,2090,3,0,-1,'2014-07-28 12:27:33','2014-07-28 12:27:33'),(5582,21122,0,2090,6,0,-92,'2014-07-28 12:27:35','2014-07-28 12:27:35'),(5583,21143,0,2091,3,0,-1,'2014-07-29 12:01:15','2014-07-29 12:01:15'),(5584,21144,0,2091,3,0,-1,'2014-07-29 12:01:15','2014-07-29 12:01:15'),(5585,21143,0,2091,6,0,-92,'2014-07-29 12:01:18','2014-07-29 12:01:18'),(5586,21144,0,2091,6,0,-92,'2014-07-29 12:01:18','2014-07-29 12:01:18'),(5587,21151,0,2092,3,0,-1,'2014-07-29 17:16:18','2014-07-29 17:16:18'),(5588,21152,0,2092,3,0,-1,'2014-07-29 17:16:18','2014-07-29 17:16:18'),(5589,21151,0,2092,6,0,-92,'2014-07-29 17:16:20','2014-07-29 17:16:20'),(5590,21152,0,2092,6,0,-92,'2014-07-29 17:16:20','2014-07-29 17:16:20'),(5591,21157,0,2093,3,0,-1,'2014-07-29 22:06:23','2014-07-29 22:06:23'),(5592,21157,0,2093,6,0,-92,'2014-07-29 22:06:25','2014-07-29 22:06:25'),(5593,21164,0,2094,3,0,-1,'2014-07-30 10:51:38','2014-07-30 10:51:38'),(5594,21164,0,2094,6,0,-92,'2014-07-30 10:51:41','2014-07-30 10:51:41'),(5595,21170,0,2095,3,0,-1,'2014-07-30 16:30:44','2014-07-30 16:30:44'),(5596,21170,0,2095,6,0,-92,'2014-07-30 16:30:46','2014-07-30 16:30:46'),(5597,21173,0,2096,3,0,-1,'2014-07-30 16:34:15','2014-07-30 16:34:15'),(5598,21173,0,2096,6,0,-92,'2014-07-30 16:34:18','2014-07-30 16:34:18'),(5599,21175,0,2097,3,0,-1,'2014-07-30 17:59:10','2014-07-30 17:59:10'),(5600,21175,0,2097,6,0,-92,'2014-07-30 17:59:12','2014-07-30 17:59:12'),(5601,21176,0,2098,3,0,-1,'2014-07-30 18:01:54','2014-07-30 18:01:54'),(5602,21176,0,2098,6,0,-92,'2014-07-30 18:01:56','2014-07-30 18:01:56'),(5603,21177,0,2099,3,0,-1,'2014-07-30 18:56:49','2014-07-30 18:56:49'),(5604,14,0,2099,3,0,-1,'2014-07-30 18:56:51','2014-07-30 18:56:51'),(5605,21177,0,2099,6,0,-92,'2014-07-30 18:56:54','2014-07-30 18:56:54'),(5606,21187,0,2100,3,0,-1,'2014-07-31 10:14:54','2014-07-31 10:14:54'),(5607,14,0,2100,3,0,-1,'2014-07-31 10:14:54','2014-07-31 10:14:54'),(5608,21187,0,2100,6,0,-92,'2014-07-31 10:14:57','2014-07-31 10:14:57'),(5609,21189,0,2101,3,0,-1,'2014-07-31 11:09:59','2014-07-31 11:09:59'),(5610,21189,0,2101,6,0,-92,'2014-07-31 11:10:01','2014-07-31 11:10:01'),(5611,21197,0,2102,3,0,-1,'2014-07-31 15:55:09','2014-07-31 15:55:09'),(5612,21197,0,2102,6,0,-92,'2014-07-31 15:55:11','2014-07-31 15:55:11'),(5613,21200,0,2103,3,0,-1,'2014-07-31 18:49:16','2014-07-31 18:49:16'),(5614,21200,0,2103,6,0,-92,'2014-07-31 18:49:19','2014-07-31 18:49:19'),(5615,21209,0,2104,3,0,-1,'2014-08-01 14:45:56','2014-08-01 14:45:56'),(5616,21209,0,2104,6,0,-92,'2014-08-01 14:45:59','2014-08-01 14:45:59'),(5617,21241,0,2105,3,0,-1,'2014-08-02 21:10:56','2014-08-02 21:10:56'),(5618,15,0,2105,3,0,-1,'2014-08-02 21:10:56','2014-08-02 21:10:56'),(5619,21241,0,2105,6,0,-92,'2014-08-02 21:10:59','2014-08-02 21:10:59'),(5620,21247,0,2106,3,0,-1,'2014-08-03 11:21:46','2014-08-03 11:21:46'),(5621,21247,0,2106,6,0,-92,'2014-08-03 11:21:48','2014-08-03 11:21:48'),(5622,21258,0,2107,3,0,-1,'2014-08-04 12:56:33','2014-08-04 12:56:33'),(5623,15,0,2107,3,0,-2,'2014-08-04 12:56:34','2014-08-04 12:56:34'),(5624,21258,0,2107,6,0,-92,'2014-08-04 12:56:37','2014-08-04 12:56:37'),(5625,21261,0,2108,3,0,-1,'2014-08-04 16:52:26','2014-08-04 16:52:26'),(5626,21261,0,2108,6,0,-92,'2014-08-04 16:52:28','2014-08-04 16:52:28'),(5627,21270,0,2109,3,0,-1,'2014-08-04 23:04:21','2014-08-04 23:04:21'),(5628,13,0,2109,3,0,-1,'2014-08-04 23:04:21','2014-08-04 23:04:21'),(5629,17,0,2109,3,0,-1,'2014-08-04 23:04:21','2014-08-04 23:04:21'),(5630,21270,0,2109,6,0,-92,'2014-08-04 23:04:24','2014-08-04 23:04:24'),(5631,21280,0,2110,3,0,-1,'2014-08-05 18:53:08','2014-08-05 18:53:08'),(5632,21281,0,2110,3,0,-1,'2014-08-05 18:53:09','2014-08-05 18:53:09'),(5633,21280,0,2110,6,0,-92,'2014-08-05 18:53:11','2014-08-05 18:53:11'),(5634,21281,0,2110,6,0,-92,'2014-08-05 18:53:11','2014-08-05 18:53:11'),(5635,21284,0,2111,3,0,-1,'2014-08-05 20:17:33','2014-08-05 20:17:33'),(5636,15,0,2111,3,0,-1,'2014-08-05 20:17:33','2014-08-05 20:17:33'),(5637,13,0,2111,3,0,-1,'2014-08-05 20:17:33','2014-08-05 20:17:33'),(5638,21284,0,2111,6,0,-92,'2014-08-05 20:17:36','2014-08-05 20:17:36'),(5639,21307,0,2112,3,0,-1,'2014-08-06 15:54:32','2014-08-06 15:54:32'),(5640,21308,0,2112,3,0,-1,'2014-08-06 15:54:32','2014-08-06 15:54:32'),(5641,21307,0,2112,6,0,-92,'2014-08-06 15:54:34','2014-08-06 15:54:34'),(5642,21308,0,2112,6,0,-92,'2014-08-06 15:54:34','2014-08-06 15:54:34'),(5643,21318,0,2113,3,0,-1,'2014-08-06 23:08:37','2014-08-06 23:08:37'),(5644,21318,0,2113,6,0,-92,'2014-08-06 23:08:39','2014-08-06 23:08:39'),(5645,21319,0,2114,3,0,-1,'2014-08-06 23:23:45','2014-08-06 23:23:45'),(5646,21319,0,2114,6,0,-92,'2014-08-06 23:23:47','2014-08-06 23:23:47'),(5647,21320,0,2115,3,0,-1,'2014-08-07 01:11:11','2014-08-07 01:11:11'),(5648,21320,0,2115,6,0,-92,'2014-08-07 01:11:14','2014-08-07 01:11:14'),(5649,21327,0,2116,3,0,-1,'2014-08-07 19:51:08','2014-08-07 19:51:08'),(5650,21328,0,2116,3,0,-1,'2014-08-07 19:51:08','2014-08-07 19:51:08'),(5651,21327,0,2116,6,0,-92,'2014-08-07 19:51:11','2014-08-07 19:51:11'),(5652,21328,0,2116,6,0,-92,'2014-08-07 19:51:11','2014-08-07 19:51:11'),(5653,21331,0,2117,3,0,-1,'2014-08-08 10:35:29','2014-08-08 10:35:29'),(5654,21331,0,2117,6,0,-92,'2014-08-08 10:35:31','2014-08-08 10:35:31'),(5655,21335,0,2118,3,0,-1,'2014-08-08 13:28:27','2014-08-08 13:28:27'),(5656,21335,0,2118,6,0,-92,'2014-08-08 13:28:29','2014-08-08 13:28:29'),(5657,21369,0,2119,3,0,-1,'2014-08-10 14:46:32','2014-08-10 14:46:32'),(5658,21369,0,2119,6,0,-92,'2014-08-10 14:46:35','2014-08-10 14:46:35'),(5659,21370,0,2120,3,0,-1,'2014-08-10 19:01:25','2014-08-10 19:01:25'),(5660,21370,0,2120,6,0,-92,'2014-08-10 19:01:27','2014-08-10 19:01:27'),(5661,21374,0,2121,3,0,-1,'2014-08-10 20:24:31','2014-08-10 20:24:31'),(5662,12,0,2121,3,0,-1,'2014-08-10 20:24:31','2014-08-10 20:24:31'),(5663,21374,0,2121,6,0,-95,'2014-08-10 20:24:34','2014-08-10 20:24:34'),(5664,21376,0,2122,3,0,-1,'2014-08-10 21:35:55','2014-08-10 21:35:55'),(5665,21376,0,2122,6,0,-92,'2014-08-10 21:35:58','2014-08-10 21:35:58'),(5666,21383,0,2123,3,0,-1,'2014-08-11 09:23:03','2014-08-11 09:23:03'),(5667,21383,0,2123,6,0,-92,'2014-08-11 09:23:05','2014-08-11 09:23:05'),(5668,21389,0,2124,3,0,-1,'2014-08-11 12:50:23','2014-08-11 12:50:23'),(5669,14,0,2124,3,0,-1,'2014-08-11 12:50:23','2014-08-11 12:50:23'),(5670,21389,0,2124,6,0,-92,'2014-08-11 12:50:25','2014-08-11 12:50:25'),(5671,21392,0,2125,3,0,-1,'2014-08-11 16:27:12','2014-08-11 16:27:12'),(5672,21392,0,2125,6,0,-92,'2014-08-11 16:27:14','2014-08-11 16:27:14'),(5673,21393,0,2126,3,0,-1,'2014-08-11 16:41:56','2014-08-11 16:41:56'),(5674,21393,0,2126,6,0,-92,'2014-08-11 16:41:58','2014-08-11 16:41:58'),(5675,21398,0,2127,3,0,-1,'2014-08-11 22:51:18','2014-08-11 22:51:18'),(5676,21398,0,2127,6,0,-92,'2014-08-11 22:51:22','2014-08-11 22:51:22'),(5677,21399,0,2128,3,0,-1,'2014-08-11 23:14:39','2014-08-11 23:14:39'),(5678,21400,0,2128,3,0,-1,'2014-08-11 23:14:39','2014-08-11 23:14:39'),(5679,21399,0,2128,6,0,-92,'2014-08-11 23:14:41','2014-08-11 23:14:41'),(5680,21400,0,2128,6,0,-92,'2014-08-11 23:14:41','2014-08-11 23:14:41'),(5681,21417,0,2129,3,0,-1,'2014-08-12 10:28:50','2014-08-12 10:28:50'),(5682,21418,0,2129,3,0,-1,'2014-08-12 10:28:50','2014-08-12 10:28:50'),(5683,21417,0,2129,6,0,-92,'2014-08-12 10:28:52','2014-08-12 10:28:52'),(5684,21418,0,2129,6,0,-92,'2014-08-12 10:28:52','2014-08-12 10:28:52'),(5685,21435,0,2130,3,0,-1,'2014-08-12 23:39:50','2014-08-12 23:39:50'),(5686,21435,0,2130,6,0,-92,'2014-08-12 23:39:52','2014-08-12 23:39:52'),(5687,21438,0,2131,3,0,-1,'2014-08-13 11:31:41','2014-08-13 11:31:41'),(5688,21438,0,2131,6,0,-92,'2014-08-13 11:31:44','2014-08-13 11:31:44'),(5689,21448,0,2132,3,0,-1,'2014-08-14 13:16:12','2014-08-14 13:16:12'),(5690,14,0,2132,3,0,-2,'2014-08-14 13:16:12','2014-08-14 13:16:12'),(5691,21448,0,2132,6,0,-92,'2014-08-14 13:16:15','2014-08-14 13:16:15'),(5692,21452,0,2133,3,0,-1,'2014-08-14 22:52:00','2014-08-14 22:52:00'),(5693,14,0,2133,3,0,-1,'2014-08-14 22:52:00','2014-08-14 22:52:00'),(5694,21452,0,2133,6,0,-92,'2014-08-14 22:52:03','2014-08-14 22:52:03'),(5695,21455,0,2134,3,0,-1,'2014-08-15 00:01:24','2014-08-15 00:01:24'),(5696,21455,0,2134,6,0,-92,'2014-08-15 00:01:27','2014-08-15 00:01:27'),(5697,21490,0,2135,3,0,-1,'2014-08-19 12:36:23','2014-08-19 12:36:23'),(5698,21491,0,2135,3,0,-1,'2014-08-19 12:36:23','2014-08-19 12:36:23'),(5699,21490,0,2135,6,0,-92,'2014-08-19 12:36:26','2014-08-19 12:36:26'),(5700,21491,0,2135,6,0,-92,'2014-08-19 12:36:26','2014-08-19 12:36:26'),(5701,21500,0,2136,3,0,-1,'2014-08-20 10:14:15','2014-08-20 10:14:15'),(5702,21500,0,2136,6,0,-92,'2014-08-20 10:14:18','2014-08-20 10:14:18'),(5703,21508,0,2137,3,0,-1,'2014-08-21 04:57:05','2014-08-21 04:57:05'),(5704,15,0,2137,3,0,-1,'2014-08-21 04:57:05','2014-08-21 04:57:05'),(5705,13,0,2137,3,0,-1,'2014-08-21 04:57:05','2014-08-21 04:57:05'),(5706,21508,0,2137,6,0,-92,'2014-08-21 04:57:08','2014-08-21 04:57:08'),(5707,21515,0,2138,3,0,-1,'2014-08-22 11:33:53','2014-08-22 11:33:53'),(5708,15,0,2138,3,0,-1,'2014-08-22 11:33:53','2014-08-22 11:33:53'),(5709,12,0,2138,3,0,-1,'2014-08-22 11:33:54','2014-08-22 11:33:54'),(5710,14,0,2138,3,0,-1,'2014-08-22 11:33:54','2014-08-22 11:33:54'),(5711,21515,0,2138,6,0,-95,'2014-08-22 11:33:56','2014-08-22 11:33:56'),(5712,21540,0,2139,3,0,-1,'2014-08-26 10:42:47','2014-08-26 10:42:47'),(5713,21540,0,2139,6,0,-92,'2014-08-26 10:42:49','2014-08-26 10:42:49'),(5714,21555,0,2140,3,0,-1,'2014-08-27 20:44:03','2014-08-27 20:44:03'),(5715,21555,0,2140,6,0,-92,'2014-08-27 20:44:05','2014-08-27 20:44:05'),(5716,21557,0,2141,3,0,-1,'2014-08-27 23:28:29','2014-08-27 23:28:29'),(5717,21557,0,2141,6,0,-92,'2014-08-27 23:28:31','2014-08-27 23:28:31'),(5718,21559,0,2142,3,0,-1,'2014-08-28 09:29:00','2014-08-28 09:29:00'),(5719,21559,0,2142,6,0,-100,'2014-08-28 09:29:16','2014-08-28 09:29:16'),(5720,21561,0,2143,3,0,-1,'2014-08-28 18:01:40','2014-08-28 18:01:40'),(5721,21561,0,2143,6,0,-92,'2014-08-28 18:01:42','2014-08-28 18:01:42'),(5722,21587,0,2144,3,0,-1,'2014-08-31 11:54:58','2014-08-31 11:54:58'),(5723,21587,0,2144,6,0,-92,'2014-08-31 11:55:01','2014-08-31 11:55:01'),(5724,21589,0,2145,3,0,-1,'2014-08-31 13:22:09','2014-08-31 13:22:09'),(5725,21590,0,2145,3,0,-1,'2014-08-31 13:22:09','2014-08-31 13:22:09'),(5726,21589,0,2145,6,0,-92,'2014-08-31 13:22:11','2014-08-31 13:22:11'),(5727,21590,0,2145,6,0,-92,'2014-08-31 13:22:11','2014-08-31 13:22:11');

--
-- Table structure for table `stock_mvt_reason`
--

CREATE TABLE `stock_mvt_reason` (
  `id_stock_mvt_reason` int(11) NOT NULL AUTO_INCREMENT,
  `sign` tinyint(1) NOT NULL DEFAULT '1',
  `date_add` datetime NOT NULL,
  `date_upd` datetime NOT NULL,
  PRIMARY KEY (`id_stock_mvt_reason`)
) ENGINE=InnoDB AUTO_INCREMENT=7 DEFAULT CHARSET=utf8;

--
-- Dumping data for table `stock_mvt_reason`
--

INSERT INTO `stock_mvt_reason` VALUES (1,1,'2011-09-07 20:52:26','2011-09-07 20:52:26'),(2,-1,'2011-09-07 20:52:26','2011-09-07 20:52:26'),(3,-1,'2011-09-07 20:52:26','2011-09-07 20:52:26'),(4,-1,'2011-09-07 20:52:26','2011-09-07 20:52:26'),(5,1,'2011-09-07 20:52:26','2011-09-07 20:52:26'),(6,-1,'2011-10-26 15:00:00','2011-10-26 15:00:00');

--
-- Table structure for table `stock_mvt_reason_lang`
--

CREATE TABLE `stock_mvt_reason_lang` (
  `id_stock_mvt_reason` int(11) NOT NULL,
  `id_lang` int(11) NOT NULL,
  `name` varchar(255) NOT NULL,
  PRIMARY KEY (`id_stock_mvt_reason`,`id_lang`)
) ENGINE=InnoDB DEFAULT CHARSET=utf8;

--
-- Dumping data for table `stock_mvt_reason_lang`
--

INSERT INTO `stock_mvt_reason_lang` VALUES (1,1,'Increase'),(1,2,'Augmenter'),(1,3,'Aumentar'),(1,4,'Erhöhen'),(1,5,'Increase'),(2,1,'Decrease'),(2,2,'Diminuer'),(2,3,'Disminuir'),(2,4,'Reduzieren'),(2,5,'Decrease'),(3,1,'Order'),(3,2,'Commande'),(3,3,'Pedido'),(3,4,'Bestellung'),(3,5,'Ordine'),(4,1,'Missing Stock Movement'),(4,2,'Mouvement de stock manquant'),(4,3,'Movimiento de stock que falta'),(4,4,'Lagerbewegung nicht stattgefunden'),(4,5,'Movimento di merce mancante'),(5,1,'Restocking'),(5,2,'Réassort'),(5,3,'Reaprovisionar'),(5,4,'Auffüllung'),(5,5,'Riassortimento'),(6,1,'Automatic Decrease after Successful Order'),(6,2,'STOCK AUTOMATIQUE après 1ère Commande'),(6,3,'Automatic Decrease after Successful Order'),(6,4,'Automatic Decrease after Successful Order'),(6,5,'Automatic Decrease after Successful Order');

--
-- Table structure for table `store`
--

CREATE TABLE `store` (
  `id_store` int(10) unsigned NOT NULL AUTO_INCREMENT,
  `id_country` int(10) unsigned NOT NULL,
  `id_state` int(10) unsigned DEFAULT NULL,
  `name` varchar(128) NOT NULL,
  `address1` varchar(128) NOT NULL,
  `address2` varchar(128) DEFAULT NULL,
  `city` varchar(64) NOT NULL,
  `postcode` varchar(12) NOT NULL,
  `latitude` decimal(10,8) DEFAULT NULL,
  `longitude` decimal(10,8) DEFAULT NULL,
  `hours` varchar(254) DEFAULT NULL,
  `phone` varchar(16) DEFAULT NULL,
  `fax` varchar(16) DEFAULT NULL,
  `email` varchar(128) DEFAULT NULL,
  `note` text,
  `active` tinyint(1) unsigned NOT NULL DEFAULT '0',
  `date_add` datetime NOT NULL,
  `date_upd` datetime NOT NULL,
  PRIMARY KEY (`id_store`)
) ENGINE=InnoDB AUTO_INCREMENT=6 DEFAULT CHARSET=utf8;

--
-- Dumping data for table `store`
--

INSERT INTO `store` VALUES (1,21,9,'Dade County','3030 SW 8th St Miami','','Miami',' 33135','25.76500511','-80.24379730','a:7:{i:0;s:13:\"09:00 - 19:00\";i:1;s:13:\"09:00 - 19:00\";i:2;s:13:\"09:00 - 19:00\";i:3;s:13:\"09:00 - 19:00\";i:4;s:13:\"09:00 - 19:00\";i:5;s:13:\"10:00 - 16:00\";i:6;s:13:\"10:00 - 16:00\";}','','','','',1,'2010-11-09 10:53:13','2010-11-09 10:53:13'),(2,21,9,'E Fort Lauderdale','1000 Northeast 4th Ave Fort Lauderdale','','miami',' 33304','26.13793564','-80.13943481','a:7:{i:0;s:13:\"09:00 - 19:00\";i:1;s:13:\"09:00 - 19:00\";i:2;s:13:\"09:00 - 19:00\";i:3;s:13:\"09:00 - 19:00\";i:4;s:13:\"09:00 - 19:00\";i:5;s:13:\"10:00 - 16:00\";i:6;s:13:\"10:00 - 16:00\";}','','','','',1,'2010-11-09 10:56:26','2010-11-09 10:56:26'),(3,21,9,'Pembroke Pines','11001 Pines Blvd Pembroke Pines','','miami','33026','26.00998688','-80.29447174','a:7:{i:0;s:13:\"09:00 - 19:00\";i:1;s:13:\"09:00 - 19:00\";i:2;s:13:\"09:00 - 19:00\";i:3;s:13:\"09:00 - 19:00\";i:4;s:13:\"09:00 - 19:00\";i:5;s:13:\"10:00 - 16:00\";i:6;s:13:\"10:00 - 16:00\";}','','','','',1,'2010-11-09 10:58:42','2010-11-09 11:01:11'),(4,21,9,'Coconut Grove','2999 SW 32nd Avenue','',' Miami',' 33133','25.73629570','-80.24479675','a:7:{i:0;s:13:\"09:00 - 19:00\";i:1;s:13:\"09:00 - 19:00\";i:2;s:13:\"09:00 - 19:00\";i:3;s:13:\"09:00 - 19:00\";i:4;s:13:\"09:00 - 19:00\";i:5;s:13:\"10:00 - 16:00\";i:6;s:13:\"10:00 - 16:00\";}','','','','',1,'2010-11-09 11:00:38','2010-11-09 11:04:52'),(5,21,9,'N Miami/Biscayne','12055 Biscayne Blvd','','Miami','33181','25.88673973','-80.16329193','a:7:{i:0;s:13:\"09:00 - 19:00\";i:1;s:13:\"09:00 - 19:00\";i:2;s:13:\"09:00 - 19:00\";i:3;s:13:\"09:00 - 19:00\";i:4;s:13:\"09:00 - 19:00\";i:5;s:13:\"10:00 - 16:00\";i:6;s:13:\"10:00 - 16:00\";}','','','','',1,'2010-11-09 11:11:28','2010-11-09 11:11:28');

--
-- Table structure for table `subdomain`
--

CREATE TABLE `subdomain` (
  `id_subdomain` int(10) unsigned NOT NULL AUTO_INCREMENT,
  `name` varchar(16) NOT NULL,
  PRIMARY KEY (`id_subdomain`)
) ENGINE=InnoDB AUTO_INCREMENT=3 DEFAULT CHARSET=utf8;

--
-- Dumping data for table `subdomain`
--

INSERT INTO `subdomain` VALUES (2,'govoyages');

--
-- Table structure for table `supplier`
--

CREATE TABLE `supplier` (
  `id_supplier` int(10) unsigned NOT NULL AUTO_INCREMENT,
  `name` varchar(64) NOT NULL,
  `date_add` datetime NOT NULL,
  `date_upd` datetime NOT NULL,
  `active` tinyint(1) NOT NULL DEFAULT '0',
  PRIMARY KEY (`id_supplier`)
) ENGINE=InnoDB AUTO_INCREMENT=9 DEFAULT CHARSET=utf8;

--
-- Dumping data for table `supplier`
--

INSERT INTO `supplier` VALUES (3,'Cobble Stay','2011-09-24 20:45:41','2011-09-24 22:36:26',1),(4,'Go Voyages','2011-09-24 22:37:10','2011-09-24 22:37:10',1),(5,'Last Minute','2011-09-24 22:37:48','2011-09-24 22:38:20',1),(6,'Promo Vacances','2011-09-24 22:39:00','2011-09-24 22:39:00',1),(7,'SNCF','2011-09-24 22:39:48','2011-09-24 22:39:48',1),(8,'Le guide su routard','2011-10-30 12:43:25','2011-10-30 12:43:25',1);

--
-- Table structure for table `supplier_lang`
--

CREATE TABLE `supplier_lang` (
  `id_supplier` int(10) unsigned NOT NULL,
  `id_lang` int(10) unsigned NOT NULL,
  `description` text,
  `meta_title` varchar(128) DEFAULT NULL,
  `meta_keywords` varchar(255) DEFAULT NULL,
  `meta_description` varchar(255) DEFAULT NULL,
  PRIMARY KEY (`id_supplier`,`id_lang`)
) ENGINE=InnoDB DEFAULT CHARSET=utf8;

--
-- Dumping data for table `supplier_lang`
--

INSERT INTO `supplier_lang` VALUES (3,1,'Cobble Stay','','',''),(3,2,'Cobble Stay','','',''),(3,3,'Cobble Stay','','',''),(3,4,'Cobble Stay','','',''),(3,5,'Cobble Stay','','',''),(4,1,'Go Voyages','','',''),(4,2,'Go Voyages','','',''),(4,3,'Go Voyages','','',''),(4,4,'Go Voyages','','',''),(4,5,'Go Voyages','','',''),(5,1,'Last Minute','','',''),(5,2,'Last Minute','','',''),(5,3,'Last Minute','','',''),(5,4,'Last Minute','','',''),(5,5,'Last Minute','','',''),(6,1,'Promo Vacances','','',''),(6,2,'Promo Vacances','','',''),(6,3,'Promo Vacances','','',''),(6,4,'Promo Vacances','','',''),(6,5,'Promo Vacances','','',''),(7,1,'SNCF','','',''),(7,2,'SNCF','','',''),(7,3,'SNCF','','',''),(7,4,'SNCF','','',''),(7,5,'SNCF','','',''),(8,1,'','','',''),(8,2,'Le guide su routard','Le guide su routard','','Le guide su routard'),(8,3,'','','',''),(8,4,'','','',''),(8,5,'','','','');

--
-- Table structure for table `tab`
--

CREATE TABLE `tab` (
  `id_tab` int(10) unsigned NOT NULL AUTO_INCREMENT,
  `id_parent` int(11) NOT NULL,
  `class_name` varchar(64) NOT NULL,
  `module` varchar(64) DEFAULT NULL,
  `position` int(10) unsigned NOT NULL,
  PRIMARY KEY (`id_tab`),
  KEY `class_name` (`class_name`),
  KEY `id_parent` (`id_parent`)
) ENGINE=InnoDB AUTO_INCREMENT=93 DEFAULT CHARSET=utf8;

--
-- Dumping data for table `tab`
--

INSERT INTO `tab` VALUES (1,0,'AdminCatalog',NULL,1),(2,0,'AdminCustomers',NULL,2),(3,0,'AdminOrders',NULL,3),(4,0,'AdminPayment',NULL,4),(5,0,'AdminShipping',NULL,5),(6,0,'AdminStats',NULL,6),(7,0,'AdminModules',NULL,7),(8,0,'AdminPreferences',NULL,9),(9,0,'AdminTools',NULL,10),(10,1,'AdminManufacturers',NULL,5),(12,2,'AdminAddresses',NULL,1),(13,3,'AdminStatuses',NULL,3),(14,4,'AdminDiscounts',NULL,4),(15,4,'AdminCurrencies',NULL,1),(16,4,'AdminTaxes',NULL,2),(17,5,'AdminCarriers',NULL,1),(18,5,'AdminCountries',NULL,2),(19,5,'AdminZones',NULL,5),(20,5,'AdminRangePrice',NULL,6),(21,5,'AdminRangeWeight',NULL,7),(22,7,'AdminModulesPositions',NULL,4),(23,8,'AdminDb',NULL,2),(24,8,'AdminEmails',NULL,3),(26,8,'AdminImages',NULL,4),(27,8,'AdminPPreferences',NULL,11),(28,29,'AdminContacts',NULL,3),(29,0,'AdminEmployees',NULL,8),(30,29,'AdminProfiles',NULL,1),(31,29,'AdminAccess',NULL,2),(32,9,'AdminLanguages',NULL,2),(33,9,'AdminTranslations',NULL,3),(34,1,'AdminSuppliers',NULL,6),(35,29,'AdminTabs',NULL,6),(36,1,'AdminFeatures',NULL,5),(37,29,'AdminQuickAccesses',NULL,5),(38,8,'AdminAppearance',NULL,1),(39,8,'AdminContact',NULL,12),(40,8,'AdminAliases',NULL,8),(41,9,'AdminImport',NULL,1),(42,3,'AdminInvoices',NULL,2),(43,-1,'AdminSearch',NULL,0),(44,8,'AdminLocalization',NULL,9),(46,5,'AdminStates',NULL,3),(47,3,'AdminReturn',NULL,5),(48,3,'AdminPDF',NULL,8),(49,3,'AdminSlip',NULL,6),(51,6,'AdminStatsConf',NULL,1),(52,9,'AdminSubDomains',NULL,5),(53,9,'AdminBackup',NULL,9),(54,3,'AdminOrderMessage',NULL,7),(55,3,'AdminDeliverySlip',NULL,4),(56,8,'AdminMeta',NULL,6),(57,9,'AdminCMSContent',NULL,6),(59,3,'AdminMessages',NULL,1),(60,1,'AdminTracking',NULL,9),(61,6,'AdminSearchEngines',NULL,2),(62,6,'AdminReferrers',NULL,3),(63,2,'AdminGroups',NULL,2),(64,9,'AdminGenerator',NULL,4),(65,2,'AdminCarts',NULL,3),(67,8,'AdminSearchConf',NULL,7),(68,1,'AdminAttachments',NULL,7),(69,9,'AdminInformation',NULL,11),(70,8,'AdminPerformance',NULL,5),(71,29,'AdminCustomerThreads',NULL,4),(72,9,'AdminWebservice',NULL,8),(73,1,'AdminStockMvt',NULL,7),(80,7,'AdminAddonsCatalog',NULL,1),(81,7,'AdminAddonsMyAccount',NULL,2),(82,9,'AdminStores',NULL,7),(83,7,'AdminThemes',NULL,3),(84,8,'AdminGeolocation',NULL,10),(85,4,'AdminTaxRulesGroup',NULL,3),(86,9,'AdminLogs',NULL,10),(87,5,'AdminCounty',NULL,4),(88,-1,'AdminHome',NULL,0),(91,2,'AdminNewsletter',NULL,4),(92,9,'AdminSelfUpgrade','autoupgrade',13);

--
-- Table structure for table `tab_lang`
--

CREATE TABLE `tab_lang` (
  `id_tab` int(10) unsigned NOT NULL,
  `id_lang` int(10) unsigned NOT NULL,
  `name` varchar(32) DEFAULT NULL,
  PRIMARY KEY (`id_tab`,`id_lang`)
) ENGINE=InnoDB DEFAULT CHARSET=utf8;

--
-- Dumping data for table `tab_lang`
--

INSERT INTO `tab_lang` VALUES (1,1,'Catalog'),(1,2,'Catalogue'),(1,3,'Catálogo'),(1,4,'Katalog'),(1,5,'Catalogo'),(2,1,'Customers'),(2,2,'Clients'),(2,3,'Clientes'),(2,4,'Kunden'),(2,5,'Clienti'),(3,1,'Orders'),(3,2,'Commandes'),(3,3,'Pedidos'),(3,4,'Bestellungen'),(3,5,'Ordini'),(4,1,'Payment'),(4,2,'Paiement'),(4,3,'Pago'),(4,4,'Zahlung'),(4,5,'Pagamento'),(5,1,'Shipping'),(5,2,'Transport'),(5,3,'Transporte'),(5,4,'Versandkosten'),(5,5,'Spedizione'),(6,1,'Stats'),(6,2,'Stats'),(6,3,'Estadísticas'),(6,4,'Statistik'),(6,5,'Stat'),(7,1,'Modules'),(7,2,'Modules'),(7,3,'Módulos'),(7,4,'Module'),(7,5,'Moduli'),(8,1,'Preferences'),(8,2,'Préférences'),(8,3,'Preferencias'),(8,4,'Voreinstellungen'),(8,5,'Preferenze'),(9,1,'Tools'),(9,2,'Outils'),(9,3,'Herramientas'),(9,4,'Tools'),(9,5,'Strumenti'),(10,1,'Manufacturers'),(10,2,'Véhicules'),(10,3,'Fabricantes'),(10,4,'Hersteller'),(10,5,'Produttori'),(12,1,'Addresses'),(12,2,'Adresses'),(12,3,'Direcciones'),(12,4,'Adressen'),(12,5,'Indirizzi'),(13,1,'Statuses'),(13,2,'Statuts'),(13,3,'Estados'),(13,4,'Status'),(13,5,'Status'),(14,1,'Vouchers'),(14,2,'Bons de réduction'),(14,3,'Vales de descuento'),(14,4,'Gutscheine'),(14,5,'Voucher'),(15,1,'Currencies'),(15,2,'Devises'),(15,3,'Divisas'),(15,4,'Währungen'),(15,5,'Valute'),(16,1,'Taxes'),(16,2,'Taxes'),(16,3,'Impuestos'),(16,4,'Steuern'),(16,5,'Tasse'),(17,1,'Carriers'),(17,2,'Transporteurs'),(17,3,'Transportistas'),(17,4,'Lieferanten'),(17,5,'Corrieri'),(18,1,'Countries'),(18,2,'Pays'),(18,3,'Países'),(18,4,'Länder'),(18,5,'Nazioni'),(19,1,'Zones'),(19,2,'Zones'),(19,3,'Zonas'),(19,4,'Zonen'),(19,5,'Zone'),(20,1,'Price Ranges'),(20,2,'Tranches de prix'),(20,3,'Franja de precios'),(20,4,'Preislagen'),(20,5,'Fasce di prezzo'),(21,1,'Weight Ranges'),(21,2,'Tranches de poids'),(21,3,'Franja de pesos'),(21,4,'Gewichtsklassen'),(21,5,'Fasce di peso'),(22,1,'Positions'),(22,2,'Positions'),(22,3,'Posiciones'),(22,4,'Positionen'),(22,5,'Posizioni'),(23,1,'Database'),(23,2,'Base de données'),(23,3,'Base de datos'),(23,4,'Datenbank'),(23,5,'Database'),(24,1,'E-mail'),(24,2,'Emails'),(24,3,'Emails'),(24,4,'E-Mail'),(24,5,'E-mail'),(26,1,'Images'),(26,2,'Images'),(26,3,'Imágenes'),(26,4,'Bild'),(26,5,'Immagine'),(27,1,'Products'),(27,2,'Produits'),(27,3,'Productos'),(27,4,'Produkte'),(27,5,'Prodotti'),(28,1,'Contacts'),(28,2,'Contacts'),(28,3,'Contactos'),(28,4,'Kontakte'),(28,5,'Contatti'),(29,1,'Employees'),(29,2,'Employés'),(29,3,'Empleados'),(29,4,'Mitarbeiter'),(29,5,'Impiegati'),(30,1,'Profiles'),(30,2,'Profils'),(30,3,'Perfiles'),(30,4,'Profile'),(30,5,'Profili'),(31,1,'Permissions'),(31,2,'Permissions'),(31,3,'Permisos'),(31,4,'Berechtigungen'),(31,5,'Permessi'),(32,1,'Languages'),(32,2,'Langues'),(32,3,'Idiomas'),(32,4,'Sprachen'),(32,5,'Lingue'),(33,1,'Translations'),(33,2,'Traductions'),(33,3,'Traducciones'),(33,4,'Übersetzungen'),(33,5,'Traduzioni'),(34,1,'Suppliers'),(34,2,'Fournisseurs'),(34,3,'Proovedores'),(34,4,'Zulieferer'),(34,5,'Fornitori'),(35,1,'Tabs'),(35,2,'Onglets'),(35,3,'Pestañas'),(35,4,'Tabs'),(35,5,'Tab'),(36,1,'Features'),(36,2,'Caractéristiques'),(36,3,'Características'),(36,4,'Funktionen'),(36,5,'Caratteristiche'),(37,1,'Quick Access'),(37,2,'Accès rapide'),(37,3,'Acceso rápido'),(37,4,'Schnellzugriff'),(37,5,'Accesso rapido'),(38,1,'Appearance'),(38,2,'Apparence'),(38,3,'Aspecto'),(38,4,'Aussehen'),(38,5,'Aspetto'),(39,1,'Contact Information'),(39,2,'Coordonnées'),(39,3,'Datos'),(39,4,'Kontaktinformation'),(39,5,'Informazioni di contatto'),(40,1,'Keyword Typos'),(40,2,'Alias'),(40,3,'Alias'),(40,4,'Alias'),(40,5,'Alias'),(41,1,'CSV Import'),(41,2,'Import'),(41,3,'Importar'),(41,4,'Import'),(41,5,'Importa'),(42,1,'Invoices'),(42,2,'Factures'),(42,3,'Facturas'),(42,4,'Rechnungen'),(42,5,'Fatture'),(43,1,'Search'),(43,2,'Recherche'),(43,3,'Búsqueda'),(43,4,'Suche'),(43,5,'Cerca'),(44,1,'Localization'),(44,2,'Localisation'),(44,3,'Ubicación'),(44,4,'Lokalisierung'),(44,5,'Localizzazione'),(46,1,'States'),(46,2,'Etats'),(46,3,'Estados'),(46,4,'Staaten'),(46,5,'Stati'),(47,1,'Merchandise Returns'),(47,2,'Retours produits'),(47,3,'Devolución productos'),(47,4,'Warenrücksendungen'),(47,5,'Resi merci'),(48,1,'PDF'),(48,2,'PDF'),(48,3,'PDF'),(48,4,'PDF'),(48,5,'PDF'),(49,1,'Credit Slips'),(49,2,'Avoirs'),(49,3,'Vales'),(49,4,'Gutscheine'),(49,5,'Note di credito'),(51,1,'Settings'),(51,2,'Configuration'),(51,3,'Configuración'),(51,4,'Einstellungen'),(51,5,'Impostazioni'),(52,1,'Subdomains'),(52,2,'Sous domaines'),(52,3,'Subcampos'),(52,4,'Subdomains'),(52,5,'Sottodomini'),(53,1,'DB Backup'),(53,2,'Sauvegarde BDD'),(53,3,'Copia de seguridad'),(53,4,'DB-Backup'),(53,5,'DB backup'),(54,1,'Order Messages'),(54,2,'Messages prédéfinis'),(54,3,'Mensajes de Orden'),(54,4,'Bestellnachrichten'),(54,5,'Messaggi ordine'),(55,1,'Delivery Slips'),(55,2,'Bons de livraison'),(55,3,'Albaranes de entrega'),(55,4,'Lieferscheine'),(55,5,'Note di consegna'),(56,1,'SEO & URLs'),(56,2,'SEO & URLs'),(56,3,'SEO & URLs'),(56,4,'SEO & URLs'),(56,5,'SEO & URLs'),(57,1,'CMS'),(57,2,'CMS'),(57,3,'CMS'),(57,4,'CMS'),(57,5,'CMS'),(59,1,'Customer Messages'),(59,2,'Messages clients'),(59,3,'Mensajes del cliente'),(59,4,'Kundennachrichten'),(59,5,'Messaggi cliente'),(60,1,'Monitoring'),(60,2,'Suivi'),(60,3,'Rastreo'),(60,4,'Tracking'),(60,5,'Rintracciare'),(61,1,'Search Engines'),(61,2,'Moteurs de recherche'),(61,3,'Motores de búsqueda'),(61,4,'Suchmaschinen'),(61,5,'Motori di ricerca'),(62,1,'Referrers'),(62,2,'Sites affluents'),(62,3,'Referido'),(62,4,'Referrer'),(62,5,'Referenti'),(63,1,'Groups'),(63,2,'Groupes'),(63,3,'Grupos'),(63,4,'Gruppen'),(63,5,'Gruppi'),(64,1,'Generators'),(64,2,'Générateurs'),(64,3,'Generadores'),(64,4,'Generatoren'),(64,5,'Generatori'),(65,1,'Shopping Carts'),(65,2,'Paniers'),(65,3,'Carritos'),(65,4,'Warenkörbe'),(65,5,'Carrelli shopping'),(67,1,'Search'),(67,2,'Recherche'),(67,3,'Búsqueda'),(67,4,'Suche'),(67,5,'Cerca'),(68,1,'Attachments'),(68,2,'Documents joints'),(68,3,'Adjuntos'),(68,4,'Anhänge'),(68,5,'Allegati'),(69,1,'Configuration Information'),(69,2,'Informations'),(69,3,'Informaciones'),(69,4,'Konfigurationsinformationen'),(69,5,'Informazioni di configurazione'),(70,1,'Performance'),(70,2,'Performances'),(70,3,'Rendimiento'),(70,4,'Leistung'),(70,5,'Performance'),(71,1,'Customer Service'),(71,2,'SAV'),(71,3,'Servicio al cliente'),(71,4,'Kundenservice'),(71,5,'Servizio clienti'),(72,1,'Webservice'),(72,2,'Service web'),(72,3,'Web service'),(72,4,'Webservice'),(72,5,'Webservice'),(73,1,'Stock Movement'),(73,2,'Mouvements de Stock'),(73,3,'Movimiento de Stock'),(73,4,'Lagerbewegungen'),(73,5,'Movimenti magazzino'),(80,1,'Modules & Themes Catalog'),(80,2,'Catalogue de modules et thèmes'),(80,3,'Modules & Themes Catalog'),(80,4,'Module und Themenkatalog'),(80,5,'Moduli & Temi catalogo'),(81,1,'My Account'),(81,2,'Mon compte'),(81,3,'My Account'),(81,4,'Mein Konto'),(81,5,'Il mio Account'),(82,1,'Stores'),(82,2,'Magasins'),(82,3,'Tiendas'),(82,4,'Shops'),(82,5,'Negozi'),(83,1,'Themes'),(83,2,'Thèmes'),(83,3,'Temas'),(83,4,'Themen'),(83,5,'Temi'),(84,1,'Geolocation'),(84,2,'Géolocalisation'),(84,3,'Geolocalización'),(84,4,'Geotargeting'),(84,5,'Geolocalizzazione'),(85,1,'Tax Rules'),(85,2,'Règles de taxes'),(85,3,'Reglas de Impuestos'),(85,4,'Steuerregeln'),(85,5,'Regimi fiscali'),(86,1,'Log'),(86,2,'Log'),(86,3,'Log'),(86,4,'Log'),(86,5,'Log'),(87,1,'Counties'),(87,2,'Comtés'),(87,3,'Condados'),(87,4,'Counties'),(87,5,'Counties'),(88,1,'Home'),(88,2,'Accueil'),(88,3,'Home'),(88,4,'Home'),(88,5,'Home'),(91,1,'Newsletter'),(91,2,'Newsletter'),(91,3,'Newsletter'),(91,4,'Newsletter'),(91,5,'Newsletter'),(92,1,'Upgrade'),(92,2,'Upgrade'),(92,3,'Upgrade'),(92,4,'Upgrade'),(92,5,'Upgrade');

--
-- Table structure for table `tag`
--

CREATE TABLE `tag` (
  `id_tag` int(10) unsigned NOT NULL AUTO_INCREMENT,
  `id_lang` int(10) unsigned NOT NULL,
  `name` varchar(32) NOT NULL,
  PRIMARY KEY (`id_tag`),
  KEY `tag_name` (`name`),
  KEY `id_lang` (`id_lang`)
) ENGINE=InnoDB AUTO_INCREMENT=4 DEFAULT CHARSET=utf8;

--
-- Dumping data for table `tag`
--

INSERT INTO `tag` VALUES (1,2,'taxi'),(2,2,'navette privée ATA'),(3,2,'privatisation du véhicule ATA');

--
-- Table structure for table `tax`
--

CREATE TABLE `tax` (
  `id_tax` int(10) unsigned NOT NULL AUTO_INCREMENT,
  `rate` decimal(10,3) NOT NULL,
  `active` tinyint(1) unsigned NOT NULL DEFAULT '1',
  PRIMARY KEY (`id_tax`)
) ENGINE=InnoDB AUTO_INCREMENT=4 DEFAULT CHARSET=utf8;

--
-- Dumping data for table `tax`
--

INSERT INTO `tax` VALUES (1,'20.000',1),(2,'10.000',1),(3,'2.100',1);

--
-- Table structure for table `tax_lang`
--

CREATE TABLE `tax_lang` (
  `id_tax` int(10) unsigned NOT NULL,
  `id_lang` int(10) unsigned NOT NULL,
  `name` varchar(32) NOT NULL,
  UNIQUE KEY `tax_lang_index` (`id_tax`,`id_lang`)
) ENGINE=InnoDB DEFAULT CHARSET=utf8;

--
-- Dumping data for table `tax_lang`
--

INSERT INTO `tax_lang` VALUES (1,1,'TVA FR 19.6%'),(1,2,'TVA FR 20%'),(1,3,'TVA FR 19.6%'),(1,4,'TVA FR 19.6%'),(1,5,'TVA FR 19.6%'),(2,1,'TVA FR 5.5%'),(2,2,'TVA FR 10%'),(2,3,'TVA FR 5.5%'),(2,4,'TVA FR 5.5%'),(2,5,'TVA FR 5.5%'),(3,1,'TVA FR 2.1%'),(3,2,'TVA FR 2.1%'),(3,3,'TVA FR 2.1%'),(3,4,'TVA FR 2.1%'),(3,5,'TVA FR 2.1%');

--
-- Table structure for table `tax_rule`
--

CREATE TABLE `tax_rule` (
  `id_tax_rule` int(11) NOT NULL AUTO_INCREMENT,
  `id_tax_rules_group` int(11) NOT NULL,
  `id_country` int(11) NOT NULL,
  `id_state` int(11) NOT NULL,
  `id_county` int(11) NOT NULL,
  `id_tax` int(11) NOT NULL,
  `state_behavior` int(11) NOT NULL,
  `county_behavior` int(11) NOT NULL,
  PRIMARY KEY (`id_tax_rule`),
  UNIQUE KEY `tax_rule` (`id_tax_rules_group`,`id_country`,`id_state`,`id_county`),
  KEY `id_tax_rules_group` (`id_tax_rules_group`),
  KEY `id_tax` (`id_tax`)
) ENGINE=InnoDB AUTO_INCREMENT=235 DEFAULT CHARSET=utf8;

--
-- Dumping data for table `tax_rule`
--

INSERT INTO `tax_rule` VALUES (53,3,3,0,0,3,0,0),(54,3,236,0,0,3,0,0),(55,3,16,0,0,3,0,0),(56,3,20,0,0,3,0,0),(57,3,1,0,0,3,0,0),(58,3,86,0,0,3,0,0),(59,3,9,0,0,3,0,0),(60,3,6,0,0,3,0,0),(61,3,8,0,0,3,0,0),(62,3,26,0,0,3,0,0),(63,3,10,0,0,3,0,0),(64,3,76,0,0,3,0,0),(65,3,125,0,0,3,0,0),(66,3,131,0,0,3,0,0),(67,3,12,0,0,3,0,0),(68,3,143,0,0,3,0,0),(69,3,139,0,0,3,0,0),(70,3,13,0,0,3,0,0),(71,3,2,0,0,3,0,0),(72,3,14,0,0,3,0,0),(73,3,15,0,0,3,0,0),(74,3,36,0,0,3,0,0),(75,3,193,0,0,3,0,0),(76,3,37,0,0,3,0,0),(77,3,7,0,0,3,0,0),(78,3,18,0,0,3,0,0),(79,4,3,0,0,2,0,0),(80,4,236,0,0,2,0,0),(81,4,16,0,0,2,0,0),(82,4,20,0,0,2,0,0),(83,4,1,0,0,2,0,0),(84,4,86,0,0,2,0,0),(85,4,9,0,0,2,0,0),(86,4,6,0,0,2,0,0),(87,4,8,0,0,2,0,0),(88,4,26,0,0,2,0,0),(89,4,10,0,0,2,0,0),(90,4,76,0,0,2,0,0),(91,4,125,0,0,2,0,0),(92,4,131,0,0,2,0,0),(93,4,12,0,0,2,0,0),(94,4,143,0,0,2,0,0),(95,4,139,0,0,2,0,0),(96,4,13,0,0,2,0,0),(97,4,2,0,0,2,0,0),(98,4,14,0,0,2,0,0),(99,4,15,0,0,2,0,0),(100,4,36,0,0,2,0,0),(101,4,193,0,0,2,0,0),(102,4,37,0,0,2,0,0),(103,4,7,0,0,2,0,0),(104,4,18,0,0,2,0,0),(105,5,3,0,0,2,0,0),(106,5,236,0,0,2,0,0),(107,5,16,0,0,2,0,0),(108,5,20,0,0,2,0,0),(109,5,1,0,0,2,0,0),(110,5,86,0,0,2,0,0),(111,5,9,0,0,2,0,0),(112,5,6,0,0,2,0,0),(113,5,8,0,0,2,0,0),(114,5,26,0,0,2,0,0),(115,5,10,0,0,2,0,0),(116,5,76,0,0,2,0,0),(117,5,125,0,0,2,0,0),(118,5,131,0,0,2,0,0),(119,5,12,0,0,2,0,0),(120,5,143,0,0,2,0,0),(121,5,139,0,0,2,0,0),(122,5,13,0,0,2,0,0),(123,5,2,0,0,2,0,0),(124,5,14,0,0,2,0,0),(125,5,15,0,0,2,0,0),(126,5,36,0,0,2,0,0),(127,5,193,0,0,2,0,0),(128,5,37,0,0,2,0,0),(129,5,7,0,0,2,0,0),(130,5,18,0,0,2,0,0),(183,2,1,0,0,2,0,0),(184,2,2,0,0,2,0,0),(185,2,3,0,0,2,0,0),(186,2,236,0,0,2,0,0),(187,2,76,0,0,2,0,0),(188,2,20,0,0,2,0,0),(189,2,26,0,0,2,0,0),(190,2,6,0,0,2,0,0),(191,2,86,0,0,2,0,0),(192,2,7,0,0,2,0,0),(193,2,8,0,0,2,0,0),(194,2,9,0,0,2,0,0),(195,2,143,0,0,2,0,0),(196,2,10,0,0,2,0,0),(197,2,125,0,0,2,0,0),(198,2,131,0,0,2,0,0),(199,2,12,0,0,2,0,0),(200,2,139,0,0,2,0,0),(201,2,13,0,0,2,0,0),(202,2,14,0,0,2,0,0),(203,2,15,0,0,2,0,0),(204,2,16,0,0,2,0,0),(205,2,36,0,0,2,0,0),(206,2,37,0,0,2,0,0),(207,2,193,0,0,2,0,0),(208,2,18,0,0,2,0,0),(209,1,1,0,0,1,0,0),(210,1,2,0,0,1,0,0),(211,1,3,0,0,1,0,0),(212,1,236,0,0,1,0,0),(213,1,76,0,0,1,0,0),(214,1,20,0,0,1,0,0),(215,1,26,0,0,1,0,0),(216,1,6,0,0,1,0,0),(217,1,86,0,0,1,0,0),(218,1,7,0,0,1,0,0),(219,1,8,0,0,1,0,0),(220,1,9,0,0,1,0,0),(221,1,143,0,0,1,0,0),(222,1,10,0,0,1,0,0),(223,1,125,0,0,1,0,0),(224,1,131,0,0,1,0,0),(225,1,12,0,0,1,0,0),(226,1,139,0,0,1,0,0),(227,1,13,0,0,1,0,0),(228,1,14,0,0,1,0,0),(229,1,15,0,0,1,0,0),(230,1,16,0,0,1,0,0),(231,1,36,0,0,1,0,0),(232,1,37,0,0,1,0,0),(233,1,193,0,0,1,0,0),(234,1,18,0,0,1,0,0);

--
-- Table structure for table `tax_rules_group`
--

CREATE TABLE `tax_rules_group` (
  `id_tax_rules_group` int(11) NOT NULL AUTO_INCREMENT,
  `name` varchar(50) NOT NULL,
  `active` int(11) NOT NULL,
  PRIMARY KEY (`id_tax_rules_group`)
) ENGINE=InnoDB AUTO_INCREMENT=6 DEFAULT CHARSET=utf8;

--
-- Dumping data for table `tax_rules_group`
--

INSERT INTO `tax_rules_group` VALUES (1,'FR Taux standard (20%)',1),(2,'FR Taux réduit (10%)',1),(3,'FR Taux super réduit (2.1%)',1),(4,'FR Alimentaire (5.5%)',1),(5,'FR Livres (5.5%)',1);

--
-- Table structure for table `timezone`
--

CREATE TABLE `timezone` (
  `id_timezone` int(10) unsigned NOT NULL AUTO_INCREMENT,
  `name` varchar(32) NOT NULL,
  PRIMARY KEY (`id_timezone`)
) ENGINE=InnoDB AUTO_INCREMENT=561 DEFAULT CHARSET=utf8;

--
-- Dumping data for table `timezone`
--

INSERT INTO `timezone` VALUES (1,'Africa/Abidjan'),(2,'Africa/Accra'),(3,'Africa/Addis_Ababa'),(4,'Africa/Algiers'),(5,'Africa/Asmara'),(6,'Africa/Asmera'),(7,'Africa/Bamako'),(8,'Africa/Bangui'),(9,'Africa/Banjul'),(10,'Africa/Bissau'),(11,'Africa/Blantyre'),(12,'Africa/Brazzaville'),(13,'Africa/Bujumbura'),(14,'Africa/Cairo'),(15,'Africa/Casablanca'),(16,'Africa/Ceuta'),(17,'Africa/Conakry'),(18,'Africa/Dakar'),(19,'Africa/Dar_es_Salaam'),(20,'Africa/Djibouti'),(21,'Africa/Douala'),(22,'Africa/El_Aaiun'),(23,'Africa/Freetown'),(24,'Africa/Gaborone'),(25,'Africa/Harare'),(26,'Africa/Johannesburg'),(27,'Africa/Kampala'),(28,'Africa/Khartoum'),(29,'Africa/Kigali'),(30,'Africa/Kinshasa'),(31,'Africa/Lagos'),(32,'Africa/Libreville'),(33,'Africa/Lome'),(34,'Africa/Luanda'),(35,'Africa/Lubumbashi'),(36,'Africa/Lusaka'),(37,'Africa/Malabo'),(38,'Africa/Maputo'),(39,'Africa/Maseru'),(40,'Africa/Mbabane'),(41,'Africa/Mogadishu'),(42,'Africa/Monrovia'),(43,'Africa/Nairobi'),(44,'Africa/Ndjamena'),(45,'Africa/Niamey'),(46,'Africa/Nouakchott'),(47,'Africa/Ouagadougou'),(48,'Africa/Porto-Novo'),(49,'Africa/Sao_Tome'),(50,'Africa/Timbuktu'),(51,'Africa/Tripoli'),(52,'Africa/Tunis'),(53,'Africa/Windhoek'),(54,'America/Adak'),(55,'America/Anchorage '),(56,'America/Anguilla'),(57,'America/Antigua'),(58,'America/Araguaina'),(59,'America/Argentina/Buenos_Aires'),(60,'America/Argentina/Catamarca'),(61,'America/Argentina/ComodRivadavia'),(62,'America/Argentina/Cordoba'),(63,'America/Argentina/Jujuy'),(64,'America/Argentina/La_Rioja'),(65,'America/Argentina/Mendoza'),(66,'America/Argentina/Rio_Gallegos'),(67,'America/Argentina/Salta'),(68,'America/Argentina/San_Juan'),(69,'America/Argentina/San_Luis'),(70,'America/Argentina/Tucuman'),(71,'America/Argentina/Ushuaia'),(72,'America/Aruba'),(73,'America/Asuncion'),(74,'America/Atikokan'),(75,'America/Atka'),(76,'America/Bahia'),(77,'America/Barbados'),(78,'America/Belem'),(79,'America/Belize'),(80,'America/Blanc-Sablon'),(81,'America/Boa_Vista'),(82,'America/Bogota'),(83,'America/Boise'),(84,'America/Buenos_Aires'),(85,'America/Cambridge_Bay'),(86,'America/Campo_Grande'),(87,'America/Cancun'),(88,'America/Caracas'),(89,'America/Catamarca'),(90,'America/Cayenne'),(91,'America/Cayman'),(92,'America/Chicago'),(93,'America/Chihuahua'),(94,'America/Coral_Harbour'),(95,'America/Cordoba'),(96,'America/Costa_Rica'),(97,'America/Cuiaba'),(98,'America/Curacao'),(99,'America/Danmarkshavn'),(100,'America/Dawson'),(101,'America/Dawson_Creek'),(102,'America/Denver'),(103,'America/Detroit'),(104,'America/Dominica'),(105,'America/Edmonton'),(106,'America/Eirunepe'),(107,'America/El_Salvador'),(108,'America/Ensenada'),(109,'America/Fort_Wayne'),(110,'America/Fortaleza'),(111,'America/Glace_Bay'),(112,'America/Godthab'),(113,'America/Goose_Bay'),(114,'America/Grand_Turk'),(115,'America/Grenada'),(116,'America/Guadeloupe'),(117,'America/Guatemala'),(118,'America/Guayaquil'),(119,'America/Guyana'),(120,'America/Halifax'),(121,'America/Havana'),(122,'America/Hermosillo'),(123,'America/Indiana/Indianapolis'),(124,'America/Indiana/Knox'),(125,'America/Indiana/Marengo'),(126,'America/Indiana/Petersburg'),(127,'America/Indiana/Tell_City'),(128,'America/Indiana/Vevay'),(129,'America/Indiana/Vincennes'),(130,'America/Indiana/Winamac'),(131,'America/Indianapolis'),(132,'America/Inuvik'),(133,'America/Iqaluit'),(134,'America/Jamaica'),(135,'America/Jujuy'),(136,'America/Juneau'),(137,'America/Kentucky/Louisville'),(138,'America/Kentucky/Monticello'),(139,'America/Knox_IN'),(140,'America/La_Paz'),(141,'America/Lima'),(142,'America/Los_Angeles'),(143,'America/Louisville'),(144,'America/Maceio'),(145,'America/Managua'),(146,'America/Manaus'),(147,'America/Marigot'),(148,'America/Martinique'),(149,'America/Mazatlan'),(150,'America/Mendoza'),(151,'America/Menominee'),(152,'America/Merida'),(153,'America/Mexico_City'),(154,'America/Miquelon'),(155,'America/Moncton'),(156,'America/Monterrey'),(157,'America/Montevideo'),(158,'America/Montreal'),(159,'America/Montserrat'),(160,'America/Nassau'),(161,'America/New_York'),(162,'America/Nipigon'),(163,'America/Nome'),(164,'America/Noronha'),(165,'America/North_Dakota/Center'),(166,'America/North_Dakota/New_Salem'),(167,'America/Panama'),(168,'America/Pangnirtung'),(169,'America/Paramaribo'),(170,'America/Phoenix'),(171,'America/Port-au-Prince'),(172,'America/Port_of_Spain'),(173,'America/Porto_Acre'),(174,'America/Porto_Velho'),(175,'America/Puerto_Rico'),(176,'America/Rainy_River'),(177,'America/Rankin_Inlet'),(178,'America/Recife'),(179,'America/Regina'),(180,'America/Resolute'),(181,'America/Rio_Branco'),(182,'America/Rosario'),(183,'America/Santarem'),(184,'America/Santiago'),(185,'America/Santo_Domingo'),(186,'America/Sao_Paulo'),(187,'America/Scoresbysund'),(188,'America/Shiprock'),(189,'America/St_Barthelemy'),(190,'America/St_Johns'),(191,'America/St_Kitts'),(192,'America/St_Lucia'),(193,'America/St_Thomas'),(194,'America/St_Vincent'),(195,'America/Swift_Current'),(196,'America/Tegucigalpa'),(197,'America/Thule'),(198,'America/Thunder_Bay'),(199,'America/Tijuana'),(200,'America/Toronto'),(201,'America/Tortola'),(202,'America/Vancouver'),(203,'America/Virgin'),(204,'America/Whitehorse'),(205,'America/Winnipeg'),(206,'America/Yakutat'),(207,'America/Yellowknife'),(208,'Antarctica/Casey'),(209,'Antarctica/Davis'),(210,'Antarctica/DumontDUrville'),(211,'Antarctica/Mawson'),(212,'Antarctica/McMurdo'),(213,'Antarctica/Palmer'),(214,'Antarctica/Rothera'),(215,'Antarctica/South_Pole'),(216,'Antarctica/Syowa'),(217,'Antarctica/Vostok'),(218,'Arctic/Longyearbyen'),(219,'Asia/Aden'),(220,'Asia/Almaty'),(221,'Asia/Amman'),(222,'Asia/Anadyr'),(223,'Asia/Aqtau'),(224,'Asia/Aqtobe'),(225,'Asia/Ashgabat'),(226,'Asia/Ashkhabad'),(227,'Asia/Baghdad'),(228,'Asia/Bahrain'),(229,'Asia/Baku'),(230,'Asia/Bangkok'),(231,'Asia/Beirut'),(232,'Asia/Bishkek'),(233,'Asia/Brunei'),(234,'Asia/Calcutta'),(235,'Asia/Choibalsan'),(236,'Asia/Chongqing'),(237,'Asia/Chungking'),(238,'Asia/Colombo'),(239,'Asia/Dacca'),(240,'Asia/Damascus'),(241,'Asia/Dhaka'),(242,'Asia/Dili'),(243,'Asia/Dubai'),(244,'Asia/Dushanbe'),(245,'Asia/Gaza'),(246,'Asia/Harbin'),(247,'Asia/Ho_Chi_Minh'),(248,'Asia/Hong_Kong'),(249,'Asia/Hovd'),(250,'Asia/Irkutsk'),(251,'Asia/Istanbul'),(252,'Asia/Jakarta'),(253,'Asia/Jayapura'),(254,'Asia/Jerusalem'),(255,'Asia/Kabul'),(256,'Asia/Kamchatka'),(257,'Asia/Karachi'),(258,'Asia/Kashgar'),(259,'Asia/Kathmandu'),(260,'Asia/Katmandu'),(261,'Asia/Kolkata'),(262,'Asia/Krasnoyarsk'),(263,'Asia/Kuala_Lumpur'),(264,'Asia/Kuching'),(265,'Asia/Kuwait'),(266,'Asia/Macao'),(267,'Asia/Macau'),(268,'Asia/Magadan'),(269,'Asia/Makassar'),(270,'Asia/Manila'),(271,'Asia/Muscat'),(272,'Asia/Nicosia'),(273,'Asia/Novosibirsk'),(274,'Asia/Omsk'),(275,'Asia/Oral'),(276,'Asia/Phnom_Penh'),(277,'Asia/Pontianak'),(278,'Asia/Pyongyang'),(279,'Asia/Qatar'),(280,'Asia/Qyzylorda'),(281,'Asia/Rangoon'),(282,'Asia/Riyadh'),(283,'Asia/Saigon'),(284,'Asia/Sakhalin'),(285,'Asia/Samarkand'),(286,'Asia/Seoul'),(287,'Asia/Shanghai'),(288,'Asia/Singapore'),(289,'Asia/Taipei'),(290,'Asia/Tashkent'),(291,'Asia/Tbilisi'),(292,'Asia/Tehran'),(293,'Asia/Tel_Aviv'),(294,'Asia/Thimbu'),(295,'Asia/Thimphu'),(296,'Asia/Tokyo'),(297,'Asia/Ujung_Pandang'),(298,'Asia/Ulaanbaatar'),(299,'Asia/Ulan_Bator'),(300,'Asia/Urumqi'),(301,'Asia/Vientiane'),(302,'Asia/Vladivostok'),(303,'Asia/Yakutsk'),(304,'Asia/Yekaterinburg'),(305,'Asia/Yerevan'),(306,'Atlantic/Azores'),(307,'Atlantic/Bermuda'),(308,'Atlantic/Canary'),(309,'Atlantic/Cape_Verde'),(310,'Atlantic/Faeroe'),(311,'Atlantic/Faroe'),(312,'Atlantic/Jan_Mayen'),(313,'Atlantic/Madeira'),(314,'Atlantic/Reykjavik'),(315,'Atlantic/South_Georgia'),(316,'Atlantic/St_Helena'),(317,'Atlantic/Stanley'),(318,'Australia/ACT'),(319,'Australia/Adelaide'),(320,'Australia/Brisbane'),(321,'Australia/Broken_Hill'),(322,'Australia/Canberra'),(323,'Australia/Currie'),(324,'Australia/Darwin'),(325,'Australia/Eucla'),(326,'Australia/Hobart'),(327,'Australia/LHI'),(328,'Australia/Lindeman'),(329,'Australia/Lord_Howe'),(330,'Australia/Melbourne'),(331,'Australia/North'),(332,'Australia/NSW'),(333,'Australia/Perth'),(334,'Australia/Queensland'),(335,'Australia/South'),(336,'Australia/Sydney'),(337,'Australia/Tasmania'),(338,'Australia/Victoria'),(339,'Australia/West'),(340,'Australia/Yancowinna'),(341,'Europe/Amsterdam'),(342,'Europe/Andorra'),(343,'Europe/Athens'),(344,'Europe/Belfast'),(345,'Europe/Belgrade'),(346,'Europe/Berlin'),(347,'Europe/Bratislava'),(348,'Europe/Brussels'),(349,'Europe/Bucharest'),(350,'Europe/Budapest'),(351,'Europe/Chisinau'),(352,'Europe/Copenhagen'),(353,'Europe/Dublin'),(354,'Europe/Gibraltar'),(355,'Europe/Guernsey'),(356,'Europe/Helsinki'),(357,'Europe/Isle_of_Man'),(358,'Europe/Istanbul'),(359,'Europe/Jersey'),(360,'Europe/Kaliningrad'),(361,'Europe/Kiev'),(362,'Europe/Lisbon'),(363,'Europe/Ljubljana'),(364,'Europe/London'),(365,'Europe/Luxembourg'),(366,'Europe/Madrid'),(367,'Europe/Malta'),(368,'Europe/Mariehamn'),(369,'Europe/Minsk'),(370,'Europe/Monaco'),(371,'Europe/Moscow'),(372,'Europe/Nicosia'),(373,'Europe/Oslo'),(374,'Europe/Paris'),(375,'Europe/Podgorica'),(376,'Europe/Prague'),(377,'Europe/Riga'),(378,'Europe/Rome'),(379,'Europe/Samara'),(380,'Europe/San_Marino'),(381,'Europe/Sarajevo'),(382,'Europe/Simferopol'),(383,'Europe/Skopje'),(384,'Europe/Sofia'),(385,'Europe/Stockholm'),(386,'Europe/Tallinn'),(387,'Europe/Tirane'),(388,'Europe/Tiraspol'),(389,'Europe/Uzhgorod'),(390,'Europe/Vaduz'),(391,'Europe/Vatican'),(392,'Europe/Vienna'),(393,'Europe/Vilnius'),(394,'Europe/Volgograd'),(395,'Europe/Warsaw'),(396,'Europe/Zagreb'),(397,'Europe/Zaporozhye'),(398,'Europe/Zurich'),(399,'Indian/Antananarivo'),(400,'Indian/Chagos'),(401,'Indian/Christmas'),(402,'Indian/Cocos'),(403,'Indian/Comoro'),(404,'Indian/Kerguelen'),(405,'Indian/Mahe'),(406,'Indian/Maldives'),(407,'Indian/Mauritius'),(408,'Indian/Mayotte'),(409,'Indian/Reunion'),(410,'Pacific/Apia'),(411,'Pacific/Auckland'),(412,'Pacific/Chatham'),(413,'Pacific/Easter'),(414,'Pacific/Efate'),(415,'Pacific/Enderbury'),(416,'Pacific/Fakaofo'),(417,'Pacific/Fiji'),(418,'Pacific/Funafuti'),(419,'Pacific/Galapagos'),(420,'Pacific/Gambier'),(421,'Pacific/Guadalcanal'),(422,'Pacific/Guam'),(423,'Pacific/Honolulu'),(424,'Pacific/Johnston'),(425,'Pacific/Kiritimati'),(426,'Pacific/Kosrae'),(427,'Pacific/Kwajalein'),(428,'Pacific/Majuro'),(429,'Pacific/Marquesas'),(430,'Pacific/Midway'),(431,'Pacific/Nauru'),(432,'Pacific/Niue'),(433,'Pacific/Norfolk'),(434,'Pacific/Noumea'),(435,'Pacific/Pago_Pago'),(436,'Pacific/Palau'),(437,'Pacific/Pitcairn'),(438,'Pacific/Ponape'),(439,'Pacific/Port_Moresby'),(440,'Pacific/Rarotonga'),(441,'Pacific/Saipan'),(442,'Pacific/Samoa'),(443,'Pacific/Tahiti'),(444,'Pacific/Tarawa'),(445,'Pacific/Tongatapu'),(446,'Pacific/Truk'),(447,'Pacific/Wake'),(448,'Pacific/Wallis'),(449,'Pacific/Yap'),(450,'Brazil/Acre'),(451,'Brazil/DeNoronha'),(452,'Brazil/East'),(453,'Brazil/West'),(454,'Canada/Atlantic'),(455,'Canada/Central'),(456,'Canada/East-Saskatchewan'),(457,'Canada/Eastern'),(458,'Canada/Mountain'),(459,'Canada/Newfoundland'),(460,'Canada/Pacific'),(461,'Canada/Saskatchewan'),(462,'Canada/Yukon'),(463,'CET'),(464,'Chile/Continental'),(465,'Chile/EasterIsland'),(466,'CST6CDT'),(467,'Cuba'),(468,'EET'),(469,'Egypt'),(470,'Eire'),(471,'EST'),(472,'EST5EDT'),(473,'Etc/GMT'),(474,'Etc/GMT+0'),(475,'Etc/GMT+1'),(476,'Etc/GMT+10'),(477,'Etc/GMT+11'),(478,'Etc/GMT+12'),(479,'Etc/GMT+2'),(480,'Etc/GMT+3'),(481,'Etc/GMT+4'),(482,'Etc/GMT+5'),(483,'Etc/GMT+6'),(484,'Etc/GMT+7'),(485,'Etc/GMT+8'),(486,'Etc/GMT+9'),(487,'Etc/GMT-0'),(488,'Etc/GMT-1'),(489,'Etc/GMT-10'),(490,'Etc/GMT-11'),(491,'Etc/GMT-12'),(492,'Etc/GMT-13'),(493,'Etc/GMT-14'),(494,'Etc/GMT-2'),(495,'Etc/GMT-3'),(496,'Etc/GMT-4'),(497,'Etc/GMT-5'),(498,'Etc/GMT-6'),(499,'Etc/GMT-7'),(500,'Etc/GMT-8'),(501,'Etc/GMT-9'),(502,'Etc/GMT0'),(503,'Etc/Greenwich'),(504,'Etc/UCT'),(505,'Etc/Universal'),(506,'Etc/UTC'),(507,'Etc/Zulu'),(508,'Factory'),(509,'GB'),(510,'GB-Eire'),(511,'GMT'),(512,'GMT+0'),(513,'GMT-0'),(514,'GMT0'),(515,'Greenwich'),(516,'Hongkong'),(517,'HST'),(518,'Iceland'),(519,'Iran'),(520,'Israel'),(521,'Jamaica'),(522,'Japan'),(523,'Kwajalein'),(524,'Libya'),(525,'MET'),(526,'Mexico/BajaNorte'),(527,'Mexico/BajaSur'),(528,'Mexico/General'),(529,'MST'),(530,'MST7MDT'),(531,'Navajo'),(532,'NZ'),(533,'NZ-CHAT'),(534,'Poland'),(535,'Portugal'),(536,'PRC'),(537,'PST8PDT'),(538,'ROC'),(539,'ROK'),(540,'Singapore'),(541,'Turkey'),(542,'UCT'),(543,'Universal'),(544,'US/Alaska'),(545,'US/Aleutian'),(546,'US/Arizona'),(547,'US/Central'),(548,'US/East-Indiana'),(549,'US/Eastern'),(550,'US/Hawaii'),(551,'US/Indiana-Starke'),(552,'US/Michigan'),(553,'US/Mountain'),(554,'US/Pacific'),(555,'US/Pacific-New'),(556,'US/Samoa'),(557,'UTC'),(558,'W-SU'),(559,'WET'),(560,'Zulu');

--
-- Table structure for table `web_browser`
--

CREATE TABLE `web_browser` (
  `id_web_browser` int(10) unsigned NOT NULL AUTO_INCREMENT,
  `name` varchar(64) DEFAULT NULL,
  PRIMARY KEY (`id_web_browser`)
) ENGINE=InnoDB AUTO_INCREMENT=9 DEFAULT CHARSET=utf8;

--
-- Dumping data for table `web_browser`
--

INSERT INTO `web_browser` VALUES (1,'Safari'),(2,'Firefox 2.x'),(3,'Firefox 3.x'),(4,'Opera'),(5,'IE 6.x'),(6,'IE 7.x'),(7,'IE 8.x'),(8,'Google Chrome');

--
-- Table structure for table `webservice_account`
--

CREATE TABLE `webservice_account` (
  `id_webservice_account` int(11) NOT NULL AUTO_INCREMENT,
  `key` varchar(32) NOT NULL,
  `description` text,
  `class_name` varchar(50) NOT NULL DEFAULT 'WebserviceRequest',
  `is_module` tinyint(2) NOT NULL DEFAULT '0',
  `module_name` varchar(50) DEFAULT NULL,
  `active` tinyint(2) NOT NULL,
  PRIMARY KEY (`id_webservice_account`),
  KEY `key` (`key`)
) ENGINE=InnoDB DEFAULT CHARSET=utf8;

--
-- Dumping data for table `webservice_account`
--


--
-- Table structure for table `webservice_permission`
--

CREATE TABLE `webservice_permission` (
  `id_webservice_permission` int(11) NOT NULL AUTO_INCREMENT,
  `resource` varchar(50) NOT NULL,
  `method` enum('GET','POST','PUT','DELETE','HEAD') NOT NULL,
  `id_webservice_account` int(11) NOT NULL,
  PRIMARY KEY (`id_webservice_permission`),
  UNIQUE KEY `resource_2` (`resource`,`method`,`id_webservice_account`),
  KEY `resource` (`resource`),
  KEY `method` (`method`),
  KEY `id_webservice_account` (`id_webservice_account`)
) ENGINE=InnoDB DEFAULT CHARSET=utf8;

--
-- Dumping data for table `webservice_permission`
--


--
-- Table structure for table `zone`
--

CREATE TABLE `zone` (
  `id_zone` int(10) unsigned NOT NULL AUTO_INCREMENT,
  `name` varchar(64) NOT NULL,
  `active` tinyint(1) unsigned NOT NULL DEFAULT '0',
  PRIMARY KEY (`id_zone`)
) ENGINE=InnoDB AUTO_INCREMENT=9 DEFAULT CHARSET=utf8;

--
-- Dumping data for table `zone`
--

INSERT INTO `zone` VALUES (1,'Europe',1),(2,'North America',1),(3,'Asia',1),(4,'Africa',1),(5,'Oceania',1),(6,'South America',1),(7,'Europe (out E.U)',1),(8,'Centrale America/Antilla',1);


